{"id":26,"date":"2023-03-07T09:47:47","date_gmt":"2023-03-07T08:47:47","guid":{"rendered":"https:\/\/blogg.folkuniversitetet.nu\/karlch\/?page_id=26"},"modified":"2026-03-22T14:04:10","modified_gmt":"2026-03-22T13:04:10","slug":"specialverb-rivstart-a1a2","status":"publish","type":"page","link":"https:\/\/blogg.folkuniversitetet.nu\/karlch\/specialverb-rivstart-a1a2\/","title":{"rendered":"Specialverb Rivstart A1+A2"},"content":{"rendered":"<p><a href=\"https:\/\/www.goconqr.com\/en\/flashcard\/16182499\/Specialverb-Rivstart-A1A2\">Specialverb Rivstart A1A2<\/a><\/p>\n<p>&nbsp;<\/p>\n<p>\u00d6va p\u00e5 verb fr\u00e5n verbgrupp 4a. och 4b. Du f\u00e5r verbet i presens, kan du s\u00e4ga verbet i preteritum och supinum?<\/p>\n<p>Exempel:<\/p>\n<p>sjunger &#8211; du s\u00e4ger: sj\u00f6ng, sjungit<\/p>\n<p>Lycka till!<\/p>\n","protected":false},"excerpt":{"rendered":"<p>Specialverb Rivstart A1A2 &nbsp; \u00d6va p\u00e5 verb fr\u00e5n verbgrupp 4a. och 4b. Du f\u00e5r verbet i presens, kan du s\u00e4ga verbet i preteritum och supinum? Exempel: sjunger &#8211; du s\u00e4ger: sj\u00f6ng, sjungit Lycka till!<\/p>\n","protected":false},"author":107,"featured_media":0,"parent":0,"menu_order":0,"comment_status":"closed","ping_status":"closed","template":"","meta":{"footnotes":""},"class_list":["post-26","page","type-page","status-publish","hentry","post-preview"],"_links":{"self":[{"href":"https:\/\/blogg.folkuniversitetet.nu\/karlch\/wp-json\/wp\/v2\/pages\/26","targetHints":{"allow":["GET"]}}],"collection":[{"href":"https:\/\/blogg.folkuniversitetet.nu\/karlch\/wp-json\/wp\/v2\/pages"}],"about":[{"href":"https:\/\/blogg.folkuniversitetet.nu\/karlch\/wp-json\/wp\/v2\/types\/page"}],"author":[{"embeddable":true,"href":"https:\/\/blogg.folkuniversitetet.nu\/karlch\/wp-json\/wp\/v2\/users\/107"}],"replies":[{"embeddable":true,"href":"https:\/\/blogg.folkuniversitetet.nu\/karlch\/wp-json\/wp\/v2\/comments?post=26"}],"version-history":[{"count":4,"href":"https:\/\/blogg.folkuniversitetet.nu\/karlch\/wp-json\/wp\/v2\/pages\/26\/revisions"}],"predecessor-version":[{"id":940,"href":"https:\/\/blogg.folkuniversitetet.nu\/karlch\/wp-json\/wp\/v2\/pages\/26\/revisions\/940"}],"wp:attachment":[{"href":"https:\/\/blogg.folkuniversitetet.nu\/karlch\/wp-json\/wp\/v2\/media?parent=26"}],"curies":[{"name":"wp","href":"https:\/\/api.w.org\/{rel}","templated":true}]}}