{"id":284,"date":"2014-09-07T18:47:39","date_gmt":"2014-09-07T17:47:39","guid":{"rendered":"http:\/\/blogg.folkuniversitetet.nu\/japanska\/?page_id=284"},"modified":"2018-05-04T09:04:33","modified_gmt":"2018-05-04T08:04:33","slug":"material","status":"publish","type":"page","link":"https:\/\/blogg.folkuniversitetet.nu\/japanska\/a2del3\/material\/","title":{"rendered":"A2del3 Material"},"content":{"rendered":"<p><strong>L\u00e4nk till textsidan<\/strong><\/p>\n<p><a href=\"https:\/\/sites.google.com\/a\/swo.se\/japanska-a2del3-vt15\/\" target=\"_blank\" rel=\"noopener\">https:\/\/sites.google.com\/a\/swo.se\/japanska-a2del3-vt15\/<\/a><\/p>\n<p>&nbsp;<\/p>\n<p><strong>L\u00e4nk till quizsidan<\/strong><\/p>\n<table style=\"border-collapse: collapse;font-size: inherit;width: 673px\" border=\"1\" cellspacing=\"1\" cellpadding=\"1\">\n<tbody>\n<tr>\n<td style=\"text-align: center;padding: 0px;margin: 0px\">vocab.Qs<\/td>\n<td style=\"text-align: center;padding: 0px;margin: 0px\">grammar Qs<\/td>\n<td style=\"text-align: center;padding: 0px;margin: 0px\">extra \u00f6vningar<\/td>\n<\/tr>\n<tr>\n<td style=\"padding: 0px;margin: 0px\">\n<ul>\n<li><a href=\"http:\/\/www.proprofs.com\/quiz-school\/story.php?title=NTUyOTE0\" target=\"_blank\" rel=\"noopener\">L9 vocab.Q<\/a><\/li>\n<\/ul>\n<\/td>\n<td style=\"padding: 0px;margin: 0px\">\n<ul>\n<li>L8 V+\u3068\u304d<\/li>\n<li><a href=\"http:\/\/www.proprofs.com\/quiz-school\/story.php?title=mta0nja2oa==wlyf\">L10 can-f.Q<\/a><\/li>\n<\/ul>\n<ul>\n<li>L11 plain-f.Qs\n<ul style=\"padding: 0px 0px 0px 18px;margin: 0px 0px 0px 18px\">\n<li>presens\n<ul style=\"padding: 0px 0px 0px 18px;margin: 0px 0px 0px 18px\">\n<li><span style=\"font-size: inherit\">verb (positive)<\/span><\/li>\n<li><a href=\"http:\/\/genki.japantimes.co.jp\/site\/self\/site\/js\/verb_short_forms.html\" target=\"_blank\" rel=\"noopener\">verb (negative)<\/a><\/li>\n<li>adj.(positive)<\/li>\n<li><a href=\"http:\/\/genki.japantimes.co.jp\/site\/self\/site\/js\/l8-short_adj_neg.html\" target=\"_blank\" rel=\"noopener\">adj.(negative)<\/a><\/li>\n<\/ul>\n<\/li>\n<li>imperfekt\n<ul style=\"padding: 0px 0px 0px 18px;margin: 0px 0px 0px 18px\">\n<li><span style=\"font-size: inherit\"><a href=\"http:\/\/genki.japantimes.co.jp\/site\/self\/site\/js\/l9-verb_past_aff.htm\" target=\"_blank\" rel=\"noopener\">verb (positive)<\/a><br \/>\n<\/span><\/li>\n<li><a href=\"http:\/\/genki.japantimes.co.jp\/site\/self\/site\/js\/l9-verb_past_neg.html\" target=\"_blank\" rel=\"noopener\">verb (negative)<\/a><\/li>\n<li><span style=\"font-size: inherit\"><a href=\"http:\/\/genki.japantimes.co.jp\/site\/self\/site\/js\/l9-short_adj_past_aff.htm\" target=\"_blank\" rel=\"noopener\">adj.(positive)<\/a><br \/>\n<\/span><\/li>\n<li><a href=\"http:\/\/genki.japantimes.co.jp\/site\/self\/site\/js\/l9-short_adj_past_neg.html\" target=\"_blank\" rel=\"noopener\">adj. (negative)<\/a><\/li>\n<\/ul>\n<\/li>\n<\/ul>\n<\/li>\n<li><a href=\"http:\/\/genki.japantimes.co.jp\/site\/self\/site\/js\/verb_volition.htm\" target=\"_blank\" rel=\"noopener\">L11 volitional-f.Q<\/a><\/li>\n<li><a href=\"http:\/\/www.proprofs.com\/quiz-school\/story.php?title=NTczMTAz\" target=\"_blank\" rel=\"noopener\">verb-gruppering<\/a><\/li>\n<li><a href=\"http:\/\/www.proprofs.com\/quiz-school\/story.php?title=NTczMTEz\" target=\"_blank\" rel=\"noopener\">verb-gruppering 2<\/a><\/li>\n<li><a href=\"http:\/\/blogg.folkuniversitetet.nu\/japanska\/files\/2014\/09\/verbconj_A2_L11.pdf\">verbconj_a2_l11<\/a><\/li>\n<\/ul>\n<\/td>\n<td style=\"padding: 0px;margin: 0px\">\u00a0Genki-series\u00a0<a href=\"http:\/\/blogg.folkuniversitetet.nu\/japanska\/files\/2014\/09\/obs.gif\"><img loading=\"lazy\" decoding=\"async\" class=\" size-full wp-image-581 alignleft\" src=\"http:\/\/blogg.folkuniversitetet.nu\/japanska\/files\/2014\/09\/obs.gif\" alt=\"obs\" width=\"28\" height=\"11\" \/><\/a><\/p>\n<ul>\n<li><a href=\"http:\/\/web.lyon.edu\/users\/mpeek\/JapanWebpages\/GenkiExercises.htm\" target=\"_blank\" rel=\"noopener\">vocab.Qs<\/a><\/li>\n<li><a href=\"http:\/\/www.all.umn.edu\/japanese_language\/class_materials\/particle_exercise\/index.html\" target=\"_blank\" rel=\"noopener\">particle Qs<\/a><\/li>\n<\/ul>\n<\/td>\n<\/tr>\n<\/tbody>\n<\/table>\n<p>&nbsp;<\/p>\n<p><strong>Veckans material<\/strong><\/p>\n<p><span style=\"color: #ff0000\"><strong style=\"font-style: inherit;font-weight: bold\">OBS!<\/strong>\u00a0<\/span>Klicka p\u00e5 mappen.<\/p>\n<p><strong><span style=\"color: #ff0000\">FK:<\/span><\/strong>\u00a0Jag har inte uppdaterat inneh\u00e5llet l\u00e4nge, urs\u00e4kta.<\/p>\n<p><a href=\"http:\/\/fcweb.folkuniversitetet.se\/sue_test2\/FOV1-00085065\/?1-20\" target=\"_blank\" rel=\"noopener\">http:\/\/fcweb.folkuniversitetet.se\/sue_test2\/FOV1-00085065\/?1-20<\/a><\/p>\n<p>&nbsp;<\/p>\n<p><strong style=\"font-style: inherit;font-weight: bold\">Veckans movie<\/strong><\/p>\n<p>FK: <a href=\"http:\/\/blogg.folkuniversitetet.nu\/japanska\/a2del2\/material\/\">A2del2<\/a><\/p>\n<ul>\n<li><a href=\"https:\/\/www.youtube.com\/watch?v=8Rr-Xw6R7GY\">L8 ~ku\/ni-narimasu intro<\/a><\/li>\n<li><a href=\"http:\/\/youtu.be\/BB-kl-2XbLk\" target=\"_blank\" rel=\"noopener\">L8 ~ku\/ni-narimasu #2<\/a><\/li>\n<li><a href=\"http:\/\/youtu.be\/TzB05g5R9Ks\">L8 ~to itte-imasu<\/a><\/li>\n<li><a href=\"http:\/\/youtu.be\/XrZo_srdbc0\">L8 ~te-itte-imasu #2<\/a><\/li>\n<li><a href=\"https:\/\/youtu.be\/zAWXiRzE_u0\" target=\"_blank\" rel=\"noopener\">L8 ~to omoimasu, intro<\/a><\/li>\n<li><a href=\"http:\/\/a2.marugotoweb.jp\/en\/grammar\/lesson18\/practice0.html\" target=\"_blank\" rel=\"noopener\">L8 ~to omoimasu<\/a><\/li>\n<li><a href=\"http:\/\/youtu.be\/m8HqCn6XNDA\" target=\"_blank\" rel=\"noopener\">L9 V+toki intro<\/a><\/li>\n<li><a href=\"http:\/\/youtu.be\/xt3rhfQZK0Y\" target=\"_blank\" rel=\"noopener\">L9 Noun-modifier intro<\/a><\/li>\n<li><a href=\"https:\/\/youtu.be\/VvsSnTDEkuM\">L9 N-modifier Q1<\/a><\/li>\n<li><a href=\"https:\/\/youtu.be\/-YyHBi97w-I\">L9 N-modifier Q2<br \/>\n<\/a><\/li>\n<li><a href=\"https:\/\/youtu.be\/TE2lCoC6Kbo\">L9 N-modifier Q3<\/a><\/li>\n<li><a href=\"https:\/\/youtu.be\/kxTAmxCUjBA\">L9 ~no ga suki desu YT<\/a><\/li>\n<li><a href=\"https:\/\/edpuzzle.com\/media\/5a8e99499ff08641523027af\">L9 ~no ga suki desu YT Q<\/a><\/li>\n<li><a href=\"https:\/\/youtu.be\/j-AzWyFlWJ4\" target=\"_blank\" rel=\"noopener\">L10 can-f.intro<\/a><\/li>\n<li><a href=\"http:\/\/www.youtube.com\/watch?v=aJ5MOmjfmPU&amp;feature=youtu.be\" target=\"_blank\" rel=\"noopener\">L10 att tala om &#8220;conbini&#8221;<\/a><\/li>\n<li><a href=\"http:\/\/youtu.be\/7ZAzMBGsAu4\" target=\"_blank\" rel=\"noopener\">L10 ~node<\/a><\/li>\n<li><a href=\"https:\/\/youtu.be\/6BLsF3bLDBQ\">L11 [volitional-f.]to omotte-imasu YT<\/a><\/li>\n<li><a href=\"http:\/\/youtu.be\/BlTFZGCWRLA\">L11 att tala om resan<\/a><\/li>\n<li><a href=\"http:\/\/youtu.be\/v6wb6s5tw7I\" target=\"_blank\" rel=\"noopener\">L11 ~te, kanashii desu<\/a><\/li>\n<li><a href=\"\/\/youtu.be\/yYC6AONCYgk\" target=\"_blank\" rel=\"noopener\">L11 ~ka doka (presens) intro<\/a><\/li>\n<li><a href=\"http:\/\/genki.japantimes.co.jp\/site\/self\/mov\/L20.wmv\" target=\"_blank\" rel=\"noopener\">L11 ~ka doka\/Q-word+ka<\/a><\/li>\n<li><a href=\"https:\/\/youtu.be\/1nN4MpiuL0Q\">L11 ~ka doka\/Q-word+ka (presens) YT<\/a><\/li>\n<li><a href=\"https:\/\/youtu.be\/WprD1UXpRPo\">L11 ~tsumori YT<\/a><\/li>\n<li><a href=\"https:\/\/youtu.be\/ONOCVyb0yx0\">L11 ~tsumori YT v.2(imperfekt)<\/a><\/li>\n<\/ul>\n<div><span style=\"color: #f00\"><a href=\"http:\/\/blogg.folkuniversitetet.nu\/japanska\/files\/2014\/09\/obs.gif\"><img loading=\"lazy\" decoding=\"async\" class=\" size-full wp-image-581 alignleft\" src=\"http:\/\/blogg.folkuniversitetet.nu\/japanska\/files\/2014\/09\/obs.gif\" alt=\"obs\" width=\"28\" height=\"11\" \/><\/a>\u30d1\u30fc\u30c8II<\/span>\u3092\u3000\u307f\u3066\u304f\u3060\u3055\u3044\u3002<\/div>\n<div><\/div>\n<div id=\"cke_pastebin\">Q1: \u30e1\u30a2\u30ea\u30fc\u3055\u3093\u306f\u3001\u307f\u3061\u306b\u3000\u307e\u3088\u3063\u3066\u3044\u307e\u3059\u3002\uff08\u25cb\u30fb\u00d7\uff09<\/div>\n<div id=\"cke_pastebin\"><span style=\"line-height: 1.231\">Q2: \u30e1\u30a2\u30ea\u30fc\u3055\u3093\u306f\u3001\u3069\u3053\u3067\u3000\u305b\u3093\u3059\u3092\u3000\u3046\u3063\u3066\u3044\u308b\u304b\u3000\u308f\u304b\u308a\u307e\u305b\u3093\u3002<\/span><span style=\"line-height: 1.231\">\uff08\u25cb\u30fb\u00d7\uff09<\/span><\/div>\n<div id=\"cke_pastebin\"><span style=\"line-height: 1.231\">Q3: \u30e1\u30a2\u30ea\u30fc\u3055\u3093\u306f\u3001\u307f\u305b\u304c\u3000\u3069\u3053\u306b\u3000\u3042\u308b\u304b\u3000\u308f\u304b\u308a\u307e\u305b\u3093\u3002<\/span><span style=\"line-height: 1.231\">\uff08\u25cb\u30fb\u00d7\uff09<\/span><\/div>\n<div id=\"cke_pastebin\"><span style=\"line-height: 1.231\">Q4: \u30e1\u30a2\u30ea\u30fc\u3055\u3093\u306f\u3001\u3069\u3053\u306b\u3000\u304b\u3055\u3092\u3000\u308f\u3059\u308c\u305f\u304b\u3000\u308f\u304b\u308a\u307e\u305b\u3093\u3002<\/span><span style=\"line-height: 1.231\">\uff08\u25cb\u30fb\u00d7\uff09<\/span><\/div>\n<div id=\"cke_pastebin\"><span style=\"line-height: 1.231\">Q5: \u30e1\u30a2\u30ea\u30fc\u3055\u3093\u306f\u3001\u304a\u3058\u3044\u3055\u3093\u3068\u3044\u3063\u3057\u3087\u306b\u3000\u3044\u3053\u3046\u304b\u3000\u3069\u3046\u304b\u3000\u307e\u3088\u3063\u3066\u3044\u307e\u3059\u3002<\/span>\uff08\u25cb\u30fb\u00d7\uff09<\/div>\n<ul>\n<li><a href=\"https:\/\/drive.google.com\/file\/d\/0B6ONVhwYNC9ZNVVxY0FXLXREZHc\/view\">L11 MNN2 L40 ~ka doka\/Q-word+ka<\/a><\/li>\n<li><a href=\"https:\/\/youtu.be\/WprD1UXpRPo\">L11 tsumori YT<\/a><\/li>\n<li><a href=\"https:\/\/www.erin.ne.jp\/en\/lesson14\/basic\/index.html\" target=\"_blank\" rel=\"noopener\">L12 making assumptions<\/a><\/li>\n<\/ul>\n<p>&nbsp;<\/p>\n<p><strong>Veckans ljudfil<\/strong><\/p>\n<ul>\n<li><a href=\"http:\/\/youtu.be\/VvsSnTDEkuM\" target=\"_blank\" rel=\"noopener\">L9 Noun-modifier intro<\/a><\/li>\n<li><a href=\"http:\/\/youtu.be\/4aNzJPtaBe8\" target=\"_blank\" rel=\"noopener\">L9 N-modifier Q<\/a><\/li>\n<li><a href=\"http:\/\/youtu.be\/IkQIZiLfI_0\" target=\"_blank\" rel=\"noopener\">L10 can-f.Q<\/a><\/li>\n<li><a href=\"http:\/\/youtu.be\/_45gHYAiUaQ\" target=\"_blank\" rel=\"noopener\">L11 volitional-f.<\/a><\/li>\n<li><a href=\"https:\/\/soundcloud.com\/suesussi\/ii-l11-yo-to-omoimashita\/s-h8pKu\">L11 ~to omoimashita<\/a><\/li>\n<li><a href=\"#__Open-Conf\/CID254630\/TD-004C4DF7-053B6F1D-5000695-87781158\">L11 ~ka d\u00f3-ka<\/a><\/li>\n<li><a href=\"\/*131*\/\" target=\"_blank\" rel=\"noopener\">L11 ~ka doka\/Q-word+ka wakarimasen<\/a><\/li>\n<li><a href=\"https:\/\/soundcloud.com\/suesussi\/genki-2-l15-tsumori\/s-N76Iy\">L11 tsumori<\/a><\/li>\n<\/ul>\n<p>&nbsp;<\/p>\n<h4>Veckans extra hand-outs<\/h4>\n<ul>\n<li><a href=\"http:\/\/www.slideshare.net\/suesussi\/ii-l11-teintromemo\" target=\"_blank\" rel=\"noopener\">L11 ~te\/de, ~ intro<\/a><\/li>\n<\/ul>\n","protected":false},"excerpt":{"rendered":"<p>L\u00e4nk till textsidan https:\/\/sites.google.com\/a\/swo.se\/japanska-a2del3-vt15\/ &nbsp; L\u00e4nk till quizsidan vocab.Qs grammar Qs extra \u00f6vningar L9 vocab.Q L8 V+\u3068\u304d L10 can-f.Q L11 plain-f.Qs presens verb (positive) verb (negative) adj.(positive) adj.(negative) imperfekt verb (positive) verb (negative) adj.(positive) adj. (negative) L11 volitional-f.Q verb-gruppering verb-gruppering &hellip; <a href=\"https:\/\/blogg.folkuniversitetet.nu\/japanska\/a2del3\/material\/\">Continue reading <span class=\"meta-nav\">&rarr;<\/span><\/a><\/p>\n","protected":false},"author":4,"featured_media":0,"parent":86,"menu_order":0,"comment_status":"open","ping_status":"closed","template":"","meta":{"footnotes":""},"class_list":["post-284","page","type-page","status-publish","hentry"],"_links":{"self":[{"href":"https:\/\/blogg.folkuniversitetet.nu\/japanska\/wp-json\/wp\/v2\/pages\/284","targetHints":{"allow":["GET"]}}],"collection":[{"href":"https:\/\/blogg.folkuniversitetet.nu\/japanska\/wp-json\/wp\/v2\/pages"}],"about":[{"href":"https:\/\/blogg.folkuniversitetet.nu\/japanska\/wp-json\/wp\/v2\/types\/page"}],"author":[{"embeddable":true,"href":"https:\/\/blogg.folkuniversitetet.nu\/japanska\/wp-json\/wp\/v2\/users\/4"}],"replies":[{"embeddable":true,"href":"https:\/\/blogg.folkuniversitetet.nu\/japanska\/wp-json\/wp\/v2\/comments?post=284"}],"version-history":[{"count":41,"href":"https:\/\/blogg.folkuniversitetet.nu\/japanska\/wp-json\/wp\/v2\/pages\/284\/revisions"}],"predecessor-version":[{"id":5752,"href":"https:\/\/blogg.folkuniversitetet.nu\/japanska\/wp-json\/wp\/v2\/pages\/284\/revisions\/5752"}],"up":[{"embeddable":true,"href":"https:\/\/blogg.folkuniversitetet.nu\/japanska\/wp-json\/wp\/v2\/pages\/86"}],"wp:attachment":[{"href":"https:\/\/blogg.folkuniversitetet.nu\/japanska\/wp-json\/wp\/v2\/media?parent=284"}],"curies":[{"name":"wp","href":"https:\/\/api.w.org\/{rel}","templated":true}]}}