{"id":67,"date":"2015-09-01T19:43:34","date_gmt":"2015-09-01T19:43:34","guid":{"rendered":"http:\/\/blogg.folkuniversitetet.nu\/itkorkort\/?page_id=67"},"modified":"2019-11-08T11:11:28","modified_gmt":"2019-11-08T11:11:28","slug":"blogg-3-personalisering-din-internetnarvaro","status":"publish","type":"page","link":"https:\/\/blogg.folkuniversitetet.nu\/itkorkort\/blogg\/blogg-3-personalisering-din-internetnarvaro\/","title":{"rendered":"Blogg 3 &#8211; Personalisering din internetn\u00e4rvaro"},"content":{"rendered":"<p>I skrivande stund finns det 25 teman (stilmallar) att v\u00e4lja mellan. H\u00e5ll muspekaren \u00f6ver &#8221;utseende&#8221; i menyn och v\u00e4lj &#8221;teman&#8221; . Din blogg har skapats med hj\u00e4lp av standardtemat &#8221;Twentyfifteen&#8221;. Detta \u00e4r en enkel, l\u00e4tt att anv\u00e4nda, &#8221;responsiv&#8221; tema. En responsiv stilmall \u00e4r en mall som ska anpassas till enheten som anv\u00e4nds. Med andra ord, kommer inneh\u00e5llet att presenteras p\u00e5 b\u00e4sta s\u00e4tt f\u00f6r en smartphone, surfplatta eller dator.<\/p>\n<p>Varje tema \u00e4r olika och har sina egna installationsanvisningar. Vanligtvis kommer dock alla teman ha en huvudbild och inst\u00e4llningar f\u00f6r att styra bakgrundsf\u00e4rgen. De flesta teman inkluderar \u00e4ven verktyg f\u00f6r besk\u00e4rning av bilder till \u00f6nskad storlek.<\/p>\n<p>F\u00f6ljande \u00e4r ett urval av mallen &#8221;Hemingway&#8221;. Den illustrerar de viktigaste komponenterna i en mall. ( http:\/\/blogg.folkuniversitetet.nu\/engelska )<\/p>\n<p><a href=\"http:\/\/blogg.folkuniversitetet.nu\/itkorkort\/files\/2015\/09\/Blog-panel-3.png\"><img loading=\"lazy\" decoding=\"async\" class=\"alignnone wp-image-71 size-large\" src=\"http:\/\/blogg.folkuniversitetet.nu\/itkorkort\/files\/2015\/09\/Blog-panel-3-1024x746.png\" alt=\"Blog panel 3\" width=\"660\" height=\"481\" srcset=\"https:\/\/blogg.folkuniversitetet.nu\/itkorkort\/files\/2015\/09\/Blog-panel-3-1024x746.png 1024w, https:\/\/blogg.folkuniversitetet.nu\/itkorkort\/files\/2015\/09\/Blog-panel-3-300x219.png 300w, https:\/\/blogg.folkuniversitetet.nu\/itkorkort\/files\/2015\/09\/Blog-panel-3.png 1260w\" sizes=\"auto, (max-width: 660px) 100vw, 660px\" \/><\/a><\/p>\n<p>Om du vill v\u00e4lja ett nytt temat v\u00e4ljer du &#8221;teman&#8221; under &#8221;utseende&#8221;.\u00a0 Alla tillg\u00e4ngliga teman presenteras och du kan prova hur de kan ser ut med ditt nuvarande inneh\u00e5ll genom att klicka p\u00e5 &#8221;F\u00f6rhandsgranskning live&#8221;. N\u00e4r du har valt en tema, klicka p\u00e5 &#8221;aktivera&#8221;.<\/p>\n<p>Om du vill anpassa det aktiva temat v\u00e4ljer du &#8221;anpassa&#8221; under &#8221;utseende&#8221;. En mall-specifik meny av alternativ kommer att presenteras.<\/p>\n<p>Du kan \u00e4ndra mycket. Under &#8221;Webplatsens identitet&#8221; finns ocks\u00e5 m\u00f6jligheten att anv\u00e4nda en &#8221;<a href=\"https:\/\/sv.wikipedia.org\/wiki\/Favicon\" target=\"_blank\" rel=\"noopener noreferrer\">favicon<\/a>&#8221;.<\/p>\n<p><a href=\"http:\/\/blogg.folkuniversitetet.nu\/itkorkort\/files\/2015\/09\/Blog-panel-3.1.png\"><img loading=\"lazy\" decoding=\"async\" class=\"size-medium wp-image-77 alignleft\" src=\"http:\/\/blogg.folkuniversitetet.nu\/itkorkort\/files\/2015\/09\/Blog-panel-3.1-300x295.png\" alt=\"Blog panel 3.1\" width=\"300\" height=\"295\" srcset=\"https:\/\/blogg.folkuniversitetet.nu\/itkorkort\/files\/2015\/09\/Blog-panel-3.1-300x295.png 300w, https:\/\/blogg.folkuniversitetet.nu\/itkorkort\/files\/2015\/09\/Blog-panel-3.1.png 576w\" sizes=\"auto, (max-width: 300px) 100vw, 300px\" \/><\/a> <a href=\"http:\/\/blogg.folkuniversitetet.nu\/itkorkort\/files\/2015\/09\/Blog-panel-3.2.png\"><img loading=\"lazy\" decoding=\"async\" class=\"size-medium wp-image-76 alignright\" src=\"http:\/\/blogg.folkuniversitetet.nu\/itkorkort\/files\/2015\/09\/Blog-panel-3.2-203x300.png\" alt=\"Blog panel 3.2\" width=\"203\" height=\"300\" srcset=\"https:\/\/blogg.folkuniversitetet.nu\/itkorkort\/files\/2015\/09\/Blog-panel-3.2-203x300.png 203w, https:\/\/blogg.folkuniversitetet.nu\/itkorkort\/files\/2015\/09\/Blog-panel-3.2.png 293w\" sizes=\"auto, (max-width: 203px) 100vw, 203px\" \/><\/a><\/p>\n<p>&nbsp;<\/p>\n<p>&nbsp;<\/p>\n<p>&nbsp;<\/p>\n<p>&nbsp;<\/p>\n<p>&nbsp;<\/p>\n<p>&nbsp;<\/p>\n<p>F\u00e4rger och bagrund f\u00e4rger kan v\u00e4ljas, liksom bilden f\u00f6r sidhuvud &#8211; som kan ocks\u00e5 d\u00f6ljas.<\/p>\n<p><a href=\"http:\/\/blogg.folkuniversitetet.nu\/itkorkort\/files\/2015\/09\/Blog-panel-3.3.png\"><img loading=\"lazy\" decoding=\"async\" class=\"size-medium wp-image-75 alignleft\" src=\"http:\/\/blogg.folkuniversitetet.nu\/itkorkort\/files\/2015\/09\/Blog-panel-3.3-182x300.png\" alt=\"Blog panel 3.3\" width=\"182\" height=\"300\" srcset=\"https:\/\/blogg.folkuniversitetet.nu\/itkorkort\/files\/2015\/09\/Blog-panel-3.3-182x300.png 182w, https:\/\/blogg.folkuniversitetet.nu\/itkorkort\/files\/2015\/09\/Blog-panel-3.3.png 297w\" sizes=\"auto, (max-width: 182px) 100vw, 182px\" \/><\/a> \u00a0\u00a0<a href=\"http:\/\/blogg.folkuniversitetet.nu\/itkorkort\/files\/2015\/09\/Blog-panel-3.4.png\"><img loading=\"lazy\" decoding=\"async\" class=\"size-medium wp-image-74 alignright\" src=\"http:\/\/blogg.folkuniversitetet.nu\/itkorkort\/files\/2015\/09\/Blog-panel-3.4-165x300.png\" alt=\"Blog panel 3.4\" width=\"165\" height=\"300\" srcset=\"https:\/\/blogg.folkuniversitetet.nu\/itkorkort\/files\/2015\/09\/Blog-panel-3.4-165x300.png 165w, https:\/\/blogg.folkuniversitetet.nu\/itkorkort\/files\/2015\/09\/Blog-panel-3.4.png 297w\" sizes=\"auto, (max-width: 165px) 100vw, 165px\" \/><\/a><\/p>\n<p>&nbsp;<\/p>\n<p>&nbsp;<\/p>\n<p>&nbsp;<\/p>\n<p>&nbsp;<\/p>\n<p>&nbsp;<\/p>\n<p>H\u00e4r \u00e4r mer detaljerad hj\u00e4lp f\u00f6r &#8221;anpassning&#8221;.<\/p>\n<p><strong>\r\n<div class=\"wpmudev-videos-shortcode\">\r\n\t\t\t\t\t\t<div class=\"wpmudev_video\" style=\"max-width:500px; max-height:281px;\">\r\n\t\t\t\t<iframe loading=\"lazy\" src=\"https:\/\/wpmudev.com\/video\/customize?id=199641&expire=1777762233&signature=930c966727ca1cbc0c48ea47a5a083afc7f175f8\" frameborder=\"0\" width=\"500\" height=\"281\" webkitAllowFullScreen mozallowfullscreen allowFullScreen><\/iframe>\t\t\t<\/div>\r\n\t\t\t<\/div><\/strong><\/p>\n<p>&nbsp;<\/p>\n<p><span style=\"color: #800080;\"><strong>Widgets<\/strong><\/span><\/p>\n<p>\u201dWidgets\u201d \u00e4r program (\u201dapps\u201d) som kan aktiveras och kan placeras runt bloggen. Normalt \u00e4r appar placerade i sidof\u00e4ltet (sidebar).<\/p>\n<p>En typisk blogg kan ha aktiv en &#8221;senaste inl\u00e4gg&#8221; och en &#8221;kategori&#8221; widget. Det finns m\u00e5nga tillg\u00e4ngliga widgets. F\u00f6r att aktivera en widget, klicka p\u00e5 widgeten och &#8221;dra&#8221; widgeten till platsen d\u00e4r du vill att den ska visas i sidof\u00e4ltet.<\/p>\n<p>Nedan \u00e4r en bild av &#8221;Twentyfifteen&#8221; widget sk\u00e4rmen. Alla mallar har en liknande struktur och protokoll.<\/p>\n<p><a href=\"http:\/\/blogg.folkuniversitetet.nu\/itkorkort\/files\/2015\/09\/Blog-panel-3.5.png\"><img loading=\"lazy\" decoding=\"async\" class=\"alignnone wp-image-86 size-full\" src=\"http:\/\/blogg.folkuniversitetet.nu\/itkorkort\/files\/2015\/09\/Blog-panel-3.5.png\" alt=\"Blog panel 3.5\" width=\"910\" height=\"643\" srcset=\"https:\/\/blogg.folkuniversitetet.nu\/itkorkort\/files\/2015\/09\/Blog-panel-3.5.png 910w, https:\/\/blogg.folkuniversitetet.nu\/itkorkort\/files\/2015\/09\/Blog-panel-3.5-300x212.png 300w\" sizes=\"auto, (max-width: 910px) 100vw, 910px\" \/><\/a><\/p>\n<p>Vissa mallar kommer ocks\u00e5 att ha ett sidfot omr\u00e5de ut\u00f6ver ett sidof\u00e4lt omr\u00e5de. Widgetar kan p\u00e5 liknande s\u00e4tt dras in i sidfoten, precis som med sidof\u00e4ltet.<\/p>\n<p><a href=\"http:\/\/blogg.folkuniversitetet.nu\/itkorkort\/files\/2015\/09\/Blog-panel-3.6.png\" rel=\"attachment wp-att-390\"><img loading=\"lazy\" decoding=\"async\" class=\"size-medium wp-image-390 alignright\" src=\"http:\/\/blogg.folkuniversitetet.nu\/itkorkort\/files\/2015\/09\/Blog-panel-3.6-300x184.png\" alt=\"Blog panel 3.6\" width=\"300\" height=\"184\" srcset=\"https:\/\/blogg.folkuniversitetet.nu\/itkorkort\/files\/2015\/09\/Blog-panel-3.6-300x184.png 300w, https:\/\/blogg.folkuniversitetet.nu\/itkorkort\/files\/2015\/09\/Blog-panel-3.6.png 316w\" sizes=\"auto, (max-width: 300px) 100vw, 300px\" \/><\/a><\/p>\n<p>&#8221;<strong>Meta<\/strong>&#8221; \u00e4r en mycket anv\u00e4nbar widget.\u00a0 Den ger dig ett enkelt s\u00e4tt att logga in till din adminpanel och den ger dina bes\u00f6kare l\u00e4nkar, s\u00e5 att de kan aktivera ditt <strong>RSS-fl\u00f6de<\/strong>.\u00a0 I detta exempel har &#8221;Meta&#8221; d\u00f6pts om till &#8221;Genv\u00e4gar&#8221;.<\/p>\n<p>&nbsp;<\/p>\n<p><span style=\"color: #800080;\">Obs. &#8221;RSS&#8221; ska diskuteras senare i dokumentationen.<\/span><\/p>\n<p><span style=\"color: #800080;\">Obs. &#8221;Meny&#8221; ska diskuteras senare i dokumentationen.<\/span><\/p>\n","protected":false},"excerpt":{"rendered":"<p>I skrivande stund finns det 25 teman (stilmallar) att v\u00e4lja mellan. H\u00e5ll muspekaren \u00f6ver &#8221;utseende&#8221; i menyn och v\u00e4lj &#8221;teman&#8221; . Din blogg har skapats med hj\u00e4lp av standardtemat &#8221;Twentyfifteen&#8221;. Detta \u00e4r en enkel, l\u00e4tt att anv\u00e4nda, &#8221;responsiv&#8221; tema. En responsiv stilmall \u00e4r en mall som ska anpassas till enheten som anv\u00e4nds. Med andra ord, &hellip; <a href=\"https:\/\/blogg.folkuniversitetet.nu\/itkorkort\/blogg\/blogg-3-personalisering-din-internetnarvaro\/\" class=\"more-link\">Forts\u00e4tt l\u00e4sa <span class=\"screen-reader-text\">Blogg 3 &#8211; Personalisering din internetn\u00e4rvaro<\/span><\/a><\/p>\n","protected":false},"author":2,"featured_media":0,"parent":22,"menu_order":0,"comment_status":"closed","ping_status":"closed","template":"","meta":{"footnotes":""},"class_list":["post-67","page","type-page","status-publish","hentry"],"_links":{"self":[{"href":"https:\/\/blogg.folkuniversitetet.nu\/itkorkort\/wp-json\/wp\/v2\/pages\/67","targetHints":{"allow":["GET"]}}],"collection":[{"href":"https:\/\/blogg.folkuniversitetet.nu\/itkorkort\/wp-json\/wp\/v2\/pages"}],"about":[{"href":"https:\/\/blogg.folkuniversitetet.nu\/itkorkort\/wp-json\/wp\/v2\/types\/page"}],"author":[{"embeddable":true,"href":"https:\/\/blogg.folkuniversitetet.nu\/itkorkort\/wp-json\/wp\/v2\/users\/2"}],"replies":[{"embeddable":true,"href":"https:\/\/blogg.folkuniversitetet.nu\/itkorkort\/wp-json\/wp\/v2\/comments?post=67"}],"version-history":[{"count":14,"href":"https:\/\/blogg.folkuniversitetet.nu\/itkorkort\/wp-json\/wp\/v2\/pages\/67\/revisions"}],"predecessor-version":[{"id":566,"href":"https:\/\/blogg.folkuniversitetet.nu\/itkorkort\/wp-json\/wp\/v2\/pages\/67\/revisions\/566"}],"up":[{"embeddable":true,"href":"https:\/\/blogg.folkuniversitetet.nu\/itkorkort\/wp-json\/wp\/v2\/pages\/22"}],"wp:attachment":[{"href":"https:\/\/blogg.folkuniversitetet.nu\/itkorkort\/wp-json\/wp\/v2\/media?parent=67"}],"curies":[{"name":"wp","href":"https:\/\/api.w.org\/{rel}","templated":true}]}}