{"id":154,"date":"2015-09-04T11:22:31","date_gmt":"2015-09-04T11:22:31","guid":{"rendered":"http:\/\/blogg.folkuniversitetet.nu\/itkorkort\/?page_id=154"},"modified":"2015-09-04T11:24:47","modified_gmt":"2015-09-04T11:24:47","slug":"blogg-9-menyer","status":"publish","type":"page","link":"https:\/\/blogg.folkuniversitetet.nu\/itkorkort\/blogg\/blogg-9-menyer\/","title":{"rendered":"Blogg 9 &#8211; Menyer"},"content":{"rendered":"<p>Alla sidor visas i bokstavsordning i menyraden. F\u00f6r att fr\u00e5ng\u00e5 detta, m\u00e5ste vi skapa en meny. &#8221;Menyer&#8221; \u00e4r ett alternativ under &#8221;Utseende&#8221; i admin-panelen.<\/p>\n<p><a href=\"http:\/\/blogg.folkuniversitetet.nu\/itkorkort\/files\/2015\/09\/Blog-panel-9.0.png\"><img loading=\"lazy\" decoding=\"async\" class=\"alignnone wp-image-156 size-full\" src=\"http:\/\/blogg.folkuniversitetet.nu\/itkorkort\/files\/2015\/09\/Blog-panel-9.0.png\" alt=\"Blog panel 9.0\" width=\"1056\" height=\"436\" srcset=\"https:\/\/blogg.folkuniversitetet.nu\/itkorkort\/files\/2015\/09\/Blog-panel-9.0.png 1056w, https:\/\/blogg.folkuniversitetet.nu\/itkorkort\/files\/2015\/09\/Blog-panel-9.0-300x124.png 300w, https:\/\/blogg.folkuniversitetet.nu\/itkorkort\/files\/2015\/09\/Blog-panel-9.0-1024x423.png 1024w\" sizes=\"auto, (max-width: 1056px) 100vw, 1056px\" \/><\/a><\/p>\n<p>Ge menyn ett namn och klicka p\u00e5 &#8221;Skapa meny&#8221;.<\/p>\n<p><a href=\"http:\/\/blogg.folkuniversitetet.nu\/itkorkort\/files\/2015\/09\/Blog-panel-9.1.png\"><img loading=\"lazy\" decoding=\"async\" class=\"alignnone wp-image-157 size-full\" src=\"http:\/\/blogg.folkuniversitetet.nu\/itkorkort\/files\/2015\/09\/Blog-panel-9.1.png\" alt=\"Blog panel 9.1\" width=\"1049\" height=\"577\" srcset=\"https:\/\/blogg.folkuniversitetet.nu\/itkorkort\/files\/2015\/09\/Blog-panel-9.1.png 1049w, https:\/\/blogg.folkuniversitetet.nu\/itkorkort\/files\/2015\/09\/Blog-panel-9.1-300x165.png 300w, https:\/\/blogg.folkuniversitetet.nu\/itkorkort\/files\/2015\/09\/Blog-panel-9.1-1024x563.png 1024w\" sizes=\"auto, (max-width: 1049px) 100vw, 1049px\" \/><\/a><\/p>\n<p>Kryssa de sidorutor som du vill ha. (Man beh\u00f6ver inte anv\u00e4nda alla sidor i en meny). Den relativa positionen f\u00f6r en sida i en meny kan styras via &#8221;dra och sl\u00e4pp&#8221;.<\/p>\n<p>som ger \u2026<\/p>\n<p><img loading=\"lazy\" decoding=\"async\" class=\"alignnone wp-image-160 size-full\" src=\"http:\/\/blogg.folkuniversitetet.nu\/itkorkort\/files\/2015\/09\/Blog-panel-9.2.png\" alt=\"Blog panel 9.2\" width=\"799\" height=\"236\" srcset=\"https:\/\/blogg.folkuniversitetet.nu\/itkorkort\/files\/2015\/09\/Blog-panel-9.2.png 799w, https:\/\/blogg.folkuniversitetet.nu\/itkorkort\/files\/2015\/09\/Blog-panel-9.2-300x89.png 300w\" sizes=\"auto, (max-width: 799px) 100vw, 799px\" \/><\/p>\n<p>Flera menyer \u00e4r till\u00e5tna beroende p\u00e5 tema. \u00c4ven om du bara anv\u00e4nder en meny, \u00e4r det fortfarande en bra id\u00e9 att kryssa i rutan &#8221;Primary meny&#8221; &#8211; det kan bidra till att undvika ipad problem.<\/p>\n<p><strong>\r\n<div class=\"wpmudev-videos-shortcode\">\r\n\t\t\t\t\t\t<div class=\"wpmudev_video\" style=\"max-width:500px; max-height:281px;\">\r\n\t\t\t\t<iframe loading=\"lazy\" src=\"https:\/\/wpmudev.com\/video\/menus?id=199641&expire=1777762231&signature=250402e537daf5b2964050ffe76f0e09e05da9c0\" frameborder=\"0\" width=\"500\" height=\"281\" webkitAllowFullScreen mozallowfullscreen allowFullScreen><\/iframe>\t\t\t<\/div>\r\n\t\t\t<\/div><\/strong><\/p>\n<p>&nbsp;<\/p>\n","protected":false},"excerpt":{"rendered":"<p>Alla sidor visas i bokstavsordning i menyraden. F\u00f6r att fr\u00e5ng\u00e5 detta, m\u00e5ste vi skapa en meny. &#8221;Menyer&#8221; \u00e4r ett alternativ under &#8221;Utseende&#8221; i admin-panelen. Ge menyn ett namn och klicka p\u00e5 &#8221;Skapa meny&#8221;. Kryssa de sidorutor som du vill ha. (Man beh\u00f6ver inte anv\u00e4nda alla sidor i en meny). Den relativa positionen f\u00f6r en sida &hellip; <a href=\"https:\/\/blogg.folkuniversitetet.nu\/itkorkort\/blogg\/blogg-9-menyer\/\" class=\"more-link\">Forts\u00e4tt l\u00e4sa <span class=\"screen-reader-text\">Blogg 9 &#8211; Menyer<\/span><\/a><\/p>\n","protected":false},"author":2,"featured_media":0,"parent":22,"menu_order":0,"comment_status":"closed","ping_status":"closed","template":"","meta":{"footnotes":""},"class_list":["post-154","page","type-page","status-publish","hentry"],"_links":{"self":[{"href":"https:\/\/blogg.folkuniversitetet.nu\/itkorkort\/wp-json\/wp\/v2\/pages\/154","targetHints":{"allow":["GET"]}}],"collection":[{"href":"https:\/\/blogg.folkuniversitetet.nu\/itkorkort\/wp-json\/wp\/v2\/pages"}],"about":[{"href":"https:\/\/blogg.folkuniversitetet.nu\/itkorkort\/wp-json\/wp\/v2\/types\/page"}],"author":[{"embeddable":true,"href":"https:\/\/blogg.folkuniversitetet.nu\/itkorkort\/wp-json\/wp\/v2\/users\/2"}],"replies":[{"embeddable":true,"href":"https:\/\/blogg.folkuniversitetet.nu\/itkorkort\/wp-json\/wp\/v2\/comments?post=154"}],"version-history":[{"count":4,"href":"https:\/\/blogg.folkuniversitetet.nu\/itkorkort\/wp-json\/wp\/v2\/pages\/154\/revisions"}],"predecessor-version":[{"id":163,"href":"https:\/\/blogg.folkuniversitetet.nu\/itkorkort\/wp-json\/wp\/v2\/pages\/154\/revisions\/163"}],"up":[{"embeddable":true,"href":"https:\/\/blogg.folkuniversitetet.nu\/itkorkort\/wp-json\/wp\/v2\/pages\/22"}],"wp:attachment":[{"href":"https:\/\/blogg.folkuniversitetet.nu\/itkorkort\/wp-json\/wp\/v2\/media?parent=154"}],"curies":[{"name":"wp","href":"https:\/\/api.w.org\/{rel}","templated":true}]}}