{"id":111,"date":"2015-09-02T08:44:46","date_gmt":"2015-09-02T08:44:46","guid":{"rendered":"http:\/\/blogg.folkuniversitetet.nu\/itkorkort\/?page_id=111"},"modified":"2018-12-05T10:43:20","modified_gmt":"2018-12-05T10:43:20","slug":"blogg-6-infoga-bilder","status":"publish","type":"page","link":"https:\/\/blogg.folkuniversitetet.nu\/itkorkort\/blogg\/blogg-6-infoga-bilder\/","title":{"rendered":"Blogg 6 &#8211; Infoga bilder"},"content":{"rendered":"<p>En bild kan s\u00e4ttas in var som helst i inl\u00e4gget. Text kan ocks\u00e5 \u201dwrap around\u201d en bild. <span style=\"color: #ff0000;\"><em>F\u00f6rst placerar du mark\u00f6ren i b\u00f6rjan av den tillh\u00f6rande texten<\/em><\/span> och klicka p\u00e5 &#8221;L\u00e4gg till media&#8221;.<\/p>\n<p>Du kan antingen v\u00e4lja en bildfil fr\u00e5n mediebiblioteket eller direkt fr\u00e5n din dator &#8211; eller s\u00e5 kan du infoga en bild fr\u00e5n n\u00e5gon annanstans p\u00e5 internet.<\/p>\n<p><a href=\"http:\/\/blogg.folkuniversitetet.nu\/itkorkort\/files\/2015\/09\/Blog-panel-6.1.png\"><img loading=\"lazy\" decoding=\"async\" class=\"alignnone wp-image-113 size-full\" src=\"http:\/\/blogg.folkuniversitetet.nu\/itkorkort\/files\/2015\/09\/Blog-panel-6.1.png\" alt=\"Blog panel 6.1\" width=\"1196\" height=\"642\" srcset=\"https:\/\/blogg.folkuniversitetet.nu\/itkorkort\/files\/2015\/09\/Blog-panel-6.1.png 1196w, https:\/\/blogg.folkuniversitetet.nu\/itkorkort\/files\/2015\/09\/Blog-panel-6.1-300x161.png 300w, https:\/\/blogg.folkuniversitetet.nu\/itkorkort\/files\/2015\/09\/Blog-panel-6.1-1024x550.png 1024w\" sizes=\"auto, (max-width: 1196px) 100vw, 1196px\" \/><\/a><\/p>\n<p>I f\u00f6ljande exempel, ska jag &#8221;infoga fr\u00e5n URL&#8221; ist\u00e4llet f\u00f6r att ta en bild fr\u00e5n mitt bibliotek eller en ny bild fr\u00e5n min dator. Klicka p\u00e5 &#8221;infoga fr\u00e5n URL&#8221;, skriv sedan in adressen till bilden.<\/p>\n<p><span style=\"color: #800080;\"><strong>obs!<\/strong><\/span> <span class=\"tlid-translation translation\"><span title=\"\">Det \u00e4r viktigt att du f\u00f6rst\u00e5r begreppet &#8221;\u00e4gande&#8221; n\u00e4r det g\u00e4ller att anv\u00e4nda bilder (och andra medier) fr\u00e5n internet.<\/span> <span class=\"\" title=\"\">Vissa inneh\u00e5ll \u00e4r fria att anv\u00e4nda och omfattas av &#8221;<a href=\"http:\/\/blogg.folkuniversitetet.nu\/itkorkort\/creative-commons\/\" target=\"_blank\" rel=\"noopener\">Creative Commons<\/a>&#8221;.<\/span> <span class=\"\" title=\"\">Om du anv\u00e4nder bilder som omfattas av Creative Commons, kan du inkludera Creative Commons-logotypen, till exempel i sidobar text widget: <a href=\"https:\/\/wiki.creativecommons.org\/wiki\/Adding_a_CC_mark_to_a_WordPress_blog\" target=\"_blank\" rel=\"noopener\">se h\u00e4r f\u00f6r hur man kan g\u00f6ra detta<\/a>.<\/span><\/span><\/p>\n<p><a href=\"http:\/\/blogg.folkuniversitetet.nu\/itkorkort\/files\/2015\/09\/Blog-panel-6.2.png\"><img loading=\"lazy\" decoding=\"async\" class=\"alignnone wp-image-115 size-full\" src=\"http:\/\/blogg.folkuniversitetet.nu\/itkorkort\/files\/2015\/09\/Blog-panel-6.2.png\" alt=\"Blog panel 6.2\" width=\"1201\" height=\"646\" srcset=\"https:\/\/blogg.folkuniversitetet.nu\/itkorkort\/files\/2015\/09\/Blog-panel-6.2.png 1201w, https:\/\/blogg.folkuniversitetet.nu\/itkorkort\/files\/2015\/09\/Blog-panel-6.2-300x161.png 300w, https:\/\/blogg.folkuniversitetet.nu\/itkorkort\/files\/2015\/09\/Blog-panel-6.2-1024x551.png 1024w\" sizes=\"auto, (max-width: 1201px) 100vw, 1201px\" \/><\/a><\/p>\n<p><span style=\"color: #800080;\"><strong>Obs!<\/strong><\/span> <span class=\"tlid-translation translation\"><span class=\"\" title=\"\">att anv\u00e4nda &#8221;infoga fr\u00e5n URL&#8221; hj\u00e4lper till att h\u00e5lla plattformens storlek nere &#8211; vilket hj\u00e4lper till med systemunderh\u00e5ll.<\/span><\/span><\/p>\n<p>P\u00e5 vilket s\u00e4tt du \u00e4n v\u00e4ljer en bild, klicka p\u00e5 \u201dInfoga i inneh\u00e5ll\u201d. Bilden kommer sedan att inf\u00f6ras i texten &#8221;in line&#8221;. Bilden m\u00e5ste nu justeras.\u00a0 N\u00e4r du klicka p\u00e5 bilden visas en mini panel med justerings och redigering ikoner. V\u00e4lj justering som du \u00f6nskar. (Jag ska v\u00e4lja h\u00f6ger justering).<\/p>\n<p><a href=\"http:\/\/blogg.folkuniversitetet.nu\/itkorkort\/files\/2015\/09\/Blog-panel-6.3.png\"><img loading=\"lazy\" decoding=\"async\" class=\"alignnone wp-image-116 size-full\" src=\"http:\/\/blogg.folkuniversitetet.nu\/itkorkort\/files\/2015\/09\/Blog-panel-6.3.png\" alt=\"Blog panel 6.3\" width=\"755\" height=\"464\" srcset=\"https:\/\/blogg.folkuniversitetet.nu\/itkorkort\/files\/2015\/09\/Blog-panel-6.3.png 755w, https:\/\/blogg.folkuniversitetet.nu\/itkorkort\/files\/2015\/09\/Blog-panel-6.3-300x184.png 300w\" sizes=\"auto, (max-width: 755px) 100vw, 755px\" \/><\/a><\/p>\n<p>N\u00e4r man &#8221;infoga fr\u00e5n URL&#8221; kan man inte redigera bild storleken. Om jag hade infogat bilden fr\u00e5n biblioteket ist\u00e4llet skulle jag har haft m\u00f6jligheten att v\u00e4lja en av 3 standard bild storleker.<\/p>\n<p><a href=\"http:\/\/blogg.folkuniversitetet.nu\/itkorkort\/files\/2015\/09\/Blog-panel-6.4.png\"><img loading=\"lazy\" decoding=\"async\" class=\"alignnone wp-image-118 size-full\" src=\"http:\/\/blogg.folkuniversitetet.nu\/itkorkort\/files\/2015\/09\/Blog-panel-6.4.png\" alt=\"Blog panel 6.4\" width=\"848\" height=\"461\" srcset=\"https:\/\/blogg.folkuniversitetet.nu\/itkorkort\/files\/2015\/09\/Blog-panel-6.4.png 848w, https:\/\/blogg.folkuniversitetet.nu\/itkorkort\/files\/2015\/09\/Blog-panel-6.4-300x163.png 300w\" sizes=\"auto, (max-width: 848px) 100vw, 848px\" \/><\/a><\/p>\n<p>Om bilden inte redan har en titel, l\u00e4gg en nu &#8211; och l\u00e4gg \u00e4ven till en alternativ titel. Klicka p\u00e5 &#8221;uppdatera&#8221;.<\/p>\n<p><a href=\"http:\/\/blogg.folkuniversitetet.nu\/itkorkort\/files\/2015\/09\/Blog-panel-6.5.png\"><img loading=\"lazy\" decoding=\"async\" class=\"alignnone wp-image-120 size-full\" src=\"http:\/\/blogg.folkuniversitetet.nu\/itkorkort\/files\/2015\/09\/Blog-panel-6.5.png\" alt=\"Blog panel 6.5\" width=\"1071\" height=\"576\" srcset=\"https:\/\/blogg.folkuniversitetet.nu\/itkorkort\/files\/2015\/09\/Blog-panel-6.5.png 1071w, https:\/\/blogg.folkuniversitetet.nu\/itkorkort\/files\/2015\/09\/Blog-panel-6.5-300x161.png 300w, https:\/\/blogg.folkuniversitetet.nu\/itkorkort\/files\/2015\/09\/Blog-panel-6.5-1024x551.png 1024w\" sizes=\"auto, (max-width: 1071px) 100vw, 1071px\" \/><\/a><\/p>\n<p>Vi har nu ett inl\u00e4gg med en bild redo f\u00f6r publicering.<\/p>\n<p><strong>\r\n<div class=\"wpmudev-videos-shortcode\">\r\n\t\t\t<div class=\"wpmudev_video_group\">\r\n\t\t\t\t\t\t\t<h3 class=\"wpmudev_video_group_title\">Working With Images<\/h3>\r\n\t\t\t\t\t\t\t\t\t\t<div class=\"wpmudev_video\" style=\"max-width:500px; max-height:281px;\">\r\n\t\t\t\t\t<iframe loading=\"lazy\" src=\"https:\/\/wpmudev.com\/video\/replace-image?id=199641&expire=1777762217&signature=9fc6667f9efdb65cdcc1db88b50db2f81ab96a9d\" frameborder=\"0\" width=\"500\" height=\"281\" webkitAllowFullScreen mozallowfullscreen allowFullScreen><\/iframe>\t\t\t\t<\/div>\r\n\t\t\t\t\t\t\t<div class=\"wpmudev_video\" style=\"max-width:500px; max-height:281px;\">\r\n\t\t\t\t\t<iframe loading=\"lazy\" src=\"https:\/\/wpmudev.com\/video\/featured-image?id=199641&expire=1777762217&signature=9fc6667f9efdb65cdcc1db88b50db2f81ab96a9d\" frameborder=\"0\" width=\"500\" height=\"281\" webkitAllowFullScreen mozallowfullscreen allowFullScreen><\/iframe>\t\t\t\t<\/div>\r\n\t\t\t\t\t\t\t<div class=\"wpmudev_video\" style=\"max-width:500px; max-height:281px;\">\r\n\t\t\t\t\t<iframe loading=\"lazy\" src=\"https:\/\/wpmudev.com\/video\/edit-image?id=199641&expire=1777762217&signature=9fc6667f9efdb65cdcc1db88b50db2f81ab96a9d\" frameborder=\"0\" width=\"500\" height=\"281\" webkitAllowFullScreen mozallowfullscreen allowFullScreen><\/iframe>\t\t\t\t<\/div>\r\n\t\t\t\t\t\t\t<div class=\"wpmudev_video\" style=\"max-width:500px; max-height:281px;\">\r\n\t\t\t\t\t<iframe loading=\"lazy\" src=\"https:\/\/wpmudev.com\/video\/delete-image?id=199641&expire=1777762217&signature=9fc6667f9efdb65cdcc1db88b50db2f81ab96a9d\" frameborder=\"0\" width=\"500\" height=\"281\" webkitAllowFullScreen mozallowfullscreen allowFullScreen><\/iframe>\t\t\t\t<\/div>\r\n\t\t\t\t\t\t\t<div class=\"wpmudev_video\" style=\"max-width:500px; max-height:281px;\">\r\n\t\t\t\t\t<iframe loading=\"lazy\" src=\"https:\/\/wpmudev.com\/video\/image-gallery?id=199641&expire=1777762217&signature=9fc6667f9efdb65cdcc1db88b50db2f81ab96a9d\" frameborder=\"0\" width=\"500\" height=\"281\" webkitAllowFullScreen mozallowfullscreen allowFullScreen><\/iframe>\t\t\t\t<\/div>\r\n\t\t\t\t\t\t\t<div class=\"wpmudev_video\" style=\"max-width:500px; max-height:281px;\">\r\n\t\t\t\t\t<iframe loading=\"lazy\" src=\"https:\/\/wpmudev.com\/video\/add-image-from-url?id=199641&expire=1777762217&signature=9fc6667f9efdb65cdcc1db88b50db2f81ab96a9d\" frameborder=\"0\" width=\"500\" height=\"281\" webkitAllowFullScreen mozallowfullscreen allowFullScreen><\/iframe>\t\t\t\t<\/div>\r\n\t\t\t\t\t\t\t<div class=\"wpmudev_video\" style=\"max-width:500px; max-height:281px;\">\r\n\t\t\t\t\t<iframe loading=\"lazy\" src=\"https:\/\/wpmudev.com\/video\/add-image-from-pc?id=199641&expire=1777762217&signature=9fc6667f9efdb65cdcc1db88b50db2f81ab96a9d\" frameborder=\"0\" width=\"500\" height=\"281\" webkitAllowFullScreen mozallowfullscreen allowFullScreen><\/iframe>\t\t\t\t<\/div>\r\n\t\t\t\t\t\t\t<div class=\"wpmudev_video\" style=\"max-width:500px; max-height:281px;\">\r\n\t\t\t\t\t<iframe loading=\"lazy\" src=\"https:\/\/wpmudev.com\/video\/add-image-from-media-library?id=199641&expire=1777762217&signature=9fc6667f9efdb65cdcc1db88b50db2f81ab96a9d\" frameborder=\"0\" width=\"500\" height=\"281\" webkitAllowFullScreen mozallowfullscreen allowFullScreen><\/iframe>\t\t\t\t<\/div>\r\n\t\t\t\t\t<\/div>\r\n\t<\/div><\/strong><\/p>\n","protected":false},"excerpt":{"rendered":"<p>En bild kan s\u00e4ttas in var som helst i inl\u00e4gget. Text kan ocks\u00e5 \u201dwrap around\u201d en bild. F\u00f6rst placerar du mark\u00f6ren i b\u00f6rjan av den tillh\u00f6rande texten och klicka p\u00e5 &#8221;L\u00e4gg till media&#8221;. Du kan antingen v\u00e4lja en bildfil fr\u00e5n mediebiblioteket eller direkt fr\u00e5n din dator &#8211; eller s\u00e5 kan du infoga en bild fr\u00e5n &hellip; <a href=\"https:\/\/blogg.folkuniversitetet.nu\/itkorkort\/blogg\/blogg-6-infoga-bilder\/\" class=\"more-link\">Forts\u00e4tt l\u00e4sa <span class=\"screen-reader-text\">Blogg 6 &#8211; Infoga bilder<\/span><\/a><\/p>\n","protected":false},"author":2,"featured_media":0,"parent":22,"menu_order":0,"comment_status":"closed","ping_status":"closed","template":"","meta":{"footnotes":""},"class_list":["post-111","page","type-page","status-publish","hentry"],"_links":{"self":[{"href":"https:\/\/blogg.folkuniversitetet.nu\/itkorkort\/wp-json\/wp\/v2\/pages\/111","targetHints":{"allow":["GET"]}}],"collection":[{"href":"https:\/\/blogg.folkuniversitetet.nu\/itkorkort\/wp-json\/wp\/v2\/pages"}],"about":[{"href":"https:\/\/blogg.folkuniversitetet.nu\/itkorkort\/wp-json\/wp\/v2\/types\/page"}],"author":[{"embeddable":true,"href":"https:\/\/blogg.folkuniversitetet.nu\/itkorkort\/wp-json\/wp\/v2\/users\/2"}],"replies":[{"embeddable":true,"href":"https:\/\/blogg.folkuniversitetet.nu\/itkorkort\/wp-json\/wp\/v2\/comments?post=111"}],"version-history":[{"count":9,"href":"https:\/\/blogg.folkuniversitetet.nu\/itkorkort\/wp-json\/wp\/v2\/pages\/111\/revisions"}],"predecessor-version":[{"id":552,"href":"https:\/\/blogg.folkuniversitetet.nu\/itkorkort\/wp-json\/wp\/v2\/pages\/111\/revisions\/552"}],"up":[{"embeddable":true,"href":"https:\/\/blogg.folkuniversitetet.nu\/itkorkort\/wp-json\/wp\/v2\/pages\/22"}],"wp:attachment":[{"href":"https:\/\/blogg.folkuniversitetet.nu\/itkorkort\/wp-json\/wp\/v2\/media?parent=111"}],"curies":[{"name":"wp","href":"https:\/\/api.w.org\/{rel}","templated":true}]}}