{"id":620,"date":"2015-11-07T11:36:40","date_gmt":"2015-11-07T11:36:40","guid":{"rendered":"http:\/\/blogg.folkuniversitetet.nu\/ioanvi\/?page_id=620"},"modified":"2015-11-22T08:27:41","modified_gmt":"2015-11-22T08:27:41","slug":"pa-ktel-bussstationen","status":"publish","type":"page","link":"https:\/\/blogg.folkuniversitetet.nu\/ioanvi\/grekiskanyborjarkurs\/pa-ktel-bussstationen\/","title":{"rendered":"P\u00e5 KTEL (bussstationen) N"},"content":{"rendered":"<audio class=\"wp-audio-shortcode\" id=\"audio-620-1\" preload=\"none\" style=\"width: 100%;\" controls=\"controls\"><source type=\"audio\/mpeg\" src=\"http:\/\/blogg.folkuniversitetet.nu\/ioanvi\/files\/2015\/11\/\u039a\u03a4\u0395\u039b.mp3?_=1\" \/><a href=\"http:\/\/blogg.folkuniversitetet.nu\/ioanvi\/files\/2015\/11\/\u039a\u03a4\u0395\u039b.mp3\">http:\/\/blogg.folkuniversitetet.nu\/ioanvi\/files\/2015\/11\/\u039a\u03a4\u0395\u039b.mp3<\/a><\/audio>\n<p><span style=\"color: #993366\"><strong>\u03a3\u03c4\u03b1<\/strong> <strong>\u039a\u03a4\u0395\u039b<\/strong><strong>.\/<\/strong> Sta KTEL.\/ P\u00e5 bussstationen.<\/span><\/p>\n<p><span style=\"color: #993366\"><strong>\u0397 \u039c\u03b1\u03c1\u03af\u03b1 \u03b5\u03af\u03bd\u03b1\u03b9 \u03c3\u03c4\u03bf \u039a\u03a4\u0395\u039b \u03c4\u03b7\u03c2 \u039a\u03c1\u03ae\u03c4\u03b7\u03c2 \u03c3\u03c4\u03bf \u0397\u03c1\u03ac\u03ba\u03bb\u03b5\u03b9\u03bf .\/\u00a0<\/strong><em>I Maria in\u00e4 sto KTEL tis Kritis sto Iraklio.\/ Maria \u00e4r p\u00e5 KTEL p\u00e5 Kreta i Iraklion. <\/em><\/span><\/p>\n<p><span style=\"color: #993366\"><em>\u00a0<\/em><strong>_ \u03a7\u03b1\u03af\u03c1\u03b5\u03c4\u03b5!<\/strong> <em>Ch\u00e4<\/em><em>rete!<\/em><\/span><\/p>\n<p><span style=\"color: #993366\"><strong>_ \u03a7\u03b1\u03af\u03c1\u03b5\u03c4\u03b5!<\/strong><\/span><\/p>\n<p><span style=\"color: #993366\"><strong>_\u0398\u03ad\u03bb\u03c9 \u03ad\u03bd\u03b1 \u03b5\u03b9\u03c3\u03b9\u03c4\u03ae\u03c1\u03b9\u03bf \u03bc\u03b5 \u03b5\u03c0\u03b9\u03c3\u03c4\u03c1\u03bf\u03c6\u03ae \u03b3\u03b9\u03b1 \u03a7\u03b1\u03bd\u03b9\u03ac. \u03a0\u03cc\u03c3\u03bf \u03ba\u03bf\u03c3\u03c4\u03af\u03b6\u03b5\u03b9;\/\u00a0<\/strong><em>Thel\u00e5 ena isitirio me epistrofi gia Chania. <\/em><em>Poso kostizi?\/ Jag vill (ha) en biljett tur och reur till Chania. Vad kostar den?<\/em><\/span><\/p>\n<p><span style=\"color: #993366\"><em>\u00a0<\/em><strong>_55 \u03b5\u03c5\u03c1\u03ce<\/strong><strong>.<\/strong><\/span><\/p>\n<p><span style=\"color: #993366\"><strong>_\u039f\u03c1\u03af\u03c3\u03c4\u03b5! \u03a0\u03cc\u03c4\u03b5 \u03c6\u03b5\u03cd\u03b3\u03b5\u03b9 \u03c4\u03bf \u03bb\u03b5\u03c9\u03c6\u03bf\u03c1\u03b5\u03af\u03bf;<\/strong> <em>Oriste! Pote fevgi to leoforio?\/ Vars\u00e5god! <\/em><em>N\u00e4r g\u00e5r bussen?<\/em><\/span><\/p>\n<p><span style=\"color: #993366\">_ 15.00 \u03b1\u03ba\u03c1\u03b9\u03b2\u03ce\u03c2<\/span><\/p>\n<p><span style=\"color: #993366\"><strong>_ \u03a4\u03b9 \u03ce\u03c1\u03b1 \u03c6\u03c4\u03ac\u03bd\u03b5\u03b9 \u03c3\u03c4\u03b1 \u03a7\u03b1\u03bd\u03b9\u03ac; \u0398\u03ad\u03bb\u03c9 \u03bd\u03b1 \u03b5\u03af\u03bc\u03b1\u03b9 \u03b5\u03ba\u03b5\u03af \u03c3\u03c4\u03b9\u03c2 18.30.\/\u00a0<\/strong>Ti \u00e5ra ftani sta Chania? Thel\u00e5 na im\u00e4 eki stis 18.30. \/ N\u00e4r kommer (den) fram till Chania? Jag vill vara d\u00e4r klockan 18.30.<\/span><\/p>\n<p><span style=\"color: #993366\">_ 17.15<\/span><\/p>\n<p><span style=\"color: #993366\"><strong>_ \u0388\u03c7\u03b5\u03b9 \u03ba\u03b1\u03bd\u03ad\u03bd\u03b1 \u03bb\u03b5\u03c9\u03c6\u03bf\u03c1\u03b5\u03af\u03bf \u03b1\u03c0\u03cc \u03c4\u03b1 \u03a7\u03b1\u03bd\u03b9\u03ac \u03b3\u03b9\u03b1 \u03b5\u03b4\u03ce \u03b1\u03cd\u03c1\u03b9\u03bf \u03c4\u03bf \u03c0\u03c1\u03c9\u03af;<\/strong><\/span><\/p>\n<p><span style=\"color: #993366\"><em>\u00a0<\/em><em>Echi kanena leoforio apo ta Chania gia ed\u00e5 avrio to pr\u00e5i?\/ <\/em><em>Finns det n\u00e5gon buss fr\u00e5n Chania hit imorgon p\u00e5 morgonen?<\/em><\/span><\/p>\n<p><span style=\"color: #993366\"><em>\u00a0<\/em><strong>_ \u039c\u03b9\u03b1 \u03c3\u03c4\u03b9\u03b3\u03bc\u03ae! \u039d\u03b1\u03b9! \u0391\u03c0\u03cc \u03b5\u03ba\u03b5\u03af \u03c6\u03b5\u03cd\u03b3\u03b5\u03b9 \u03c3\u03c4\u03b9\u03c2 7.00 \u03ba\u03b1\u03b9 \u03c6\u03c4\u03ac\u03bd\u03b5\u03b9 \u03b5\u03b4\u03ce \u03c3\u03c4\u03b9\u03c2 09.15<\/strong>. \/<em>Mia stigmi. N\u00e4! Apo eki fevgi stis 7.00 k\u00e4 ftani ed\u00e5 stis 9.15.\/ Ett \u00f6gonblick! Ja! D\u00e4rifr\u00e5n g\u00e5r (den) klockan 7.00 och (den) kommer fram hit klockan 9.15.<\/em><\/span><\/p>\n<p><span style=\"color: #993366\"><em>\u00a0<\/em><strong>_ \u0395\u03c5\u03c7\u03b1\u03c1\u03b9\u03c3\u03c4\u03ce \u03c0\u03bf\u03bb\u03cd!<\/strong><\/span><\/p>\n<p><span style=\"color: #993366\"><strong>_ \u03a0\u03b1\u03c1\u03b1\u03ba\u03b1\u03bb\u03ce!\u00a0<\/strong><\/span><\/p>\n<p>*********************************************************<\/p>\n<p><strong>Ordlista:<\/strong><\/p>\n<audio class=\"wp-audio-shortcode\" id=\"audio-620-2\" preload=\"none\" style=\"width: 100%;\" controls=\"controls\"><source type=\"audio\/mpeg\" src=\"http:\/\/blogg.folkuniversitetet.nu\/ioanvi\/files\/2015\/11\/\u039a\u03a4\u0395\u039bordlista.mp3?_=2\" \/><a href=\"http:\/\/blogg.folkuniversitetet.nu\/ioanvi\/files\/2015\/11\/\u039a\u03a4\u0395\u039bordlista.mp3\">http:\/\/blogg.folkuniversitetet.nu\/ioanvi\/files\/2015\/11\/\u039a\u03a4\u0395\u039bordlista.mp3<\/a><\/audio>\n<p><span style=\"color: #000080\"><strong>\u03a3\u03c4\u03bf \u039a\u03a4\u0395\u039b: <\/strong>p\u00e5 KTEL<\/span><\/p>\n<p><span style=\"color: #000080\"><strong>\u03b8\u03ad\u03bb\u03c9<\/strong><strong>: <\/strong>jag vill<\/span><\/p>\n<p><span style=\"color: #000080\"><strong>\u03bc\u03b5<\/strong><strong> \u03b5\u03c0\u03b9\u03c3\u03c4\u03c1\u03bf\u03c6\u03ae<\/strong><strong>: <\/strong>tur och retur<\/span><\/p>\n<p><span style=\"color: #000080\"><strong>\u03c6\u03b5\u03cd\u03b3\u03c9<\/strong><strong>: <\/strong>jag g\u00e5r\/ \u00e5ker<\/span><\/p>\n<p><span style=\"color: #000080\"><strong>\u03c6\u03c4\u03ac\u03bd\u03c9<\/strong><strong>: <\/strong>jag kommer fram<\/span><\/p>\n<p><span style=\"color: #000080\"><strong>\u03b5\u03b4\u03ce:<\/strong>h\u00e4r<\/span><\/p>\n<p><span style=\"color: #000080\"><strong>\u03b5\u03ba\u03b5\u03af:<\/strong>d\u00e4r<\/span><\/p>\n<p><span style=\"color: #000080\"><strong>\u03b1\u03c0\u03cc \u03b5\u03b4\u03ce: <\/strong>h\u00e4rifr\u00e5n<\/span><\/p>\n<p><span style=\"color: #000080\"><strong>\u03b1\u03c0\u03cc \u03b5\u03ba\u03b5\u03af:<\/strong> d\u00e4rifr\u00e5n<\/span><\/p>\n<p><span style=\"color: #000080\"><strong>\u03ba\u03b1\u03bd\u03ad\u03bd\u03b1 \u03bb\u03b5\u03c9\u03c6\u03bf\u03c1\u03b5\u03af\u03bf: <\/strong>n\u00e5gon buss<\/span><\/p>\n<p><span style=\"color: #000080\"><strong>\u03bc\u03b9\u03b1 \u03c3\u03c4\u03b9\u03b3\u03bc\u03ae<\/strong>: ett \u00f6gonblick<\/span><\/p>\n<p>***********************************************************************<\/p>\n<p><u>Fr\u00e5gor och svar: OBS! Fr\u00e5<\/u><u>georden!\u00a0<\/u><\/p>\n<audio class=\"wp-audio-shortcode\" id=\"audio-620-3\" preload=\"none\" style=\"width: 100%;\" controls=\"controls\"><source type=\"audio\/mpeg\" src=\"http:\/\/blogg.folkuniversitetet.nu\/ioanvi\/files\/2015\/11\/\u039a\u03a4\u0395\u039bfr\u00e5gor.mp3?_=3\" \/><a href=\"http:\/\/blogg.folkuniversitetet.nu\/ioanvi\/files\/2015\/11\/\u039a\u03a4\u0395\u039bfr\u00e5gor.mp3\">http:\/\/blogg.folkuniversitetet.nu\/ioanvi\/files\/2015\/11\/\u039a\u03a4\u0395\u039bfr\u00e5gor.mp3<\/a><\/audio>\n<p>&nbsp;<\/p>\n<p><span style=\"color: #008000\"><strong>\u03a0\u03bf\u03b9\u03bf\u03c2 <\/strong>\u03b5\u03af\u03bd\u03b1\u03b9 \u03c3\u03c4\u03bf \u039a\u03a4\u0395\u039b \u03c3\u03c4\u03bf \u0397\u03c1\u03ac\u03ba\u03bb\u03b5\u03b9\u03bf \u039a\u03c1\u03ae\u03c4\u03b7\u03c2;<\/span><\/p>\n<p><span style=\"color: #008000\"><em>Pios in\u00e4 sto KTEL sto Iraklio Kritis?\/ <strong>Vem <\/strong>\u00e4r p\u00e5 KTEL p\u00e5 Kreta?<\/em><\/span><\/p>\n<p><span style=\"color: #008000\"><em>\u00a0<\/em><\/span><\/p>\n<p><span style=\"color: #008000\"><strong>\u03a0\u03bf\u03cd<\/strong> \u03b5\u03af\u03bd\u03b1\u03b9 \u03b7 \u039c\u03b1\u03c1\u03af\u03b1; <em>Pu in\u00e4 i Maria?\/ <strong>Var<\/strong> \u00e4r Maria?<\/em><\/span><\/p>\n<p>&nbsp;<\/p>\n<p><span style=\"color: #008000\"><strong>\u03a0\u03bf\u03cd<\/strong> \u03b8\u03ad\u03bb\u03b5\u03b9 \u03bd\u03b1 \u03c4\u03b1\u03be\u03b9\u03b4\u03ad\u03c8\u03b5\u03b9 \u03b7 \u039c\u03b1\u03c1\u03af\u03b1; <em>Pu theli na taksidepsi i Maria?\/ <strong>Vart<\/strong> vill Maria resa?<\/em><\/span><\/p>\n<p>&nbsp;<\/p>\n<p><span style=\"color: #008000\"><strong>\u039c\u03b5 \u03c4\u03b9<\/strong> \u03b8\u03b1 \u03c4\u03b1\u03be\u03b9\u03b4\u03ad\u03c8\u03b5\u03b9 \u03b7 \u039c\u03b1\u03c1\u03af\u03b1; <em>Me ti tha taksidepsi i Maria? \/ <strong>Vad<\/strong> vill Maria resa <strong>med<\/strong>?<\/em><\/span><\/p>\n<p>&nbsp;<\/p>\n<p><span style=\"color: #008000\"><strong>\u03a0\u03cc\u03c4\u03b5 <\/strong>\u03c6\u03b5\u03cd\u03b3\u03b5\u03b9 \u03c4\u03bf \u03bb\u03b5\u03c9\u03c6\u03bf\u03c1\u03b5\u03af\u03bf \u03b1\u03c0\u03cc \u03c4\u03bf \u0397\u03c1\u03ac\u03ba\u03bb\u03b5\u03b9\u03bf; <em>Pote fevgi to leoforio apo to Iraklio?\/ <strong>N\u00e4r<\/strong> g\u00e5r bussen fr\u00e5n Iraklion?<\/em><\/span><\/p>\n<p>&nbsp;<\/p>\n<p><span style=\"color: #008000\"><strong>\u03a0\u03cc\u03c4\u03b5 <\/strong>\u03c6\u03c4\u03ac\u03bd\u03b5\u03b9 \u03c4\u03bf \u03bb\u03b5\u03c9\u03c6\u03bf\u03c1\u03b5\u03af\u03bf \u03c3\u03c4\u03b1 \u03a7\u03b1\u03bd\u03b9\u03ac; <em>Pote ftani to leoforio sta Chania?\/ <strong>N\u00e4r<\/strong> kommer bussen fran till Chania?<\/em><\/span><\/p>\n<p><span style=\"color: #008000\"><em>\u00a0<\/em><\/span><\/p>\n<p><span style=\"color: #008000\"><strong>\u03a0\u03cc\u03c4\u03b5<\/strong> \u03b8\u03ad\u03bb\u03b5\u03b9 \u03bd\u03b1 \u03b5\u03af\u03bd\u03b1\u03b9 \u03b7 \u039c\u03b1\u03c1\u03af\u03b1 \u03c3\u03c4\u03b1 \u03a7\u03b1\u03bd\u03b9\u03ac; <em>Pote theli na in\u00e4 i Maria sta Chania?\/ <strong>N<\/strong><strong>\u00e4<\/strong><\/em><strong><em>r<\/em><\/strong> <em>vill <\/em><em>Maria <\/em><em>vara <\/em><em>framme <\/em><em>i <\/em><em>Chania?<\/em><\/span><\/p>\n<p>&nbsp;<\/p>\n<p><span style=\"color: #008000\"><strong>\u03a0\u03cc\u03c3\u03bf <\/strong>\u03ba\u03ac\u03bd\u03b5\u03b9 \u03c4\u03bf \u03b5\u03b9\u03c3\u03b9\u03c4\u03ae\u03c1\u03b9\u03bf \u03b1\u03c0\u03cc \u03c4\u03bf \u0397\u03c1\u03ac\u03ba\u03bb\u03b5\u03b9\u03bf \u03b3\u03b9\u03b1 \u03c4\u03b1 \u03a7\u03b1\u03bd\u03b9\u03ac \u03bc\u03b5 \u03bb\u03b5\u03c9\u03c6\u03bf\u03c1\u03b5\u03af\u03bf; <em>Poso kani to isitirio apo to Iraklio gia ta Chania me to leoforio?\/ <\/em><strong><em>Hur mycket <\/em><\/strong><em>kostar biljetten fr\u00e5n Iraklion till Chania me bussen?<\/em><\/span><\/p>\n<p>&nbsp;<\/p>\n<p><span style=\"color: #008000\">\u0388\u03c7\u03b5\u03b9 \u03ba\u03b1\u03bd\u03ad\u03bd\u03b1 \u03bb\u03b5\u03c9\u03c6\u03bf\u03c1\u03b5\u03af\u03bf \u03b1\u03c0\u03cc \u03c4\u03b1 \u03a7\u03b1\u03bd\u03b9\u03ac \u03b3\u03b9\u03b1 \u03c4\u03bf \u0397\u03c1\u03ac\u03ba\u03bb\u03b5\u03b9\u03bf; <em>Echi kanena leoforio apo ta Chania gia to Iraklio?\/ <\/em><em>Finns det n\u00e5gon buss fr\u00e5n Chania till Iraklion?<\/em><\/span><\/p>\n<p>&nbsp;<\/p>\n","protected":false},"excerpt":{"rendered":"<p>\u03a3\u03c4\u03b1 \u039a\u03a4\u0395\u039b.\/ Sta KTEL.\/ P\u00e5 bussstationen. \u0397 \u039c\u03b1\u03c1\u03af\u03b1 \u03b5\u03af\u03bd\u03b1\u03b9 \u03c3\u03c4\u03bf \u039a\u03a4\u0395\u039b \u03c4\u03b7\u03c2 \u039a\u03c1\u03ae\u03c4\u03b7\u03c2 \u03c3\u03c4\u03bf \u0397\u03c1\u03ac\u03ba\u03bb\u03b5\u03b9\u03bf .\/\u00a0I Maria in\u00e4 sto KTEL tis Kritis sto Iraklio.\/ Maria \u00e4r p\u00e5 KTEL p\u00e5 Kreta i Iraklion. \u00a0_ \u03a7\u03b1\u03af\u03c1\u03b5\u03c4\u03b5! Ch\u00e4rete! _ \u03a7\u03b1\u03af\u03c1\u03b5\u03c4\u03b5! _\u0398\u03ad\u03bb\u03c9 \u03ad\u03bd\u03b1 \u03b5\u03b9\u03c3\u03b9\u03c4\u03ae\u03c1\u03b9\u03bf &hellip; <a href=\"https:\/\/blogg.folkuniversitetet.nu\/ioanvi\/grekiskanyborjarkurs\/pa-ktel-bussstationen\/\">Forts\u00e4tt l\u00e4sa <span class=\"meta-nav\">&rarr;<\/span><\/a><\/p>\n","protected":false},"author":71,"featured_media":0,"parent":477,"menu_order":0,"comment_status":"closed","ping_status":"closed","template":"","meta":{"footnotes":""},"class_list":["post-620","page","type-page","status-publish","hentry"],"_links":{"self":[{"href":"https:\/\/blogg.folkuniversitetet.nu\/ioanvi\/wp-json\/wp\/v2\/pages\/620","targetHints":{"allow":["GET"]}}],"collection":[{"href":"https:\/\/blogg.folkuniversitetet.nu\/ioanvi\/wp-json\/wp\/v2\/pages"}],"about":[{"href":"https:\/\/blogg.folkuniversitetet.nu\/ioanvi\/wp-json\/wp\/v2\/types\/page"}],"author":[{"embeddable":true,"href":"https:\/\/blogg.folkuniversitetet.nu\/ioanvi\/wp-json\/wp\/v2\/users\/71"}],"replies":[{"embeddable":true,"href":"https:\/\/blogg.folkuniversitetet.nu\/ioanvi\/wp-json\/wp\/v2\/comments?post=620"}],"version-history":[{"count":3,"href":"https:\/\/blogg.folkuniversitetet.nu\/ioanvi\/wp-json\/wp\/v2\/pages\/620\/revisions"}],"predecessor-version":[{"id":653,"href":"https:\/\/blogg.folkuniversitetet.nu\/ioanvi\/wp-json\/wp\/v2\/pages\/620\/revisions\/653"}],"up":[{"embeddable":true,"href":"https:\/\/blogg.folkuniversitetet.nu\/ioanvi\/wp-json\/wp\/v2\/pages\/477"}],"wp:attachment":[{"href":"https:\/\/blogg.folkuniversitetet.nu\/ioanvi\/wp-json\/wp\/v2\/media?parent=620"}],"curies":[{"name":"wp","href":"https:\/\/api.w.org\/{rel}","templated":true}]}}