{"id":574,"date":"2015-11-01T07:24:56","date_gmt":"2015-11-01T07:24:56","guid":{"rendered":"http:\/\/blogg.folkuniversitetet.nu\/ioanvi\/?page_id=574"},"modified":"2016-02-23T11:41:02","modified_gmt":"2016-02-23T11:41:02","slug":"en-turist-i-grekland-text-kap-10","status":"publish","type":"page","link":"https:\/\/blogg.folkuniversitetet.nu\/ioanvi\/grekiskafortsattningskurs\/en-turist-i-grekland-text-kap-10\/","title":{"rendered":"En turist i Grekland\/ Text\/ kap.10"},"content":{"rendered":"<p><a href=\"http:\/\/blogg.folkuniversitetet.nu\/ioanvi\/files\/2016\/02\/1172862_4663557241873_1927384014_o.jpg\" rel=\"attachment wp-att-990\"><img loading=\"lazy\" decoding=\"async\" class=\"alignnone wp-image-990 size-full\" src=\"http:\/\/blogg.folkuniversitetet.nu\/ioanvi\/files\/2016\/02\/1172862_4663557241873_1927384014_o.jpg\" alt=\"1172862_4663557241873_1927384014_o\" width=\"2048\" height=\"1536\" srcset=\"https:\/\/blogg.folkuniversitetet.nu\/ioanvi\/files\/2016\/02\/1172862_4663557241873_1927384014_o.jpg 2048w, https:\/\/blogg.folkuniversitetet.nu\/ioanvi\/files\/2016\/02\/1172862_4663557241873_1927384014_o-300x225.jpg 300w, https:\/\/blogg.folkuniversitetet.nu\/ioanvi\/files\/2016\/02\/1172862_4663557241873_1927384014_o-768x576.jpg 768w, https:\/\/blogg.folkuniversitetet.nu\/ioanvi\/files\/2016\/02\/1172862_4663557241873_1927384014_o-1024x768.jpg 1024w\" sizes=\"auto, (max-width: 2048px) 100vw, 2048px\" \/><\/a><\/p>\n<p><strong><u>\u0388\u03bd\u03b1\u03c2 \u03c4\u03bf\u03c5\u03c1\u03af\u03c3\u03c4\u03b1\u03c2 \u03c3\u03c4\u03b7\u03bd \u0395\u03bb\u03bb\u03ac\u03b4\u03b1<\/u><\/strong><\/p>\n<p><strong><u>\u00a0<\/u><\/strong><\/p>\n<audio class=\"wp-audio-shortcode\" id=\"audio-574-1\" preload=\"none\" style=\"width: 100%;\" controls=\"controls\"><source type=\"audio\/mpeg\" src=\"http:\/\/blogg.folkuniversitetet.nu\/ioanvi\/files\/2015\/11\/textdel1.mp3?_=1\" \/><a href=\"http:\/\/blogg.folkuniversitetet.nu\/ioanvi\/files\/2015\/11\/textdel1.mp3\">http:\/\/blogg.folkuniversitetet.nu\/ioanvi\/files\/2015\/11\/textdel1.mp3<\/a><\/audio>\n<p><strong><span style=\"color: #008080\">\u039f \u039b\u03b1\u03c1\u03c2 \u03b5\u03af\u03bd\u03b1\u03b9 \u03c4\u03bf\u03c5\u03c1\u03af\u03c3\u03c4\u03b1\u03c2 \u03c3\u03c4\u03b7\u03bd \u0395\u03bb\u03bb\u03ac\u03b4\u03b1<\/span>. <\/strong><em>O Lars in\u00e4 turistas stin Elada\/\/ Lars \u00e4r turist i Grekland.<\/em><\/p>\n<p><strong><span style=\"color: #008080\">\u0391\u03b3\u03bf\u03c1\u03ac\u03b6\u03b5\u03b9 \u03ba\u03b5\u03c1\u03ac\u03c3\u03b9\u03b1 \u03b1\u03c0\u03cc \u03ad\u03bd\u03b1\u03bd \u03c0\u03c9\u03bb\u03b7\u03c4\u03ae.<\/span> <\/strong><em>Agorazi kerasia apo enan politi.\/\/ Han handlar k\u00f6rsb\u00e4r hos en s\u00e4ljare.<\/em><\/p>\n<p><strong>_<span style=\"color: #008080\">\u039c\u03b5 \u03c3\u03c5\u03b3\u03c7\u03c9\u03c1\u03b5\u03af\u03c4\u03b5. \u0395\u03af\u03c3\u03c4\u03b5 \u0388\u03bb\u03bb\u03b7\u03bd\u03b1\u03c2;<\/span><\/strong> <em>Me <\/em><em>sigchorite. <\/em><em>Iste Elinas?\/\/Urs\u00e4kta! \u00c4r du Grek?<\/em><\/p>\n<p><strong>_<span style=\"color: #008080\">\u038c\u03c7\u03b9, \u03b4\u03b5\u03bd \u03b5\u03af\u03bc\u03b1\u03b9 \u0388\u03bb\u03bb\u03b7\u03bd\u03b1\u03c2. \u0395\u03af\u03bc\u03b1\u03b9<\/span><\/strong><span style=\"color: #008080\"> <strong>\u03a3\u03bf\u03c5\u03b7\u03b4\u03cc\u03c2<\/strong><strong>. <\/strong><\/span><em>Ochi, den im\u00e4 Ellinas. Im\u00e4 <\/em><em>Suidos.<\/em><\/p>\n<p><span style=\"color: #008080\"><strong>_\u03a4\u03b9 \u03bb\u03ad\u03c4\u03b5! \u039a\u03b1\u03b9 \u03bc\u03b9\u03bb\u03ac\u03c4\u03b5 \u03c4\u03cc\u03c3\u03bf \u03ba\u03b1\u03bb\u03ac \u03b5\u03bb\u03bb\u03b7\u03bd\u03b9\u03ba\u03ac! \u0388\u03c7\u03b5\u03c4\u03b5 \u03c0\u03bf\u03bb\u03cd \u03ba\u03b1\u03b9\u03c1\u03cc \u03c3\u03c4\u03b7\u03bd \u0395\u03bb\u03bb\u03ac\u03b4\u03b1;<\/strong><\/span><\/p>\n<p><em>Ti lete! K\u00e4 milate toso kala elinika! Echete poli k\u00e4ro stin Ellada?\/\/ Vad s\u00e4ger du! Och du talar s\u00e5 bra grekiska! Har du varit l\u00e4nge i Grekland?<\/em><\/p>\n<p><strong>_<span style=\"color: #008080\">\u03a0\u03b5\u03c1\u03af\u03c0\u03bf\u03c5 \u03bc\u03af\u03b1 \u03b5\u03b2\u03b4\u03bf\u03bc\u03ac\u03b4\u03b1. <\/span><\/strong><em>Peripu mia evdomada.\/\/ Ungef\u00e4r en vecka.<\/em><\/p>\n<p><strong>_<span style=\"color: #008080\">\u03a0\u03bf\u03cd \u03bc\u03ad\u03bd\u03b5\u03c4\u03b5;<\/span> <\/strong>Pu menete?\/\/ Var bor du?<\/p>\n<p><strong>_<span style=\"color: #008080\">\u039c\u03ad\u03bd\u03c9 \u03c3\u03c4\u03bf \u03be\u03b5\u03bd\u03bf\u03b4\u03bf\u03c7\u03b5\u03af\u03bf<\/span>. <\/strong><em>Men\u00e5 sto ksenodochio.\/ \/Jag bor p\u00e5 hotellet. <\/em><\/p>\n<p><strong>_<span style=\"color: #008080\">\u03a0\u03bf\u03cd \u03c0\u03b7\u03b3\u03b1\u03af\u03bd\u03b5\u03c4\u03b5; <\/span><\/strong><em>Pu pig\u00e4nete?\/\/ Vart g\u00e5r du?<\/em><\/p>\n<p><strong>_<span style=\"color: #008080\">\u03a0\u03b7\u03b3\u03b1\u03af\u03bd\u03c9 \u03c3\u03c4\u03bf \u03bc\u03bf\u03c5\u03c3\u03b5\u03af\u03bf. \u039c\u03ae\u03c0\u03c9\u03c2 \u03be\u03ad\u03c1\u03b5\u03c4\u03b5 \u03c4\u03b9 \u03ce\u03c1\u03b1 \u03ba\u03bb\u03b5\u03af\u03bd\u03b5\u03b9; <\/span><\/strong><em>Pig\u00e4n\u00e5 sto musio. Mip\u00e5s kserete ti \u00e5ra klini?\/\/ Jag g\u00e5r till museet. Vet du n\u00e4r det st\u00e4ngs?<\/em><\/p>\n<p><strong>_\u039d<span style=\"color: #008080\">\u03b1\u03b9, \u03ba\u03bb\u03b5\u03af\u03bd\u03b5\u03b9 \u03c3\u03c4\u03b9\u03c2 \u03ad\u03be\u03b9 \u03b1\u03ba\u03c1\u03b9\u03b2\u03ce\u03c2.<\/span><\/strong> <em>N\u00e4, klini stis 6 akriv\u00e5s.\/\/ Ja, det st\u00e4ngs prix sex.<\/em><\/p>\n<p><strong>_<span style=\"color: #008080\">\u03a4\u03cc\u03c4\u03b5 \u03c0\u03c1\u03ad\u03c0\u03b5\u03b9 \u03bd\u03b1 \u03c0\u03b7\u03b3\u03b1\u03af\u03bd\u03c9. \u0391\u03bd\u03c4\u03af\u03bf \u03c3\u03b1\u03c2 \u03bb\u03bf\u03b9\u03c0\u03cc\u03bd \u03ba\u03b1\u03b9 \u03c7\u03ac\u03c1\u03b7\u03ba\u03b1 \u03c0\u03bf\u03bb\u03cd.<\/span><\/strong><\/p>\n<p><em>Tote prepi na pig\u00e4n\u00e5. Antio sas lipon k\u00e4 charika poli. \/\/ D\u00e5 m\u00e5ste jag g\u00e5. Hejd\u00e5, trevligt att tr\u00e4ffa dig.<\/em><\/p>\n<p><strong>_<span style=\"color: #008080\">\u039a\u03b1\u03b9 \u03b5\u03b3\u03ce \u03b5\u03c0\u03af\u03c3\u03b7\u03c2. \u0393\u03b5\u03b9\u03b1 \u03c3\u03b1\u03c2.<\/span><\/strong> <em>K\u00e4 ego episis. Geia sas.<\/em><\/p>\n<p><strong>\u00a0<\/strong><\/p>\n<audio class=\"wp-audio-shortcode\" id=\"audio-574-2\" preload=\"none\" style=\"width: 100%;\" controls=\"controls\"><source type=\"audio\/mpeg\" src=\"http:\/\/blogg.folkuniversitetet.nu\/ioanvi\/files\/2015\/11\/text10del2.mp3?_=2\" \/><a href=\"http:\/\/blogg.folkuniversitetet.nu\/ioanvi\/files\/2015\/11\/text10del2.mp3\">http:\/\/blogg.folkuniversitetet.nu\/ioanvi\/files\/2015\/11\/text10del2.mp3<\/a><\/audio>\n<p><span style=\"color: #008080\"><strong>\u039f \u039b\u03b1\u03c1\u03c2 \u03c0\u03b7\u03b3\u03b1\u03af\u03bd\u03b5\u03b9 \u03c3\u03c4\u03bf \u03bc\u03bf\u03c5\u03c3\u03b5\u03af\u03bf.<\/strong><\/span> <em>O Lars pig\u00e4ni sto musio.\/\/ Lars g\u00e5r till museet.<\/em><\/p>\n<p><span style=\"color: #008080\"><strong>\u0397 \u03b5\u03af\u03c3\u03bf\u03b4\u03bf\u03c2 \u03c4\u03bf\u03c5 \u03bc\u03bf\u03c5\u03c3\u03b5\u03af\u03bf\u03c5 \u03b5\u03af\u03bd\u03b1\u03b9 \u03b1\u03ba\u03cc\u03bc\u03b1 \u03b1\u03bd\u03bf\u03b9\u03c7\u03c4\u03ae.<\/strong><\/span> <em>I <\/em><em>isodos <\/em><em>tu <\/em><em>musiu <\/em><em>in\u00e4 <\/em><em>akoma <\/em><em>anichti.<\/em><em>\/\/ Ing\u00e5ngen \u00e4r fortfarande \u00f6ppen. <\/em><\/p>\n<p><span style=\"color: #008080\"><strong>\u039f \u039b\u03b1\u03c1\u03c2 \u03b2\u03bb\u03ad\u03c0\u03b5\u03b9 \u03c4\u03b7\u03bd \u03b1\u03c1\u03c7\u03b1\u03b9\u03bf\u03bb\u03bf\u03b3\u03b9\u03ba\u03ae \u03ad\u03ba\u03b8\u03b5\u03c3\u03b7.<\/strong><\/span> <em>O Lars vlepi tin archeologiki ekthesi. \/\/ Lars tittar p\u00e5 den arkeologiska utst\u00e4llningen. <\/em><\/p>\n<p><span style=\"color: #008080\"><strong>\u03a4\u03bf \u03b2\u03c1\u03ac\u03b4\u03c5 \u03bf \u039b\u03b1\u03c1\u03c2 \u03c0\u03b7\u03b3\u03b1\u03af\u03bd\u03b5\u03b9 \u03c3\u03b5 \u03ad\u03bd\u03b1 \u03ba\u03b1\u03bb\u03cc \u03b5\u03c3\u03c4\u03b9\u03b1\u03c4\u03cc\u03c1\u03b9\u03bf.<\/strong><\/span> <em>To vradi o Lars pig\u00e4ni se ena kalo etsiatorio.\/ P\u00e5 kv\u00e4llen g\u00e5r Lars p\u00e5 en restaurang. <\/em><\/p>\n<p><span style=\"color: #008080\"><strong>\u0395\u03ba\u03b5\u03af \u03b4\u03bf\u03ba\u03b9\u03bc\u03ac\u03b6\u03b5\u03b9 \u03c4\u03bf \u03bd\u03cc\u03c3\u03c4\u03b9\u03bc\u03bf \u03c6\u03b1\u03b3\u03b7\u03c4\u03cc \u03c4\u03b7\u03c2 \u03c0\u03b5\u03c1\u03b9\u03bf\u03c7\u03ae\u03c2<\/strong><\/span>. <em>Eki dokimazi to nostimo fagito tis periochis. \/ D\u00e4r testar han lokala matr\u00e4tter.<\/em><\/p>\n<p>************************************************************<\/p>\n<p style=\"text-align: center\"><strong><em>Uppgift! Svara p\u00e5 fr\u00e5gorna nedan n\u00e4r du har l\u00e4st texten ovan!\u00a0<\/em><\/strong><\/p>\n<audio class=\"wp-audio-shortcode\" id=\"audio-574-3\" preload=\"none\" style=\"width: 100%;\" controls=\"controls\"><source type=\"audio\/mpeg\" src=\"http:\/\/blogg.folkuniversitetet.nu\/ioanvi\/files\/2015\/11\/text10fr\u00e5gor.mp3?_=3\" \/><a href=\"http:\/\/blogg.folkuniversitetet.nu\/ioanvi\/files\/2015\/11\/text10fr\u00e5gor.mp3\">http:\/\/blogg.folkuniversitetet.nu\/ioanvi\/files\/2015\/11\/text10fr\u00e5gor.mp3<\/a><\/audio>\n<p><span style=\"color: #800080\"><strong>\u03a4\u03b9 \u03ba\u03ac\u03bd\u03b5\u03b9 \u03bf \u039b\u03ac\u03c1\u03c2 \u03c3\u03c4\u03b7\u03bd \u0395\u03bb\u03bb\u03ac\u03b4\u03b1;<\/strong> <\/span><em>Ti kani o Lars stin Elada?\/\/ Vad g\u00f6r Lars i Grekland?<\/em><\/p>\n<p><span style=\"color: #800080\"><strong>\u0391\u03c0\u03cc \u03c0\u03bf\u03cd \u03b5\u03af\u03bd\u03b1\u03b9 \u03bf \u039b\u03b1\u03c1\u03c2;<\/strong> <\/span><em>Apo pu in\u00e4 o Lars?\/\/ Varifr\u00e5n kommer Lars?<\/em><\/p>\n<p><span style=\"color: #800080\"><strong>\u03a0\u03bf\u03cd \u03bc\u03ad\u03bd\u03b5\u03b9 \u03bf \u039b\u03b1\u03c1\u03c2;<\/strong><\/span> <em>Pu meni o Lars?\/\/ Var bor Lars?<\/em><\/p>\n<p><span style=\"color: #800080\"><strong>\u03a0\u03bf\u03cd \u03c0\u03b7\u03b3\u03b1\u03af\u03bd\u03b5\u03b9 \u03bf \u039b\u03b1\u03c1\u03c2;<\/strong> <\/span><em>Pu pig\u00e4ni o Lars?\/\/ Vart g\u00e5r Lars?<\/em><\/p>\n<p><span style=\"color: #800080\"><strong>\u03a4\u03b9 \u03ce\u03c1\u03b1 \u03ba\u03bb\u03b5\u03af\u03bd\u03b5\u03b9 \u03c4\u03bf \u03bc\u03bf\u03c5\u03c3\u03b5\u03af\u03bf;<\/strong><\/span><em>Ti \u00e5<\/em><em>ra <\/em><em>klini <\/em><em>to <\/em><em>musio?\/\/ <\/em><em>Vilken tid st\u00e4ngs museet?<\/em><\/p>\n<p><span style=\"color: #800080\"><strong>\u0395\u03af\u03bd\u03b1\u03b9 \u03b1\u03bd\u03bf\u03b9\u03c7\u03c4\u03cc \u03c4\u03bf \u03bc\u03bf\u03c5\u03c3\u03b5\u03af\u03bf, \u03cc\u03c4\u03b1\u03bd \u03c6\u03c4\u03ac\u03bd\u03b5\u03b9 \u03bf \u039b\u03ac\u03c1\u03c2;<\/strong> <\/span><em>In\u00e4 anichto to musio, otan ftani o Lars?\/\/ \u00c4r museet \u00e4ppet n\u00e4r Lars kommer fram?<\/em><\/p>\n<p><span style=\"color: #800080\"><strong>\u03a4\u03b9 \u03ba\u03ac\u03bd\u03b5\u03b9 \u03bf \u039b\u03b1\u03c1\u03c2 \u03c4\u03bf \u03b2\u03c1\u03ac\u03b4\u03c5;<\/strong><\/span> <em>Ti kani o Lars to vradi?\/\/ <\/em><em>Vad g\u00f6r Lars p\u00e5 kv\u00e4llen?<\/em><\/p>\n<p>&nbsp;<\/p>\n<p>&nbsp;<\/p>\n<p>&nbsp;<\/p>\n<p>&nbsp;<\/p>\n<p>&nbsp;<\/p>\n<p>&nbsp;<\/p>\n<p>&nbsp;<\/p>\n<p>&nbsp;<\/p>\n<p>&nbsp;<\/p>\n<p>&nbsp;<\/p>\n<p>&nbsp;<\/p>\n","protected":false},"excerpt":{"rendered":"<p>\u0388\u03bd\u03b1\u03c2 \u03c4\u03bf\u03c5\u03c1\u03af\u03c3\u03c4\u03b1\u03c2 \u03c3\u03c4\u03b7\u03bd \u0395\u03bb\u03bb\u03ac\u03b4\u03b1 \u00a0 \u039f \u039b\u03b1\u03c1\u03c2 \u03b5\u03af\u03bd\u03b1\u03b9 \u03c4\u03bf\u03c5\u03c1\u03af\u03c3\u03c4\u03b1\u03c2 \u03c3\u03c4\u03b7\u03bd \u0395\u03bb\u03bb\u03ac\u03b4\u03b1. O Lars in\u00e4 turistas stin Elada\/\/ Lars \u00e4r turist i Grekland. \u0391\u03b3\u03bf\u03c1\u03ac\u03b6\u03b5\u03b9 \u03ba\u03b5\u03c1\u03ac\u03c3\u03b9\u03b1 \u03b1\u03c0\u03cc \u03ad\u03bd\u03b1\u03bd \u03c0\u03c9\u03bb\u03b7\u03c4\u03ae. Agorazi kerasia apo enan politi.\/\/ Han handlar k\u00f6rsb\u00e4r hos en s\u00e4ljare. _\u039c\u03b5 \u03c3\u03c5\u03b3\u03c7\u03c9\u03c1\u03b5\u03af\u03c4\u03b5. &hellip; <a href=\"https:\/\/blogg.folkuniversitetet.nu\/ioanvi\/grekiskafortsattningskurs\/en-turist-i-grekland-text-kap-10\/\">Forts\u00e4tt l\u00e4sa <span class=\"meta-nav\">&rarr;<\/span><\/a><\/p>\n","protected":false},"author":71,"featured_media":0,"parent":472,"menu_order":0,"comment_status":"closed","ping_status":"closed","template":"","meta":{"footnotes":""},"class_list":["post-574","page","type-page","status-publish","hentry"],"_links":{"self":[{"href":"https:\/\/blogg.folkuniversitetet.nu\/ioanvi\/wp-json\/wp\/v2\/pages\/574","targetHints":{"allow":["GET"]}}],"collection":[{"href":"https:\/\/blogg.folkuniversitetet.nu\/ioanvi\/wp-json\/wp\/v2\/pages"}],"about":[{"href":"https:\/\/blogg.folkuniversitetet.nu\/ioanvi\/wp-json\/wp\/v2\/types\/page"}],"author":[{"embeddable":true,"href":"https:\/\/blogg.folkuniversitetet.nu\/ioanvi\/wp-json\/wp\/v2\/users\/71"}],"replies":[{"embeddable":true,"href":"https:\/\/blogg.folkuniversitetet.nu\/ioanvi\/wp-json\/wp\/v2\/comments?post=574"}],"version-history":[{"count":7,"href":"https:\/\/blogg.folkuniversitetet.nu\/ioanvi\/wp-json\/wp\/v2\/pages\/574\/revisions"}],"predecessor-version":[{"id":1014,"href":"https:\/\/blogg.folkuniversitetet.nu\/ioanvi\/wp-json\/wp\/v2\/pages\/574\/revisions\/1014"}],"up":[{"embeddable":true,"href":"https:\/\/blogg.folkuniversitetet.nu\/ioanvi\/wp-json\/wp\/v2\/pages\/472"}],"wp:attachment":[{"href":"https:\/\/blogg.folkuniversitetet.nu\/ioanvi\/wp-json\/wp\/v2\/media?parent=574"}],"curies":[{"name":"wp","href":"https:\/\/api.w.org\/{rel}","templated":true}]}}