{"id":294,"date":"2015-02-20T09:47:20","date_gmt":"2015-02-20T09:47:20","guid":{"rendered":"http:\/\/blogg.folkuniversitetet.nu\/ioanvi\/?page_id=294"},"modified":"2015-02-20T09:53:08","modified_gmt":"2015-02-20T09:53:08","slug":"manos-hatzidakis","status":"publish","type":"page","link":"https:\/\/blogg.folkuniversitetet.nu\/ioanvi\/melodier\/manos-hatzidakis\/","title":{"rendered":"Manos Hatzidakis"},"content":{"rendered":"<p><strong>Manos Hadjidakis<\/strong> (grekiska: \u039c\u03ac\u03bd\u03bf\u03c2 \u03a7\u03b1\u03c4\u03b6\u03b9\u03b4\u03ac\u03ba\u03b9\u03c2), f\u00f6dd 23 oktober 1925 i Xanthi, Grekland, d\u00f6d 15 juni 1994, var en grekisk komposit\u00f6r. Hadjidakis har bel\u00f6nats med en Oscar f\u00f6r b\u00e4sta s\u00e5ng (1960) f\u00f6r sin s\u00e5ng Never on Sunday fr\u00e5n filmen med samma namn. F\u00f6r svensk publik \u00e4r han \u00e4ven k\u00e4nd f\u00f6r musiken till den amerikanska filmen Topkapi \u00a0fr\u00e5n 1964, med Melina Mercouri, Maximilian Schell och Peter Ustinov.<\/p>\n<p><em>K\u00e4lla: wikipedia<\/em><\/p>\n<p><strong>&#8221;\u03a0\u03bf\u03c4\u03ad \u03c4\u03b7\u03bd \u039a\u03c5\u03c1\u03b9\u03b1\u03ba\u03ae&#8221;- &#8221;Aldrig p\u00e5 s\u00f6ndag&#8221;<\/strong><\/p>\n<p><iframe loading=\"lazy\" title=\"Hadjidakis-Nana Mouskouri: The &quot;children&quot; of Piraeus-Never on Sunday\" width=\"640\" height=\"360\" src=\"https:\/\/www.youtube.com\/embed\/g6zPpUwbj9g?feature=oembed\" frameborder=\"0\" allow=\"accelerometer; autoplay; clipboard-write; encrypted-media; gyroscope; picture-in-picture; web-share\" referrerpolicy=\"strict-origin-when-cross-origin\" allowfullscreen><\/iframe><\/p>\n<p><strong>&#8221;\u039f \u03b5\u03c6\u03b9\u03ac\u03bb\u03c4\u03b7\u03c2 \u03c4\u03b7\u03c2 \u03a0\u03b5\u03c1\u03c3\u03b5\u03c6\u03cc\u03bd\u03b7\u03c2&#8221;- &#8221;Persefonis mardr\u00f6m&#8221;<\/strong><\/p>\n<p><iframe loading=\"lazy\" title=\"\u039f \u03b5\u03c6\u03b9\u03ac\u03bb\u03c4\u03b7\u03c2 \u03c4\u03b7\u03c2 \u03a0\u03b5\u03c1\u03c3\u03b5\u03c6\u03cc\u03bd\u03b7\u03c2 - \u03a4\u03ac\u03bd\u03b9\u03b1 \u03a4\u03c3\u03b1\u03bd\u03b1\u03ba\u03bb\u03af\u03b4\u03bf\u03c5\" width=\"640\" height=\"480\" src=\"https:\/\/www.youtube.com\/embed\/MgErimvNmWM?feature=oembed\" frameborder=\"0\" allow=\"accelerometer; autoplay; clipboard-write; encrypted-media; gyroscope; picture-in-picture; web-share\" referrerpolicy=\"strict-origin-when-cross-origin\" allowfullscreen><\/iframe><\/p>\n<p><strong>&#8221;\u039f \u03b5\u03c6\u03b9\u03ac\u03bb\u03c4\u03b7\u03c2 \u03c4\u03b7\u03c2 \u03a0\u03b5\u03c1\u03c3\u03b5\u03c6\u03cc\u03bd\u03b7\u03c2&#8221;- &#8221;Persefonis mardr\u00f6m&#8221;<\/strong> (l\u00e5tens text p\u00e5 engelska)<\/p>\n<p>There, where pennyroyal and wild mint grew<br \/>\nand earth sprouted her first cyclamen<br \/>\nnow peasants bargain for cement<br \/>\nand birds drop dead in the furnace.<\/p>\n<p>Sleep, Persephone<br \/>\nin earth&#8217;s embrace<br \/>\nto this world&#8217;s balcony<br \/>\nCome out no more.<\/p>\n<p>There, where mystics joined hands<br \/>\nreverently on entering the sacrificial site<br \/>\nnow tourists throw tab ends<br \/>\nand gaze at the new oil refinery.<\/p>\n<p>Sleep, Persephone<br \/>\nin earth&#8217;s embrace<br \/>\nto this world&#8217;s balcony<br \/>\nCome out no more.<\/p>\n<p>There, where sea was blessed<br \/>\nand bleating in the fields was a prayer<br \/>\nnow trucks carry to the shipyards<br \/>\nempty bodies, children of scrap metal and plating.<\/p>\n<p>Sleep, Persephone<br \/>\nin earth&#8217;s embrace<br \/>\nto this world&#8217;s balcony<br \/>\nCome out no more<\/p>\n<p><strong>&#8221;\u0397 \u0392\u03c1\u03bf\u03c7\u03ae&#8221;- &#8221;Regn&#8221;<\/strong><\/p>\n<p><iframe loading=\"lazy\" title=\"\u0392\u03c1\u03bf\u03c7\u03ae - \u039c\u03ac\u03bd\u03bf\u03c2 \u03a7\u03b1\u03c4\u03b6\u03b9\u03b4\u03ac\u03ba\u03b9\u03c2\" width=\"640\" height=\"360\" src=\"https:\/\/www.youtube.com\/embed\/qvWl7JOOT6I?feature=oembed\" frameborder=\"0\" allow=\"accelerometer; autoplay; clipboard-write; encrypted-media; gyroscope; picture-in-picture; web-share\" referrerpolicy=\"strict-origin-when-cross-origin\" allowfullscreen><\/iframe><\/p>\n","protected":false},"excerpt":{"rendered":"<p>Manos Hadjidakis (grekiska: \u039c\u03ac\u03bd\u03bf\u03c2 \u03a7\u03b1\u03c4\u03b6\u03b9\u03b4\u03ac\u03ba\u03b9\u03c2), f\u00f6dd 23 oktober 1925 i Xanthi, Grekland, d\u00f6d 15 juni 1994, var en grekisk komposit\u00f6r. Hadjidakis har bel\u00f6nats med en Oscar f\u00f6r b\u00e4sta s\u00e5ng (1960) f\u00f6r sin s\u00e5ng Never on Sunday fr\u00e5n filmen med samma &hellip; <a href=\"https:\/\/blogg.folkuniversitetet.nu\/ioanvi\/melodier\/manos-hatzidakis\/\">Forts\u00e4tt l\u00e4sa <span class=\"meta-nav\">&rarr;<\/span><\/a><\/p>\n","protected":false},"author":71,"featured_media":0,"parent":229,"menu_order":0,"comment_status":"closed","ping_status":"open","template":"","meta":{"footnotes":""},"class_list":["post-294","page","type-page","status-publish","hentry"],"_links":{"self":[{"href":"https:\/\/blogg.folkuniversitetet.nu\/ioanvi\/wp-json\/wp\/v2\/pages\/294","targetHints":{"allow":["GET"]}}],"collection":[{"href":"https:\/\/blogg.folkuniversitetet.nu\/ioanvi\/wp-json\/wp\/v2\/pages"}],"about":[{"href":"https:\/\/blogg.folkuniversitetet.nu\/ioanvi\/wp-json\/wp\/v2\/types\/page"}],"author":[{"embeddable":true,"href":"https:\/\/blogg.folkuniversitetet.nu\/ioanvi\/wp-json\/wp\/v2\/users\/71"}],"replies":[{"embeddable":true,"href":"https:\/\/blogg.folkuniversitetet.nu\/ioanvi\/wp-json\/wp\/v2\/comments?post=294"}],"version-history":[{"count":4,"href":"https:\/\/blogg.folkuniversitetet.nu\/ioanvi\/wp-json\/wp\/v2\/pages\/294\/revisions"}],"predecessor-version":[{"id":298,"href":"https:\/\/blogg.folkuniversitetet.nu\/ioanvi\/wp-json\/wp\/v2\/pages\/294\/revisions\/298"}],"up":[{"embeddable":true,"href":"https:\/\/blogg.folkuniversitetet.nu\/ioanvi\/wp-json\/wp\/v2\/pages\/229"}],"wp:attachment":[{"href":"https:\/\/blogg.folkuniversitetet.nu\/ioanvi\/wp-json\/wp\/v2\/media?parent=294"}],"curies":[{"name":"wp","href":"https:\/\/api.w.org\/{rel}","templated":true}]}}