{"id":289,"date":"2015-02-20T09:01:42","date_gmt":"2015-02-20T09:01:42","guid":{"rendered":"http:\/\/blogg.folkuniversitetet.nu\/ioanvi\/?page_id=289"},"modified":"2015-10-13T13:21:17","modified_gmt":"2015-10-13T13:21:17","slug":"verbet-%ce%ba%ce%ac%ce%bd%cf%89","status":"publish","type":"page","link":"https:\/\/blogg.folkuniversitetet.nu\/ioanvi\/grekiskafortsattningskurs\/verbet-%ce%ba%ce%ac%ce%bd%cf%89\/","title":{"rendered":"Verbet &#8221;\u03ba\u03ac\u03bd\u03c9&#8221;"},"content":{"rendered":"<audio class=\"wp-audio-shortcode\" id=\"audio-289-1\" preload=\"none\" style=\"width: 100%;\" controls=\"controls\"><source type=\"audio\/mpeg\" src=\"http:\/\/blogg.folkuniversitetet.nu\/ioanvi\/files\/2015\/02\/kano.mp3?_=1\" \/><a href=\"http:\/\/blogg.folkuniversitetet.nu\/ioanvi\/files\/2015\/02\/kano.mp3\">http:\/\/blogg.folkuniversitetet.nu\/ioanvi\/files\/2015\/02\/kano.mp3<\/a><\/audio>\n<table>\n<tbody>\n<tr>\n<td colspan=\"3\" width=\"1060\"><strong>Verbet\u00a0<\/strong><strong><span style=\"text-decoration: underline\">\u03ba\u03ac\u03bd\u03c9<\/span><\/strong><strong>\u00a0betyder huvudsakligen\u00a0<span style=\"text-decoration: underline\">jag g\u00f6r<\/span>. Det f\u00e5r \u00e4nd\u00e5 n\u00e5gra flera betydelser beroende p\u00e5 sammanhanget. Se betydelserna nedan!<\/strong><\/td>\n<\/tr>\n<tr>\n<td width=\"323\">\u039a\u03ac\u03bd\u03c9 \u03c6\u03b1\u03b3\u03b7\u03c4\u03cc<\/p>\n<p>Kan\u00e5 fajito<\/td>\n<td width=\"245\">\u03a6\u03b1\u03b3\u03b7\u03c4\u03cc\u00a0= mat<\/td>\n<td width=\"492\">Jag lagar mat<\/td>\n<\/tr>\n<tr>\n<td width=\"323\">\u039a\u03ac\u03bd\u03c9 \u03c0\u03bf\u03b4\u03ae\u03bb\u03b1\u03c4\u03bf<\/p>\n<p>Kan\u00e5 podilato<\/td>\n<td width=\"245\">\u03a0\u03bf\u03b4\u03ae\u03bb\u03b1\u03c4\u03bf\u00a0= cykel<\/td>\n<td width=\"492\">Jag cyklar<\/td>\n<\/tr>\n<tr>\n<td width=\"323\">\u039a\u03ac\u03bd\u03c9 \u03bc\u03c0\u03ac\u03bd\u03b9\u03bf<\/p>\n<p>Kan\u00e5 bangio<\/td>\n<td width=\"245\">\u039c\u03c0\u03ac\u03bd\u03b9\u03bf= bad<\/td>\n<td width=\"492\">Jag badar i havet<\/td>\n<\/tr>\n<tr>\n<td width=\"323\">\u039a\u03ac\u03bd\u03c9 \u03bc\u03c0\u03ac\u03bd\u03b9\u03bf<\/p>\n<p>Kan\u00e5 bangio<\/td>\n<td width=\"245\">\u039c\u03c0\u03ac\u03bd\u03b9\u03bf= bad<\/td>\n<td width=\"492\">Jag duschar<\/td>\n<\/tr>\n<tr>\n<td width=\"323\">\u039a\u03ac\u03bd\u03c9 \u03b7\u03bb\u03b9\u03bf\u03b8\u03b5\u03c1\u03b1\u03c0\u03b5\u03af\u03b1<\/p>\n<p>Kan\u00e5 iliotherapia<\/td>\n<td width=\"245\">\u0397\u03bb\u03b9\u03bf\u03b8\u03b5\u03c1\u03b1\u03c0\u03b5\u03af\u03b1= solterapi<\/td>\n<td width=\"492\">Jag solar<\/td>\n<\/tr>\n<tr>\n<td width=\"323\">\u03a4\u03b9 \u03ba\u03ac\u03bd\u03b5\u03b9\u03c2;Ti kanis?<\/td>\n<td width=\"245\"><\/td>\n<td width=\"492\">Vad g\u00f6r du nu? Vad h\u00e5ller du p\u00e5 med? Vad sysslar du med?<\/td>\n<\/tr>\n<tr>\n<td width=\"323\">\u03a4\u03b9\u00a0\u03ba\u03ac\u03bd\u03b5\u03b9\u03c2;Ti kanis?<\/td>\n<td width=\"245\"><\/td>\n<td width=\"492\">Hur m\u00e5r du?<\/td>\n<\/tr>\n<tr>\n<td width=\"323\">\u03a0\u03cc\u03c3\u03bf\u00a0\u03ba\u03ac\u03bd\u03b5\u03b9;<\/p>\n<p>Poso kani?<\/td>\n<td width=\"245\"><\/td>\n<td width=\"492\">Hur mycket blir det? (kosta)<\/td>\n<\/tr>\n<tr>\n<td width=\"323\">\u039a\u03ac\u03bd\u03c9\u00a0\u03c0\u03b5\u03c1\u03b9\u03bf\u03c5\u03c3\u03af\u03b1<\/p>\n<p>Kan\u00e5 periusia<\/td>\n<td width=\"245\">\u03a0\u03b5\u03c1\u03b9\u03bf\u03c5\u03c3\u03af\u03b1= f\u00f6rm\u00f6genhet<\/td>\n<td width=\"492\">Jag skaffar mig en f\u00f6rm\u00f6genhet.Jag skapar en egen f\u00f6rm\u00f6genhet.<\/td>\n<\/tr>\n<tr>\n<td width=\"323\">\u039a\u03ac\u03bd\u03c9 \u03b1\u03c3\u03ba\u03ae\u03c3\u03b5\u03b9\u03c2<\/p>\n<p>Kan\u00e5 askisis<\/td>\n<td width=\"245\">\u0391\u03c3\u03ba\u03ae\u03c3\u03b5\u03b9\u03c2= \u00f6vningar<\/td>\n<td width=\"492\">Jag g\u00f6r mina \u00f6vningar\/uppgifter\/\/l\u00e4xor<\/td>\n<\/tr>\n<tr>\n<td width=\"323\">\u039a\u03ac\u03bd\u03c9 \u03c4\u03b7\u03bd\u00a0Loreen<\/p>\n<p>Kan\u00e5 tin Loreen<\/td>\n<td width=\"245\"><\/td>\n<td width=\"492\">Jag immiterar hur Loreen sjunger\/ser ut osv<\/td>\n<\/tr>\n<tr>\n<td width=\"323\">\u039a\u03ac\u03bd\u03b5\u03b9 \u03b6\u03ad\u03c3\u03c4\u03b7 \u03c3\u03ae\u03bc\u03b5\u03c1\u03b1<\/p>\n<p>Kani zesti simera<\/td>\n<td width=\"245\">\u0396\u03ad\u03c3\u03c4\u03b7=varmt<\/p>\n<p>\u03a3\u03ae\u03bc\u03b5\u03c1\u03b1= idag<\/td>\n<td width=\"492\">Det \u00e4r varmt idag<\/td>\n<\/tr>\n<\/tbody>\n<\/table>\n","protected":false},"excerpt":{"rendered":"<p>Verbet\u00a0\u03ba\u03ac\u03bd\u03c9\u00a0betyder huvudsakligen\u00a0jag g\u00f6r. Det f\u00e5r \u00e4nd\u00e5 n\u00e5gra flera betydelser beroende p\u00e5 sammanhanget. Se betydelserna nedan! \u039a\u03ac\u03bd\u03c9 \u03c6\u03b1\u03b3\u03b7\u03c4\u03cc Kan\u00e5 fajito \u03a6\u03b1\u03b3\u03b7\u03c4\u03cc\u00a0= mat Jag lagar mat \u039a\u03ac\u03bd\u03c9 \u03c0\u03bf\u03b4\u03ae\u03bb\u03b1\u03c4\u03bf Kan\u00e5 podilato \u03a0\u03bf\u03b4\u03ae\u03bb\u03b1\u03c4\u03bf\u00a0= cykel Jag cyklar \u039a\u03ac\u03bd\u03c9 \u03bc\u03c0\u03ac\u03bd\u03b9\u03bf Kan\u00e5 bangio \u039c\u03c0\u03ac\u03bd\u03b9\u03bf= bad Jag badar &hellip; <a href=\"https:\/\/blogg.folkuniversitetet.nu\/ioanvi\/grekiskafortsattningskurs\/verbet-%ce%ba%ce%ac%ce%bd%cf%89\/\">Forts\u00e4tt l\u00e4sa <span class=\"meta-nav\">&rarr;<\/span><\/a><\/p>\n","protected":false},"author":71,"featured_media":0,"parent":472,"menu_order":0,"comment_status":"closed","ping_status":"open","template":"","meta":{"footnotes":""},"class_list":["post-289","page","type-page","status-publish","hentry"],"_links":{"self":[{"href":"https:\/\/blogg.folkuniversitetet.nu\/ioanvi\/wp-json\/wp\/v2\/pages\/289","targetHints":{"allow":["GET"]}}],"collection":[{"href":"https:\/\/blogg.folkuniversitetet.nu\/ioanvi\/wp-json\/wp\/v2\/pages"}],"about":[{"href":"https:\/\/blogg.folkuniversitetet.nu\/ioanvi\/wp-json\/wp\/v2\/types\/page"}],"author":[{"embeddable":true,"href":"https:\/\/blogg.folkuniversitetet.nu\/ioanvi\/wp-json\/wp\/v2\/users\/71"}],"replies":[{"embeddable":true,"href":"https:\/\/blogg.folkuniversitetet.nu\/ioanvi\/wp-json\/wp\/v2\/comments?post=289"}],"version-history":[{"count":4,"href":"https:\/\/blogg.folkuniversitetet.nu\/ioanvi\/wp-json\/wp\/v2\/pages\/289\/revisions"}],"predecessor-version":[{"id":526,"href":"https:\/\/blogg.folkuniversitetet.nu\/ioanvi\/wp-json\/wp\/v2\/pages\/289\/revisions\/526"}],"up":[{"embeddable":true,"href":"https:\/\/blogg.folkuniversitetet.nu\/ioanvi\/wp-json\/wp\/v2\/pages\/472"}],"wp:attachment":[{"href":"https:\/\/blogg.folkuniversitetet.nu\/ioanvi\/wp-json\/wp\/v2\/media?parent=289"}],"curies":[{"name":"wp","href":"https:\/\/api.w.org\/{rel}","templated":true}]}}