{"id":1445,"date":"2015-01-14T14:34:51","date_gmt":"2015-01-14T14:34:51","guid":{"rendered":"http:\/\/blogg.folkuniversitetet.nu\/gunnas\/?page_id=1445"},"modified":"2015-01-14T14:36:15","modified_gmt":"2015-01-14T14:36:15","slug":"v-3-introduktion","status":"publish","type":"page","link":"https:\/\/blogg.folkuniversitetet.nu\/gunnas\/v-3-introduktion\/","title":{"rendered":"v. 3 Introduktion"},"content":{"rendered":"<p>Vi pratade om svenska skolsystemet och s\u00e5g ett kort avsnitt av Klass 9A.<\/p>\n<p><a href=\"https:\/\/www.youtube.com\/watch?v=LSBVdhphLHs\">https:\/\/www.youtube.com\/watch?v=LSBVdhphLHs<\/a><\/p>\n<p>N\u00e4sta vecka f\u00e5r alla ber\u00e4tta om sig sj\u00e4lva och vad de har arbetat med som l\u00e4rare.<\/p>\n<p>&nbsp;<\/p>\n","protected":false},"excerpt":{"rendered":"<p>Vi pratade om svenska skolsystemet och s\u00e5g ett kort avsnitt av Klass 9A. N\u00e4sta vecka f\u00e5r alla ber\u00e4tta om sig sj\u00e4lva och vad de har arbetat med som l\u00e4rare. &nbsp;<\/p>\n","protected":false},"author":158,"featured_media":0,"parent":0,"menu_order":0,"comment_status":"open","ping_status":"open","template":"","meta":{"footnotes":""},"class_list":["post-1445","page","type-page","status-publish","hentry"],"_links":{"self":[{"href":"https:\/\/blogg.folkuniversitetet.nu\/gunnas\/wp-json\/wp\/v2\/pages\/1445","targetHints":{"allow":["GET"]}}],"collection":[{"href":"https:\/\/blogg.folkuniversitetet.nu\/gunnas\/wp-json\/wp\/v2\/pages"}],"about":[{"href":"https:\/\/blogg.folkuniversitetet.nu\/gunnas\/wp-json\/wp\/v2\/types\/page"}],"author":[{"embeddable":true,"href":"https:\/\/blogg.folkuniversitetet.nu\/gunnas\/wp-json\/wp\/v2\/users\/158"}],"replies":[{"embeddable":true,"href":"https:\/\/blogg.folkuniversitetet.nu\/gunnas\/wp-json\/wp\/v2\/comments?post=1445"}],"version-history":[{"count":3,"href":"https:\/\/blogg.folkuniversitetet.nu\/gunnas\/wp-json\/wp\/v2\/pages\/1445\/revisions"}],"predecessor-version":[{"id":1448,"href":"https:\/\/blogg.folkuniversitetet.nu\/gunnas\/wp-json\/wp\/v2\/pages\/1445\/revisions\/1448"}],"wp:attachment":[{"href":"https:\/\/blogg.folkuniversitetet.nu\/gunnas\/wp-json\/wp\/v2\/media?parent=1445"}],"curies":[{"name":"wp","href":"https:\/\/api.w.org\/{rel}","templated":true}]}}