{"id":1370,"date":"2014-12-01T10:56:03","date_gmt":"2014-12-01T10:56:03","guid":{"rendered":"http:\/\/blogg.folkuniversitetet.nu\/gunnas\/?page_id=1370"},"modified":"2014-12-01T10:56:03","modified_gmt":"2014-12-01T10:56:03","slug":"modersmalstraning-filmer-for-de-sma","status":"publish","type":"page","link":"https:\/\/blogg.folkuniversitetet.nu\/gunnas\/modersmalstraning-filmer-for-de-sma\/","title":{"rendered":"Modersm\u00e5lstr\u00e4ning &#8211; filmer f\u00f6r de sm\u00e5"},"content":{"rendered":"<p>Jag vill tipsa om en sida p\u00e5 UR.se (Utbildningsradion p\u00e5 Sveriges Television) som visar modersm\u00e5lsfilmer f\u00f6r barn fr\u00e5n f\u00f6rskole\u00e5lder till ton\u00e5ringar.<\/p>\n<p>Det \u00e4r viktigt att tr\u00e4na sitt modersm\u00e5l och d\u00e4rf\u00f6r hoppas jag att ni har anv\u00e4ndning av dessa filmer f\u00f6r era barn. \ud83d\ude42<\/p>\n<p><a href=\"http:\/\/www.ur.se\/Produkter\/171642-Nan-wa-Lili-Hur-manga-kvadrater-har-en-kub#Om-serien\">Nan Wa Lili<\/a><\/p>\n","protected":false},"excerpt":{"rendered":"<p>Jag vill tipsa om en sida p\u00e5 UR.se (Utbildningsradion p\u00e5 Sveriges Television) som visar modersm\u00e5lsfilmer f\u00f6r barn fr\u00e5n f\u00f6rskole\u00e5lder till ton\u00e5ringar. Det \u00e4r viktigt att tr\u00e4na sitt modersm\u00e5l och d\u00e4rf\u00f6r hoppas jag att ni har anv\u00e4ndning av dessa filmer f\u00f6r era barn. \ud83d\ude42 <a href=\"http:\/\/www.ur.se\/Produkter\/171642-Nan-wa-Lili-Hur-manga-kvadrater-har-en-kub#Om-serien\">Nan Wa Lili<\/a><\/p>\n","protected":false},"author":158,"featured_media":0,"parent":0,"menu_order":0,"comment_status":"open","ping_status":"open","template":"","meta":{"footnotes":""},"class_list":["post-1370","page","type-page","status-publish","hentry"],"_links":{"self":[{"href":"https:\/\/blogg.folkuniversitetet.nu\/gunnas\/wp-json\/wp\/v2\/pages\/1370","targetHints":{"allow":["GET"]}}],"collection":[{"href":"https:\/\/blogg.folkuniversitetet.nu\/gunnas\/wp-json\/wp\/v2\/pages"}],"about":[{"href":"https:\/\/blogg.folkuniversitetet.nu\/gunnas\/wp-json\/wp\/v2\/types\/page"}],"author":[{"embeddable":true,"href":"https:\/\/blogg.folkuniversitetet.nu\/gunnas\/wp-json\/wp\/v2\/users\/158"}],"replies":[{"embeddable":true,"href":"https:\/\/blogg.folkuniversitetet.nu\/gunnas\/wp-json\/wp\/v2\/comments?post=1370"}],"version-history":[{"count":1,"href":"https:\/\/blogg.folkuniversitetet.nu\/gunnas\/wp-json\/wp\/v2\/pages\/1370\/revisions"}],"predecessor-version":[{"id":1371,"href":"https:\/\/blogg.folkuniversitetet.nu\/gunnas\/wp-json\/wp\/v2\/pages\/1370\/revisions\/1371"}],"wp:attachment":[{"href":"https:\/\/blogg.folkuniversitetet.nu\/gunnas\/wp-json\/wp\/v2\/media?parent=1370"}],"curies":[{"name":"wp","href":"https:\/\/api.w.org\/{rel}","templated":true}]}}