{"id":1235,"date":"2014-10-08T14:42:59","date_gmt":"2014-10-08T14:42:59","guid":{"rendered":"http:\/\/blogg.folkuniversitetet.nu\/gunnas\/?page_id=1235"},"modified":"2015-02-16T14:59:11","modified_gmt":"2015-02-16T14:59:11","slug":"matematik","status":"publish","type":"page","link":"https:\/\/blogg.folkuniversitetet.nu\/gunnas\/matematik\/","title":{"rendered":"Matematik"},"content":{"rendered":"<p>H\u00e4r \u00e4r en l\u00e4nk till pdf-filer med ordlistor f\u00f6r matematik. Alla spr\u00e5k.<\/p>\n<p>&nbsp;<\/p>\n<p><a href=\"http:\/\/www.webbmatte.se\/\">Webbmatte (l\u00e4rare&amp;elever)<\/a><\/p>\n","protected":false},"excerpt":{"rendered":"<p>H\u00e4r \u00e4r en l\u00e4nk till pdf-filer med ordlistor f\u00f6r matematik. Alla spr\u00e5k. &nbsp; <a href=\"http:\/\/www.webbmatte.se\/\">Webbmatte (l\u00e4rare&amp;elever)<\/a><\/p>\n","protected":false},"author":158,"featured_media":0,"parent":0,"menu_order":0,"comment_status":"open","ping_status":"open","template":"","meta":{"footnotes":""},"class_list":["post-1235","page","type-page","status-publish","hentry"],"_links":{"self":[{"href":"https:\/\/blogg.folkuniversitetet.nu\/gunnas\/wp-json\/wp\/v2\/pages\/1235","targetHints":{"allow":["GET"]}}],"collection":[{"href":"https:\/\/blogg.folkuniversitetet.nu\/gunnas\/wp-json\/wp\/v2\/pages"}],"about":[{"href":"https:\/\/blogg.folkuniversitetet.nu\/gunnas\/wp-json\/wp\/v2\/types\/page"}],"author":[{"embeddable":true,"href":"https:\/\/blogg.folkuniversitetet.nu\/gunnas\/wp-json\/wp\/v2\/users\/158"}],"replies":[{"embeddable":true,"href":"https:\/\/blogg.folkuniversitetet.nu\/gunnas\/wp-json\/wp\/v2\/comments?post=1235"}],"version-history":[{"count":3,"href":"https:\/\/blogg.folkuniversitetet.nu\/gunnas\/wp-json\/wp\/v2\/pages\/1235\/revisions"}],"predecessor-version":[{"id":1469,"href":"https:\/\/blogg.folkuniversitetet.nu\/gunnas\/wp-json\/wp\/v2\/pages\/1235\/revisions\/1469"}],"wp:attachment":[{"href":"https:\/\/blogg.folkuniversitetet.nu\/gunnas\/wp-json\/wp\/v2\/media?parent=1235"}],"curies":[{"name":"wp","href":"https:\/\/api.w.org\/{rel}","templated":true}]}}