{"id":1120,"date":"2014-09-24T13:47:07","date_gmt":"2014-09-24T13:47:07","guid":{"rendered":"http:\/\/blogg.folkuniversitetet.nu\/gunnas\/?page_id=1120"},"modified":"2014-09-24T13:47:07","modified_gmt":"2014-09-24T13:47:07","slug":"lararen-inom-mig","status":"publish","type":"page","link":"https:\/\/blogg.folkuniversitetet.nu\/gunnas\/lararen-inom-mig\/","title":{"rendered":"L\u00e4raren inom mig"},"content":{"rendered":"<p>En intervju med Ann-Mari K\u00f6rling som skrivit en bok om att vara l\u00e4rare.<\/p>\n<p><a href=\"http:\/\/www.ur.se\/Produkter\/181214-En-bok-en-forfattare-Lararen-inom-mig\">L\u00e4raren inom mig<\/a><\/p>\n<p>&nbsp;<\/p>\n<p>&nbsp;<\/p>\n<p>&nbsp;<\/p>\n","protected":false},"excerpt":{"rendered":"<p>En intervju med Ann-Mari K\u00f6rling som skrivit en bok om att vara l\u00e4rare. <a href=\"http:\/\/www.ur.se\/Produkter\/181214-En-bok-en-forfattare-Lararen-inom-mig\">L\u00e4raren inom mig<\/a> &nbsp; &nbsp; &nbsp;<\/p>\n","protected":false},"author":158,"featured_media":0,"parent":0,"menu_order":0,"comment_status":"open","ping_status":"open","template":"","meta":{"footnotes":""},"class_list":["post-1120","page","type-page","status-publish","hentry"],"_links":{"self":[{"href":"https:\/\/blogg.folkuniversitetet.nu\/gunnas\/wp-json\/wp\/v2\/pages\/1120","targetHints":{"allow":["GET"]}}],"collection":[{"href":"https:\/\/blogg.folkuniversitetet.nu\/gunnas\/wp-json\/wp\/v2\/pages"}],"about":[{"href":"https:\/\/blogg.folkuniversitetet.nu\/gunnas\/wp-json\/wp\/v2\/types\/page"}],"author":[{"embeddable":true,"href":"https:\/\/blogg.folkuniversitetet.nu\/gunnas\/wp-json\/wp\/v2\/users\/158"}],"replies":[{"embeddable":true,"href":"https:\/\/blogg.folkuniversitetet.nu\/gunnas\/wp-json\/wp\/v2\/comments?post=1120"}],"version-history":[{"count":1,"href":"https:\/\/blogg.folkuniversitetet.nu\/gunnas\/wp-json\/wp\/v2\/pages\/1120\/revisions"}],"predecessor-version":[{"id":1121,"href":"https:\/\/blogg.folkuniversitetet.nu\/gunnas\/wp-json\/wp\/v2\/pages\/1120\/revisions\/1121"}],"wp:attachment":[{"href":"https:\/\/blogg.folkuniversitetet.nu\/gunnas\/wp-json\/wp\/v2\/media?parent=1120"}],"curies":[{"name":"wp","href":"https:\/\/api.w.org\/{rel}","templated":true}]}}