{"id":1086,"date":"2014-09-19T09:21:52","date_gmt":"2014-09-19T09:21:52","guid":{"rendered":"http:\/\/blogg.folkuniversitetet.nu\/gunnas\/?page_id=1086"},"modified":"2014-09-19T09:53:07","modified_gmt":"2014-09-19T09:53:07","slug":"sammansatta-ord","status":"publish","type":"page","link":"https:\/\/blogg.folkuniversitetet.nu\/gunnas\/sammansatta-ord\/","title":{"rendered":"Sammansatta ord"},"content":{"rendered":"<p>Titta p\u00e5 <a href=\"https:\/\/www.youtube.com\/watch?v=GVJjrpIZ6uk\">Sammansatta ord genomg\u00e5ng cirka 16 minuter l\u00e5ng<\/a>\u00a0! Hon g\u00e5r igenom hur man ska t\u00e4nka n\u00e4r man g\u00f6r sammansatta ord i svenskan.<\/p>\n<p>Det \u00e4r enkelt f\u00f6rklarat och hon pratar l\u00e5ngsamt i filmen.<\/p>\n","protected":false},"excerpt":{"rendered":"<p>Titta p\u00e5 <a href=\"https:\/\/www.youtube.com\/watch?v=GVJjrpIZ6uk\">Sammansatta ord genomg\u00e5ng cirka 16 minuter l\u00e5ng<\/a>\u00a0! Hon g\u00e5r igenom hur man ska t\u00e4nka n\u00e4r man g\u00f6r sammansatta ord i svenskan. Det \u00e4r enkelt f\u00f6rklarat och hon pratar l\u00e5ngsamt i filmen.<\/p>\n","protected":false},"author":158,"featured_media":0,"parent":0,"menu_order":0,"comment_status":"open","ping_status":"open","template":"","meta":{"footnotes":""},"class_list":["post-1086","page","type-page","status-publish","hentry"],"_links":{"self":[{"href":"https:\/\/blogg.folkuniversitetet.nu\/gunnas\/wp-json\/wp\/v2\/pages\/1086","targetHints":{"allow":["GET"]}}],"collection":[{"href":"https:\/\/blogg.folkuniversitetet.nu\/gunnas\/wp-json\/wp\/v2\/pages"}],"about":[{"href":"https:\/\/blogg.folkuniversitetet.nu\/gunnas\/wp-json\/wp\/v2\/types\/page"}],"author":[{"embeddable":true,"href":"https:\/\/blogg.folkuniversitetet.nu\/gunnas\/wp-json\/wp\/v2\/users\/158"}],"replies":[{"embeddable":true,"href":"https:\/\/blogg.folkuniversitetet.nu\/gunnas\/wp-json\/wp\/v2\/comments?post=1086"}],"version-history":[{"count":1,"href":"https:\/\/blogg.folkuniversitetet.nu\/gunnas\/wp-json\/wp\/v2\/pages\/1086\/revisions"}],"predecessor-version":[{"id":1087,"href":"https:\/\/blogg.folkuniversitetet.nu\/gunnas\/wp-json\/wp\/v2\/pages\/1086\/revisions\/1087"}],"wp:attachment":[{"href":"https:\/\/blogg.folkuniversitetet.nu\/gunnas\/wp-json\/wp\/v2\/media?parent=1086"}],"curies":[{"name":"wp","href":"https:\/\/api.w.org\/{rel}","templated":true}]}}