{"id":29,"date":"2015-09-18T13:40:01","date_gmt":"2015-09-18T13:40:01","guid":{"rendered":"http:\/\/blogg.folkuniversitetet.nu\/gabrle\/?page_id=29"},"modified":"2019-02-26T13:39:05","modified_gmt":"2019-02-26T13:39:05","slug":"hej-och-valkommen","status":"publish","type":"page","link":"https:\/\/blogg.folkuniversitetet.nu\/gabrle\/","title":{"rendered":"\u00c4r du redo? Nu b\u00f6rjar vi!"},"content":{"rendered":"<p>V\u00e4lkommen till min kursblogg!<\/p>\n<p>H\u00e4r hittar du l\u00e4xor och annat. Klicka p\u00e5 din kurs i menyraden h\u00e4r ovanf\u00f6r.<\/p>\n<p>&nbsp;<\/p>\n","protected":false},"excerpt":{"rendered":"<p>V\u00e4lkommen till min kursblogg! H\u00e4r hittar du l\u00e4xor och annat. Klicka p\u00e5 din kurs i menyraden h\u00e4r ovanf\u00f6r. &nbsp;<\/p>\n","protected":false},"author":386,"featured_media":0,"parent":0,"menu_order":0,"comment_status":"closed","ping_status":"closed","template":"","meta":{"footnotes":""},"class_list":["post-29","page","type-page","status-publish","hentry"],"_links":{"self":[{"href":"https:\/\/blogg.folkuniversitetet.nu\/gabrle\/wp-json\/wp\/v2\/pages\/29","targetHints":{"allow":["GET"]}}],"collection":[{"href":"https:\/\/blogg.folkuniversitetet.nu\/gabrle\/wp-json\/wp\/v2\/pages"}],"about":[{"href":"https:\/\/blogg.folkuniversitetet.nu\/gabrle\/wp-json\/wp\/v2\/types\/page"}],"author":[{"embeddable":true,"href":"https:\/\/blogg.folkuniversitetet.nu\/gabrle\/wp-json\/wp\/v2\/users\/386"}],"replies":[{"embeddable":true,"href":"https:\/\/blogg.folkuniversitetet.nu\/gabrle\/wp-json\/wp\/v2\/comments?post=29"}],"version-history":[{"count":7,"href":"https:\/\/blogg.folkuniversitetet.nu\/gabrle\/wp-json\/wp\/v2\/pages\/29\/revisions"}],"predecessor-version":[{"id":346,"href":"https:\/\/blogg.folkuniversitetet.nu\/gabrle\/wp-json\/wp\/v2\/pages\/29\/revisions\/346"}],"wp:attachment":[{"href":"https:\/\/blogg.folkuniversitetet.nu\/gabrle\/wp-json\/wp\/v2\/media?parent=29"}],"curies":[{"name":"wp","href":"https:\/\/api.w.org\/{rel}","templated":true}]}}