{"id":765,"date":"2020-10-08T01:53:54","date_gmt":"2020-10-07T23:53:54","guid":{"rendered":"http:\/\/blogg.folkuniversitetet.nu\/fuendi\/?page_id=765"},"modified":"2020-10-08T01:53:54","modified_gmt":"2020-10-07T23:53:54","slug":"clase-del-7-de-ocubre","status":"publish","type":"page","link":"https:\/\/blogg.folkuniversitetet.nu\/fuendi\/clase-del-7-de-ocubre\/","title":{"rendered":"Clase del 7 de ocubre"},"content":{"rendered":"<header class=\"entry-header\">\n<h1 class=\"entry-title\"><span style=\"font-size: 18px\">Apuntes de la clase<\/span><\/h1>\n<\/header>\n<div class=\"entry-content\">\n<p>diferente, -s<\/p>\n<p>importante, -s<\/p>\n<p>a\u00fan \/ todav\u00eda\u00a0 =\u00a0 \u00e4nnu \/ fortfarande<\/p>\n<p>&nbsp;<\/p>\n<p>quedar(se) = stanna kvar<\/p>\n<p>Susana se queda en casa.<\/p>\n<p>Susana tiene que quedarse en casa.<\/p>\n<p>en casa = hemma<\/p>\n<p>En tiempos de coronavirus, qu\u00e9date en casa.<\/p>\n<p>&nbsp;<\/p>\n<p>amo \/ ama de casa:\u00a0 una persona que hace las tareas de su casa.<\/p>\n<p>\u00bfQu\u00e9 hace un amo\/ama de casa?<\/p>\n<p>Cuidar a la familia. \/ Cuidar a los hijos.<\/p>\n<p>LLevar a los hijos a la escuela.<\/p>\n<p>Pasear al perro. \/ Salir a caminar con el perro.<\/p>\n<p>Limpiar la casa.<\/p>\n<p>Lavar la ropa.<\/p>\n<p>&nbsp;<\/p>\n<p>tener en com\u00fan\u00a0 \u21d2\u00a0 \u00a0Susana y Boris tienen en com\u00fan que les gusta viajar.<\/p>\n<p>\u00bfQu\u00e9 tenemos en com\u00fan?<\/p>\n<p>Tenemos en com\u00fan que nos gusta tomar vino tinto y hablar en espa\u00f1ol.<\/p>\n<p>\u00bfQu\u00e9 tienen en com\u00fan Suecia, Dinamarca, Finlandia y Noruega?<\/p>\n<p>Que todos est\u00e1n situados en el norte de Europa.<\/p>\n<\/div>\n<div dir=\"auto\"><\/div>\n<div class=\"entry-content\">\n<h5>Encontrar(se)<\/h5>\n<p>encontrar(se) con\u00a0 \/\u00a0 reunir(se) con\u00a0 \/\u00a0 juntar(se) con\u00a0 \/\u00a0 \u00a0ver a\u00a0 \u00a0 =\u00a0 \u00a0tr\u00e4ffa (n\u00e5gon)<\/p>\n<p>Hoy <strong>me<\/strong> he encontrado con Mar\u00eda y hemos tomado un caf\u00e9.<\/p>\n<p>Hoy <strong>me<\/strong> he reunido con mi jefe y le he pedido un aumento de sueldo.<\/p>\n<p>Hoy <strong>me<\/strong> he juntado con mis amigos y hemos cenado.<\/p>\n<p>Hoy he visto a mi madre y a mis hermanos.<\/p>\n<p>Quiero reunir<strong>me<\/strong> con Mar\u00eda.<\/p>\n<p>Queremos reunir<strong>nos<\/strong> con Mar\u00eda.<\/p>\n<p>Queremos reunir<strong>nos<\/strong> con ella.<\/p>\n<p>Mar\u00eda, \u00bfquieres reunir<strong>te<\/strong> con nosotros?<\/p>\n<p>&nbsp;<\/p>\n<p>encontrar(se)\u00a0 \/\u00a0 reunir(se)\u00a0 \/\u00a0 juntar(se)\u00a0 \u00a0 \/\u00a0 \u00a0 ver(se)\u00a0 =\u00a0 \u00a0tr\u00e4ffas<\/p>\n<p>Hoy Mar\u00eda y yo vamos a encontrar<strong>nos\u00a0 \/\u00a0 nos\u00a0<\/strong>vamos a encontrar.<\/p>\n<p>Hoy mi jefe y yo vamos a reunir<strong>nos<\/strong>\u00a0 \/\u00a0 \u00a0<strong>nos\u00a0<\/strong>vamos a reunir.<\/p>\n<p>Hoy mis amigos y yo vamos a juntar<strong>nos<\/strong>\u00a0 \u00a0\/\u00a0 \u00a0<strong>nos\u00a0<\/strong>vamos a juntar.<\/p>\n<p>Hoy mis hermanos, mi madre y yo vamos a ver<strong>nos<\/strong>\u00a0 \u00a0\/\u00a0 \u00a0<strong>nos<\/strong> vamos a ver.<\/p>\n<p>Mar\u00eda y yo queremos encontrar<strong>nos \/ <\/strong>reunir<strong>nos\u00a0 \u00a0\/ <\/strong>juntar<strong>nos\u00a0 \u00a0\/\u00a0 \u00a0 <\/strong>ver<strong>nos.<\/strong><\/p>\n<p>Mar\u00eda, \u00bfa qu\u00e9 hora <strong>nos<\/strong> encontramos\u00a0 \u00a0\/\u00a0 \u00a0reunimos\u00a0 \u00a0 \/\u00a0 \u00a0juntamos\u00a0 \u00a0 \/\u00a0 \u00a0 vemos?<\/p>\n<p><span style=\"color: #ff0000\">Observa<\/span>:\u00a0 \u00a0encontrar (algo)\u00a0 =\u00a0 hitta n\u00e5got<\/p>\n<p>No encuentro las llaves de la casa.<\/p>\n<p>Hemos encontrado un piso grande y bonito en el centro de la ciudad.<\/p>\n<p>&nbsp;<\/p>\n<\/div>\n<div class=\"entry-content\">\n<h5>Estar a punto de\u2026\u00a0 \u00a0 \u00a0 versus\u00a0 \u00a0 \u00a0 \u00a0acabar de\u2026.<\/h5>\n<p>estar a punto de\u2026\u00a0 vara p\u00e5 v\u00e4g att\u2026\u00a0 (expresa futuro cercano)<\/p>\n<p>y<\/p>\n<p>acabar de\u2026\u00a0 \u00a0just ha gjort n\u00e5got\u2026\u00a0 \u00a0 (expresa pasado cercano)<\/p>\n<p>cercano (adjetivo) = n\u00e4ra<\/p>\n<p>&nbsp;<\/p>\n<p><strong>Ejemplos:\u00a0<\/strong><\/p>\n<p>Estoy a punto de salir del trabajo\u00a0 \u00a0 =\u00a0 \u00a0 \u00a0Voy a salir del trabajo en unos minutos<\/p>\n<p>Estoy a punto de graduarme\u00a0 \u00a0 \u00a0=\u00a0 \u00a0 \u00a0 \u00a0Voy a graduarme pronto<\/p>\n<p>Acabo de cerrar la puerta\u00a0 \u00a0=\u00a0 \u00a0He cerrado la puerta poco antes.<\/p>\n<p>Acabo de llegar a Estocolmo\u00a0 \u00a0 \u00a0 =\u00a0 \u00a0 \u00a0 He llegado a Estocolmo recientemente (nyligen)<\/p>\n<p>&nbsp;<\/p>\n<h5>LO (art\u00edculo neutro)<\/h5>\n<p><strong>LO + adjetivo<\/strong><\/p>\n<p>Lo importante es<\/p>\n<p>Lo m\u00e1s importante es<\/p>\n<p>Lo mejor es<\/p>\n<p><strong>LO que m\u00e1s\u00a0 +\u00a0 verbo<\/strong><\/p>\n<p>Lo que m\u00e1s me gusta es<\/p>\n<p>Lo que m\u00e1s extrano es<\/p>\n<p><strong>Ejemplos:<\/strong><\/p>\n<p>Lo m\u00e1s importante para m\u00ed es la naturaleza.<\/p>\n<p>Lo que m\u00e1s me gusta de la casa es el jard\u00edn.<\/p>\n<p>Lo que m\u00e1s extra\u00f1o es tomar caf\u00e9 en la casa de mi madre.<\/p>\n<p>&nbsp;<\/p>\n<\/div>\n<h5>Lo mejor de mi trabajo es&#8230;<\/h5>\n<div dir=\"auto\">Lo mejor de mi trabajo es que tengo mi propia empresa y yo decido.<\/div>\n<div dir=\"auto\">Lo mejor de mi trabajo es que yo no decido y que la responsabilidad es de otros.<\/div>\n<div dir=\"auto\">Lo mejor de mi trabajo es encontrarme con mis estudiantes y mis colegas.<\/div>\n<div dir=\"auto\">Lo mejor de mi trabajo es que hago muchas cosas variadas. Me gusta resolver problemas y tambi\u00e9n me gusta mucho la gente con la que trabajo. Es decir, me gustan mis colegas.<\/div>\n<div dir=\"auto\"><\/div>\n<h5>Para m\u00ed, lo m\u00e1s importante es&#8230;<\/h5>\n<div dir=\"auto\"><\/div>\n<div dir=\"auto\">Para m\u00ed, lo m\u00e1s importante es tener un piso m\u00e1s grande, con una habitaci\u00f3n para invitados \/ un cuarto de hu\u00e9spedes. Tambi\u00e9n necesito m\u00e1s espacio para trabajar, porque debido al coronavirus ahora trabajo desde casa (hemifr\u00e5n).<\/div>\n<div dir=\"auto\"><\/div>\n<div dir=\"auto\">Para m\u00ed lo m\u00e1s importante es ganar mucho dinero y tener una vida lujosa.<\/div>\n<div dir=\"auto\"><\/div>\n<h5>Sue\u00f1o con&#8230;<\/h5>\n<div dir=\"auto\"><\/div>\n<div dir=\"auto\">Sue\u00f1o con viajar por el mundo.<\/div>\n<div dir=\"auto\"><\/div>\n<div class=\"entry-content\">\n<h5>Mazarin<\/h5>\n<div dir=\"auto\">mazarin, mazarines = mazarin, mazariner<\/div>\n<div dir=\"auto\">Un mazarin es un pastelillo de hojaldre relleno con pasta de almendras.<\/div>\n<div dir=\"auto\"><\/div>\n<div dir=\"auto\">pastelillo: pastel peque\u00f1o dulce.<\/div>\n<div dir=\"auto\"><\/div>\n<div dir=\"auto\">Me gustan mucho los mazarines.<\/div>\n<p>&nbsp;<\/p>\n<h5><span style=\"color: #ff0000\">TAREA:<\/span><\/h5>\n<ol>\n<li>Estudiar el vocabulario de la p\u00e1gina 30 sobre la vivienda (boende)<\/li>\n<li>Ejercicios 2,\u00a0 y 3a, p\u00e1gina 31.<\/li>\n<li>Ejercicio 4a p. 32.<\/li>\n<li>Ejercicio 8a y 9a, p. 33.<\/li>\n<\/ol>\n<\/div>\n","protected":false},"excerpt":{"rendered":"<p>Apuntes de la clase diferente, -s importante, -s a\u00fan \/ todav\u00eda\u00a0 =\u00a0 \u00e4nnu \/ fortfarande &nbsp; quedar(se) = stanna kvar Susana se queda en casa. Susana tiene que quedarse en casa. en casa = hemma En tiempos de coronavirus, qu\u00e9date en casa. &nbsp; amo \/ ama de casa:\u00a0 una persona que hace las tareas de &hellip; <a href=\"https:\/\/blogg.folkuniversitetet.nu\/fuendi\/clase-del-7-de-ocubre\/\" class=\"more-link\">Forts\u00e4tt l\u00e4sa <span class=\"screen-reader-text\">Clase del 7 de ocubre<\/span> <span class=\"meta-nav\">&rarr;<\/span><\/a><\/p>\n","protected":false},"author":787,"featured_media":0,"parent":0,"menu_order":0,"comment_status":"closed","ping_status":"closed","template":"","meta":{"footnotes":""},"class_list":["post-765","page","type-page","status-publish","hentry"],"_links":{"self":[{"href":"https:\/\/blogg.folkuniversitetet.nu\/fuendi\/wp-json\/wp\/v2\/pages\/765","targetHints":{"allow":["GET"]}}],"collection":[{"href":"https:\/\/blogg.folkuniversitetet.nu\/fuendi\/wp-json\/wp\/v2\/pages"}],"about":[{"href":"https:\/\/blogg.folkuniversitetet.nu\/fuendi\/wp-json\/wp\/v2\/types\/page"}],"author":[{"embeddable":true,"href":"https:\/\/blogg.folkuniversitetet.nu\/fuendi\/wp-json\/wp\/v2\/users\/787"}],"replies":[{"embeddable":true,"href":"https:\/\/blogg.folkuniversitetet.nu\/fuendi\/wp-json\/wp\/v2\/comments?post=765"}],"version-history":[{"count":1,"href":"https:\/\/blogg.folkuniversitetet.nu\/fuendi\/wp-json\/wp\/v2\/pages\/765\/revisions"}],"predecessor-version":[{"id":767,"href":"https:\/\/blogg.folkuniversitetet.nu\/fuendi\/wp-json\/wp\/v2\/pages\/765\/revisions\/767"}],"wp:attachment":[{"href":"https:\/\/blogg.folkuniversitetet.nu\/fuendi\/wp-json\/wp\/v2\/media?parent=765"}],"curies":[{"name":"wp","href":"https:\/\/api.w.org\/{rel}","templated":true}]}}