{"id":760,"date":"2020-10-07T11:07:08","date_gmt":"2020-10-07T09:07:08","guid":{"rendered":"http:\/\/blogg.folkuniversitetet.nu\/fuendi\/?page_id=760"},"modified":"2020-10-07T11:16:52","modified_gmt":"2020-10-07T09:16:52","slug":"clase-del-1-de-octubre","status":"publish","type":"page","link":"https:\/\/blogg.folkuniversitetet.nu\/fuendi\/clase-del-1-de-octubre\/","title":{"rendered":"Clase del  1 de octubre"},"content":{"rendered":"<h5>Expresiones con TENER<\/h5>\n<ul>\n<li>tener&#8230; a\u00f1os = vara&#8230; \u00e5r<\/li>\n<li>tener calor = vara varm<\/li>\n<li>tener fr\u00edo = frysa<\/li>\n<li>tener hambre = vara hungrig<\/li>\n<li>tener sed = vara t\u00f6rstig<\/li>\n<li>tener sue\u00f1o = vara s\u00f6mnig<\/li>\n<li>tener tiempo \/ de = ha tid \/ att<\/li>\n<li>tener prisa = ha br\u00e5ttom<\/li>\n<li>tener raz\u00f3n = ha r\u00e4tt<\/li>\n<li>tener que = m\u00e5ste<\/li>\n<li>tener tiempo\u00a0 libre = ha fritid \/ ha ledig tid<\/li>\n<li>tener tiempo de \/ para = ha tid f\u00f6r att g\u00f6ra n\u00e5got<\/li>\n<li>tener ganas \/ de = ha lust \/ att<\/li>\n<\/ul>\n<p>Ejemplos:<\/p>\n<ul>\n<li>Tengo calor.<\/li>\n<li>Tengo sue\u00f1o.<\/li>\n<li>Tengo que estudiar espa\u00f1ol.<\/li>\n<li>Hoy tengo tiempo libre. \u00bfQuieres tomar un caf\u00e9?<\/li>\n<li>No tengo tiempo para leer.<\/li>\n<li>Los fines de semana tengo mucho tiempo para descansar.<\/li>\n<li>Tengo ganas de salir a caminar.<\/li>\n<li>Tengo ganas de estudiar.<\/li>\n<li>Tengo ganas de tomar una cerveza \/ una copa de vino tinto.<\/li>\n<li>\u00bfQuieres ver una pel\u00edcula?\u00a0 \u00a0 &#8211; No, no tengo\u00a0 ganas.<\/li>\n<\/ul>\n<p>&nbsp;<\/p>\n<h5>Vocabulario<\/h5>\n<p>rollo de canela \/ los rollos de canela\u00a0 = kanelbulle \/ kanelbullarna<\/p>\n<p>rueda de pescado \/\u00a0 pescado en rueda = skivad fisk<\/p>\n<p>la bolsa = p\u00e5sen<\/p>\n<p>la bolsa de t\u00e9 = tep\u00e5sen<\/p>\n<p>la bolsa de papel \/ de pl\u00e1stico = pappersp\u00e5sen \/ plastp\u00e5sen<\/p>\n<p>el bolso\u00a0 \/ la certera = handv\u00e4skan<\/p>\n<p>&nbsp;<\/p>\n<h5>SER y ESTAR<\/h5>\n<p><strong>SER \u21d2 permanente\u00a0<\/strong><\/p>\n<p>Soy alto.<\/p>\n<p>Soy sueco.<\/p>\n<p>Soy la hermana mayor de Jos\u00e9.<\/p>\n<p><strong>ESTAR \u21d2 no permanente<\/strong><\/p>\n<p>Estoy enfermo.<\/p>\n<p>Estoy en la universidad.<\/p>\n<p>Estoy bien.<\/p>\n<p><strong>Observera<\/strong>:\u00a0 Ibland \u00e4r det talaren som best\u00e4mmer hur han eller hon vill s\u00e4ga n\u00e5got, det ber\u00f6r p\u00e5 hur man anser sakerna.<\/p>\n<p>Ejemplos:<\/p>\n<p>Soy casado \/ Estoy casado<\/p>\n<p>Soy feliz \/ Estoy feliz<\/p>\n<p>&nbsp;<\/p>\n<h5><span style=\"color: #ff0000\">TAREA:<\/span><\/h5>\n<ul>\n<li>Ejercicio\u00a0 7a y 7b, p\u00e1ginas 56 y 57.<\/li>\n<li>Leer el men\u00fa y el texto (di\u00e1logo), p\u00e1ginas 60, 61, 62 y 63. Estudiar el vocabulario en las p\u00e1ginas 217 y 218.<\/li>\n<li>Ver de nuevo los dos videos sobre los alimentos y las bebidas y estudiar el vocabulario (el material est\u00e1 en la Clase del 24 de septiembre).<\/li>\n<\/ul>\n","protected":false},"excerpt":{"rendered":"<p>Expresiones con TENER tener&#8230; a\u00f1os = vara&#8230; \u00e5r tener calor = vara varm tener fr\u00edo = frysa tener hambre = vara hungrig tener sed = vara t\u00f6rstig tener sue\u00f1o = vara s\u00f6mnig tener tiempo \/ de = ha tid \/ att tener prisa = ha br\u00e5ttom tener raz\u00f3n = ha r\u00e4tt tener que = m\u00e5ste &hellip; <a href=\"https:\/\/blogg.folkuniversitetet.nu\/fuendi\/clase-del-1-de-octubre\/\" class=\"more-link\">Forts\u00e4tt l\u00e4sa <span class=\"screen-reader-text\">Clase del  1 de octubre<\/span> <span class=\"meta-nav\">&rarr;<\/span><\/a><\/p>\n","protected":false},"author":787,"featured_media":0,"parent":0,"menu_order":0,"comment_status":"closed","ping_status":"closed","template":"","meta":{"footnotes":""},"class_list":["post-760","page","type-page","status-publish","hentry"],"_links":{"self":[{"href":"https:\/\/blogg.folkuniversitetet.nu\/fuendi\/wp-json\/wp\/v2\/pages\/760","targetHints":{"allow":["GET"]}}],"collection":[{"href":"https:\/\/blogg.folkuniversitetet.nu\/fuendi\/wp-json\/wp\/v2\/pages"}],"about":[{"href":"https:\/\/blogg.folkuniversitetet.nu\/fuendi\/wp-json\/wp\/v2\/types\/page"}],"author":[{"embeddable":true,"href":"https:\/\/blogg.folkuniversitetet.nu\/fuendi\/wp-json\/wp\/v2\/users\/787"}],"replies":[{"embeddable":true,"href":"https:\/\/blogg.folkuniversitetet.nu\/fuendi\/wp-json\/wp\/v2\/comments?post=760"}],"version-history":[{"count":3,"href":"https:\/\/blogg.folkuniversitetet.nu\/fuendi\/wp-json\/wp\/v2\/pages\/760\/revisions"}],"predecessor-version":[{"id":764,"href":"https:\/\/blogg.folkuniversitetet.nu\/fuendi\/wp-json\/wp\/v2\/pages\/760\/revisions\/764"}],"wp:attachment":[{"href":"https:\/\/blogg.folkuniversitetet.nu\/fuendi\/wp-json\/wp\/v2\/media?parent=760"}],"curies":[{"name":"wp","href":"https:\/\/api.w.org\/{rel}","templated":true}]}}