{"id":735,"date":"2020-09-25T20:57:16","date_gmt":"2020-09-25T18:57:16","guid":{"rendered":"http:\/\/blogg.folkuniversitetet.nu\/fuendi\/?page_id=735"},"modified":"2020-09-25T21:10:27","modified_gmt":"2020-09-25T19:10:27","slug":"clase-del-24-de-septiembre-2","status":"publish","type":"page","link":"https:\/\/blogg.folkuniversitetet.nu\/fuendi\/clase-del-24-de-septiembre-2\/","title":{"rendered":"Clase del 24 de septiembre"},"content":{"rendered":"<h5>Palabras y frases interesantes sobre el texto\u00a0 \u201dDos paises, dos voces\u201d, p. 24 a 27.<\/h5>\n<p>diferente, -s<\/p>\n<p>importante, -s<\/p>\n<p>ama de casa:\u00a0 una mujer que no trabaja y est\u00e1 en la casa con los hijos<\/p>\n<p>lo que m\u00e1s me gusta<\/p>\n<p>tener en com\u00fan:\u00a0 \u00a0 Susana y Boris tienen en com\u00fan que les gusta viajar.<\/p>\n<p>encontrar(se)<\/p>\n<p>&nbsp;<\/p>\n<h5>Estar a punto de&#8230;\u00a0 \u00a0 \u00a0 versus\u00a0 \u00a0 \u00a0 \u00a0acabar de&#8230;.<\/h5>\n<p>estar a punto de\u2026\u00a0 vara p\u00e5 v\u00e4g att&#8230;\u00a0 (expresa futuro)<\/p>\n<p>y<\/p>\n<p>acabar de\u2026\u00a0 \u00a0just ha gjort n\u00e5got&#8230;\u00a0 \u00a0 (expresa pasado)<\/p>\n<p><strong>Ejemplos:\u00a0<\/strong><\/p>\n<p>Estoy a punto de salir del trabajo\u00a0 \u00a0 =\u00a0 \u00a0 \u00a0Voy a salir del trabajo en unos minutos<\/p>\n<p>Acabo de cerrar la puerta\u00a0 \u00a0=\u00a0 \u00a0He cerrado la puerta poco antes<\/p>\n<p>Estoy a punto de graduarme\u00a0 \u00a0 \u00a0=\u00a0 \u00a0 \u00a0 \u00a0Voy a graduarme pronto<\/p>\n<p>Acabo de llegar a Estocolmo\u00a0 \u00a0 \u00a0 =\u00a0 \u00a0 \u00a0 He llegado a Estocolmo recientemente (nyligen)<\/p>\n<p>&nbsp;<\/p>\n<h5>LO (art\u00edculo neutro)<\/h5>\n<p><strong>LO + adjetivo<\/strong><\/p>\n<p>Lo importante (es)<\/p>\n<p>Lo m\u00e1s importante (es)<\/p>\n<p><strong>LO que m\u00e1s\u00a0 +\u00a0 verbo<\/strong><\/p>\n<p>Lo que m\u00e1s me gusta (es)<\/p>\n<p>Lo que m\u00e1s extrano (es)<\/p>\n<p><strong>Ejemplos:<\/strong><\/p>\n<p>Lo m\u00e1s importante para m\u00ed es la naturaleza.<\/p>\n<p>Lo que m\u00e1s me gusta de la casa es el jard\u00edn.<\/p>\n<p>Lo que m\u00e1s extra\u00f1o es tomar caf\u00e9 en la casa de mi madre.<\/p>\n<p>&nbsp;<\/p>\n<h5>Preguntas para conversar<\/h5>\n<p>\u00bfC\u00f3mo es tu casa?<\/p>\n<p>\u00bfCu\u00e1ntos son en tu casa?\u00a0 \/\u00a0 \u00bfCu\u00e1ntas personas viven en tu casa?<\/p>\n<p>\u00bfC\u00f3mo es tu trabajo?<\/p>\n<p>\u00bfQu\u00e9 es lo m\u00e1s importante para ti?<\/p>\n<p>\u00bfQu\u00e9 sue\u00f1os tienes para el futuro?<\/p>\n<p>&nbsp;<\/p>\n<h5>Recuerda (kom ih\u00e5g):\u00a0 \u00bfQu\u00e9 tiempo hace?<\/h5>\n<p><a href=\"http:\/\/blogg.folkuniversitetet.nu\/fuendi\/files\/2020\/09\/IMG_20200925_205136-scaled.jpg\"><img loading=\"lazy\" decoding=\"async\" class=\"size-medium wp-image-739\" src=\"http:\/\/blogg.folkuniversitetet.nu\/fuendi\/files\/2020\/09\/IMG_20200925_205136-300x287.jpg\" alt=\"\" width=\"300\" height=\"287\" \/><\/a><\/p>\n<h5><span style=\"color: #ff0000\">TAREA:<\/span><\/h5>\n<ol>\n<li>Leer de nuevo el texto &#8221;Dos pa\u00edses, dos voces&#8221; y estudiar el vocabulario.<\/li>\n<li>Estudiar el vocabulario de la p\u00e1gina 30 sobre la vivienda (boende)<\/li>\n<li>Ejercicios 2 y 3, p\u00e1gina 31.<\/li>\n<\/ol>\n","protected":false},"excerpt":{"rendered":"<p>Palabras y frases interesantes sobre el texto\u00a0 \u201dDos paises, dos voces\u201d, p. 24 a 27. diferente, -s importante, -s ama de casa:\u00a0 una mujer que no trabaja y est\u00e1 en la casa con los hijos lo que m\u00e1s me gusta tener en com\u00fan:\u00a0 \u00a0 Susana y Boris tienen en com\u00fan que les gusta viajar. encontrar(se) &hellip; <a href=\"https:\/\/blogg.folkuniversitetet.nu\/fuendi\/clase-del-24-de-septiembre-2\/\" class=\"more-link\">Forts\u00e4tt l\u00e4sa <span class=\"screen-reader-text\">Clase del 24 de septiembre<\/span> <span class=\"meta-nav\">&rarr;<\/span><\/a><\/p>\n","protected":false},"author":787,"featured_media":0,"parent":0,"menu_order":0,"comment_status":"closed","ping_status":"closed","template":"","meta":{"footnotes":""},"class_list":["post-735","page","type-page","status-publish","hentry"],"_links":{"self":[{"href":"https:\/\/blogg.folkuniversitetet.nu\/fuendi\/wp-json\/wp\/v2\/pages\/735","targetHints":{"allow":["GET"]}}],"collection":[{"href":"https:\/\/blogg.folkuniversitetet.nu\/fuendi\/wp-json\/wp\/v2\/pages"}],"about":[{"href":"https:\/\/blogg.folkuniversitetet.nu\/fuendi\/wp-json\/wp\/v2\/types\/page"}],"author":[{"embeddable":true,"href":"https:\/\/blogg.folkuniversitetet.nu\/fuendi\/wp-json\/wp\/v2\/users\/787"}],"replies":[{"embeddable":true,"href":"https:\/\/blogg.folkuniversitetet.nu\/fuendi\/wp-json\/wp\/v2\/comments?post=735"}],"version-history":[{"count":3,"href":"https:\/\/blogg.folkuniversitetet.nu\/fuendi\/wp-json\/wp\/v2\/pages\/735\/revisions"}],"predecessor-version":[{"id":740,"href":"https:\/\/blogg.folkuniversitetet.nu\/fuendi\/wp-json\/wp\/v2\/pages\/735\/revisions\/740"}],"wp:attachment":[{"href":"https:\/\/blogg.folkuniversitetet.nu\/fuendi\/wp-json\/wp\/v2\/media?parent=735"}],"curies":[{"name":"wp","href":"https:\/\/api.w.org\/{rel}","templated":true}]}}