{"id":682,"date":"2020-09-14T19:56:30","date_gmt":"2020-09-14T17:56:30","guid":{"rendered":"http:\/\/blogg.folkuniversitetet.nu\/fuendi\/?page_id=682"},"modified":"2020-09-15T11:58:45","modified_gmt":"2020-09-15T09:58:45","slug":"clase-del-14-de-septiembre","status":"publish","type":"page","link":"https:\/\/blogg.folkuniversitetet.nu\/fuendi\/clase-del-14-de-septiembre\/","title":{"rendered":"Clase del 14 de septiembre"},"content":{"rendered":"<h5>\u00bfQu\u00e9 hora es?<\/h5>\n<p><a href=\"http:\/\/blogg.folkuniversitetet.nu\/fuendi\/files\/2020\/09\/La-hora-ESPANA.pdf\"><strong>La hora &#8211; ESPA\u00d1A<\/strong> \u00a0<\/a>\u21d0 Aqu\u00ed<\/p>\n<h5>\u00bfQu\u00e9 d\u00eda es hoy? \u00bfQu\u00e9 fecha es hoy?<\/h5>\n<p><a href=\"http:\/\/blogg.folkuniversitetet.nu\/fuendi\/files\/2019\/09\/D\u00edas-meses-y-estaciones-del-a\u00f1o-1.pdf\"><strong>D\u00edas, meses y estaciones del a\u00f1o<\/strong> \u00a0 <\/a>\u21d0 Aqu\u00ed<\/p>\n<p><iframe loading=\"lazy\" title=\"Aprender espa\u00f1ol: D\u00edas, meses y estaciones del a\u00f1o (nivel b\u00e1sico)\" width=\"604\" height=\"340\" src=\"https:\/\/www.youtube.com\/embed\/ZO-ey3B_XSw?start=3&#038;feature=oembed\" frameborder=\"0\" allow=\"accelerometer; autoplay; clipboard-write; encrypted-media; gyroscope; picture-in-picture; web-share\" referrerpolicy=\"strict-origin-when-cross-origin\" allowfullscreen><\/iframe><\/p>\n<p>&nbsp;<\/p>\n<h5>Para describir una foto &#8211;\u00a0 F\u00f6r att beskriva en bild<\/h5>\n<p><span style=\"color: #ff0000\">Preguntas \u00fatiles:<\/span><\/p>\n<p>\u00bfQu\u00e9 hay en la foto?\u00a0 \u00a0 \u00a0 \u00a0 \u00a0 \u00a0 \u00a0 \u00a0 \u00a0 \u00a0 \u00a0 \u00a0 \u00a0 \u00a0 \u00a0 \u00a0 \u00a0 Vad finns p\u00e5 bilden?<\/p>\n<p>\u00bfQui\u00e9n o quienes est\u00e1n en la foto?\u00a0 \u00a0\u00a0 Vem \/ Vilka ar p\u00e5 bilden?<\/p>\n<p>\u00bfQu\u00e9 hace?\u00a0 \/\u00a0 \u00bfQu\u00e9 hacen?\u00a0 \u00a0 \u00a0 \u00a0 \u00a0 \u00a0 \u00a0 \u00a0 \u00a0 \u00a0 Vad g\u00f6r han\/hon\/de?<\/p>\n<p>\u00bfD\u00f3nde est\u00e1 \/ est\u00e1n?\u00a0 \u00a0 \u00a0 \u00a0 \u00a0 \u00a0 \u00a0 \u00a0 \u00a0 \u00a0 \u00a0 \u00a0 \u00a0 \u00a0 \u00a0 \u00a0 \u00a0Var \u00e4r han\/hon\/de?<\/p>\n<p>Consejo \/ R\u00e5d:\u00a0 Ir de lo general a lo espec\u00edfico \/ G\u00e5 from det generella\u00a0 till det specifika.<\/p>\n<p>&nbsp;<\/p>\n<p><span style=\"color: #ff0000\">Ejemplo, p. 32:<\/span><\/p>\n<p>En la foto hay una iglesia, varias personas, un hombre sentado y una bicicleta.<\/p>\n<p>&nbsp;<\/p>\n<p>hay = det finns<\/p>\n<p>iglesia = kyrka<\/p>\n<p>una persona \/ varias personas = en person \/ flera personer<\/p>\n<p>un hombre sentado = en man som sitter<\/p>\n<p>bicicleta = cykel<\/p>\n<p>&nbsp;<\/p>\n<p><span style=\"color: #ff0000\">Ejemplo p. 21:<\/span><\/p>\n<p>En la foto hay un chico sentado en su moto \/ motocicleta. Tambi\u00e9n hay edificios, una calle y varios coches.<\/p>\n<p>&nbsp;<\/p>\n<p>moto = motorcykel<\/p>\n<p>un chico sentado en su moto = det sitter en kille p\u00e5 sin motorcykel<\/p>\n<p>tambi\u00e9n = ocks\u00e5 \/ dessutom<\/p>\n<p>edificios = byggnader<\/p>\n<p>un coche \/ varios coches = en bil \/ flera bilar<\/p>\n<p>calle = v\u00e4g<\/p>\n<h5><\/h5>\n<h5><strong style=\"color: #ff0000\">TAREA:<\/strong><\/h5>\n<ul>\n<li>Repasar los n\u00fameros del 1 al 100\u00a0 (p. 16 y 23), los verbos regulares e irregulares (<a href=\"https:\/\/blogg.folkuniversitetet.nu\/fuendi\/clase-del-7-de-septiembre\/\" target=\"_blank\" rel=\"noopener noreferrer\" data-saferedirecturl=\"https:\/\/www.google.com\/url?q=https:\/\/blogg.folkuniversitetet.nu\/fuendi\/clase-del-7-de-septiembre\/&amp;source=gmail&amp;ust=1600192502393000&amp;usg=AFQjCNH5YESSfHfzgEbc7kYZV2Z-3o6ZTg\">https:\/\/blogg.folkuniversitetet.nu\/fuendi\/clase-del-7-de-septiembre\/<\/a>), y la hora.<\/li>\n<li>Ejercicio 1, p. 64 (en una hoja suelta \/ p\u00e5 ett l\u00f6st papper).<\/li>\n<li>Ejercicio 3, 4 y 5, p. 64.<\/li>\n<li>Ejercicio 7, p. 65.<\/li>\n<li>Ejercicio 8, p. 66.<\/li>\n<li>Estudiar el men\u00fa del Caf\u00e9 Viena, p. 65 y prepararse para (f\u00f6rbereda sig f\u00f6r) hacer el ejercicio 9, p. 66, la pr\u00f3xima semana (n\u00e4sta vecka).<\/li>\n<\/ul>\n","protected":false},"excerpt":{"rendered":"<p>\u00bfQu\u00e9 hora es? La hora &#8211; ESPA\u00d1A \u00a0\u21d0 Aqu\u00ed \u00bfQu\u00e9 d\u00eda es hoy? \u00bfQu\u00e9 fecha es hoy? D\u00edas, meses y estaciones del a\u00f1o \u00a0 \u21d0 Aqu\u00ed &nbsp; Para describir una foto &#8211;\u00a0 F\u00f6r att beskriva en bild Preguntas \u00fatiles: \u00bfQu\u00e9 hay en la foto?\u00a0 \u00a0 \u00a0 \u00a0 \u00a0 \u00a0 \u00a0 \u00a0 \u00a0 \u00a0 \u00a0 \u00a0 &hellip; <a href=\"https:\/\/blogg.folkuniversitetet.nu\/fuendi\/clase-del-14-de-septiembre\/\" class=\"more-link\">Forts\u00e4tt l\u00e4sa <span class=\"screen-reader-text\">Clase del 14 de septiembre<\/span> <span class=\"meta-nav\">&rarr;<\/span><\/a><\/p>\n","protected":false},"author":787,"featured_media":0,"parent":0,"menu_order":0,"comment_status":"closed","ping_status":"closed","template":"","meta":{"footnotes":""},"class_list":["post-682","page","type-page","status-publish","hentry"],"_links":{"self":[{"href":"https:\/\/blogg.folkuniversitetet.nu\/fuendi\/wp-json\/wp\/v2\/pages\/682","targetHints":{"allow":["GET"]}}],"collection":[{"href":"https:\/\/blogg.folkuniversitetet.nu\/fuendi\/wp-json\/wp\/v2\/pages"}],"about":[{"href":"https:\/\/blogg.folkuniversitetet.nu\/fuendi\/wp-json\/wp\/v2\/types\/page"}],"author":[{"embeddable":true,"href":"https:\/\/blogg.folkuniversitetet.nu\/fuendi\/wp-json\/wp\/v2\/users\/787"}],"replies":[{"embeddable":true,"href":"https:\/\/blogg.folkuniversitetet.nu\/fuendi\/wp-json\/wp\/v2\/comments?post=682"}],"version-history":[{"count":3,"href":"https:\/\/blogg.folkuniversitetet.nu\/fuendi\/wp-json\/wp\/v2\/pages\/682\/revisions"}],"predecessor-version":[{"id":687,"href":"https:\/\/blogg.folkuniversitetet.nu\/fuendi\/wp-json\/wp\/v2\/pages\/682\/revisions\/687"}],"wp:attachment":[{"href":"https:\/\/blogg.folkuniversitetet.nu\/fuendi\/wp-json\/wp\/v2\/media?parent=682"}],"curies":[{"name":"wp","href":"https:\/\/api.w.org\/{rel}","templated":true}]}}