{"id":642,"date":"2020-06-14T20:41:34","date_gmt":"2020-06-14T18:41:34","guid":{"rendered":"http:\/\/blogg.folkuniversitetet.nu\/fuendi\/?page_id=642"},"modified":"2020-06-14T20:41:34","modified_gmt":"2020-06-14T18:41:34","slug":"clase-del-8-de-junio","status":"publish","type":"page","link":"https:\/\/blogg.folkuniversitetet.nu\/fuendi\/clase-del-8-de-junio\/","title":{"rendered":"Clase del 8 de junio"},"content":{"rendered":"<h5>Pedir y dar direcciones<\/h5>\n<p><strong>\u00bfA d\u00f3nde voy?<\/strong><\/p>\n<p>1) Diana: Salgo de mi casa y voy a la izquierda por la calle Madrid. Sigo todo recto y en la segunda calle giro a la izquierda. Luego sigo recto por la avenida Las Am\u00e9ricas. Paso por el garage. Atravieso la calle Isabel y llego. Respuesta: Voy <strong>a<\/strong> la plaza.<\/p>\n<p>2) Saga: Salgo de la estaci\u00f3n y sigo todo recto por la calle libertad. Cruzo la calle Col\u00f3n y tomo la pr\u00f3xima calle a la izquierda y llego. Respuesta: Voy <strong>al<\/strong> supermercado.<\/p>\n<p>3) Jill: Salgo de la comisaria a la derecha y voy todo recto por la calle Col\u00f3n. Paso la iglesia y giro a la derecha en la calle La Paz. Atravieso la calle Santiago y llego. Respuesta: Voy <strong>al<\/strong> cementerio.<\/p>\n<p>4) Johan: Salgo del restaurante a la derecha y todo recto hasta calle Madrid. Giro a la derecha y sigo todo recto, paso la piscina, la panader\u00eda y la calle Los Reyes, y llego. Respuesta: Voy <strong>a<\/strong> la biblioteca.<\/p>\n<p>5) Fredrik: Estoy en el garage. Salgo del garage a la derecha y camino todo recto por la avenida Las Am\u00e9ricas hasta final y llego. Respuesta: Voy <strong>a<\/strong> la playa.<\/p>\n<p><strong>Verbos:<\/strong><\/p>\n<p>girar = giro (yo), giras (t\u00fa), gira (usted).\u00a0\u00a0\u00a0\u00a0 Kom ih\u00e5g:\u00a0 girar a la derecha \/ izquierda <strong>en<\/strong><\/p>\n<p>doblar = doblo, doblas, dobla\u00a0\u00a0 Kom ih\u00e5g:\u00a0 doblar a la derecha \/ izquierda <strong>en<\/strong><\/p>\n<p>cruzar = cruzo, cruzas, cruza<\/p>\n<p>atravesar = atravieso, atraviesas, atraviesa<\/p>\n<p>seguir = sigo, sigues, sigue\u00a0\u00a0\u00a0\u00a0\u00a0\u00a0 Kom ih\u00e5g:\u00a0 seguir <strong>por<\/strong><\/p>\n<p>ir = voy, vas, va\u00a0\u00a0\u00a0\u00a0\u00a0\u00a0\u00a0\u00a0\u00a0\u00a0\u00a0\u00a0\u00a0\u00a0\u00a0\u00a0\u00a0\u00a0\u00a0\u00a0\u00a0\u00a0\u00a0\u00a0\u00a0 Kom ih\u00e5g:\u00a0 ir <strong>a\u00a0<\/strong><\/p>\n<p>caminar = camino, caminas, camina<\/p>\n<p>llegar = llego, llegas, llega\u00a0\u00a0\u00a0\u00a0\u00a0\u00a0\u00a0 Kom ih\u00e5g:\u00a0 llegar <strong>a<\/strong><\/p>\n<p>tomar = tomo, tomas, toma<\/p>\n<p>coger = cojo, coges, coge<\/p>\n<p>pasar = paso, pasas, pasa<\/p>\n<p>&nbsp;<\/p>\n<h5><span style=\"color: #ff0000\">TAREA:<\/span><\/h5>\n<p>Repasar el material y el vocabulario de &#8221;Pedir y dar direcciones&#8221;.<\/p>\n","protected":false},"excerpt":{"rendered":"<p>Pedir y dar direcciones \u00bfA d\u00f3nde voy? 1) Diana: Salgo de mi casa y voy a la izquierda por la calle Madrid. Sigo todo recto y en la segunda calle giro a la izquierda. Luego sigo recto por la avenida Las Am\u00e9ricas. Paso por el garage. Atravieso la calle Isabel y llego. Respuesta: Voy a &hellip; <a href=\"https:\/\/blogg.folkuniversitetet.nu\/fuendi\/clase-del-8-de-junio\/\" class=\"more-link\">Forts\u00e4tt l\u00e4sa <span class=\"screen-reader-text\">Clase del 8 de junio<\/span> <span class=\"meta-nav\">&rarr;<\/span><\/a><\/p>\n","protected":false},"author":787,"featured_media":0,"parent":0,"menu_order":0,"comment_status":"closed","ping_status":"closed","template":"","meta":{"footnotes":""},"class_list":["post-642","page","type-page","status-publish","hentry"],"_links":{"self":[{"href":"https:\/\/blogg.folkuniversitetet.nu\/fuendi\/wp-json\/wp\/v2\/pages\/642","targetHints":{"allow":["GET"]}}],"collection":[{"href":"https:\/\/blogg.folkuniversitetet.nu\/fuendi\/wp-json\/wp\/v2\/pages"}],"about":[{"href":"https:\/\/blogg.folkuniversitetet.nu\/fuendi\/wp-json\/wp\/v2\/types\/page"}],"author":[{"embeddable":true,"href":"https:\/\/blogg.folkuniversitetet.nu\/fuendi\/wp-json\/wp\/v2\/users\/787"}],"replies":[{"embeddable":true,"href":"https:\/\/blogg.folkuniversitetet.nu\/fuendi\/wp-json\/wp\/v2\/comments?post=642"}],"version-history":[{"count":1,"href":"https:\/\/blogg.folkuniversitetet.nu\/fuendi\/wp-json\/wp\/v2\/pages\/642\/revisions"}],"predecessor-version":[{"id":644,"href":"https:\/\/blogg.folkuniversitetet.nu\/fuendi\/wp-json\/wp\/v2\/pages\/642\/revisions\/644"}],"wp:attachment":[{"href":"https:\/\/blogg.folkuniversitetet.nu\/fuendi\/wp-json\/wp\/v2\/media?parent=642"}],"curies":[{"name":"wp","href":"https:\/\/api.w.org\/{rel}","templated":true}]}}