{"id":591,"date":"2020-05-26T21:49:50","date_gmt":"2020-05-26T19:49:50","guid":{"rendered":"http:\/\/blogg.folkuniversitetet.nu\/fuendi\/?page_id=591"},"modified":"2020-05-26T21:55:41","modified_gmt":"2020-05-26T19:55:41","slug":"clase-del-26-de-mayo","status":"publish","type":"page","link":"https:\/\/blogg.folkuniversitetet.nu\/fuendi\/clase-del-26-de-mayo\/","title":{"rendered":"Clase del 26 de mayo"},"content":{"rendered":"<h5><a href=\"http:\/\/blogg.folkuniversitetet.nu\/fuendi\/files\/2020\/05\/Chat-de-la-clase-26-de-mayo.pdf\">Chat de la clase \u00a0<\/a>\u21d0 Aqu\u00ed<\/h5>\n<h5><a href=\"http:\/\/blogg.folkuniversitetet.nu\/fuendi\/files\/2020\/05\/Gustar-Encantar-Ejercicio.pdf\">Gustar-Encantar-Ejercicio \u00a0<\/a>\u21d0 Aqu\u00ed<\/h5>\n<h5>El \u00e1rbol de familia<\/h5>\n<p><a href=\"http:\/\/blogg.folkuniversitetet.nu\/fuendi\/files\/2020\/04\/Screenshot1-1.png\"><img loading=\"lazy\" decoding=\"async\" class=\"alignnone size-medium wp-image-433\" src=\"http:\/\/blogg.folkuniversitetet.nu\/fuendi\/files\/2020\/04\/Screenshot1-1-300x174.png\" alt=\"\" width=\"300\" height=\"174\" \/><\/a><\/p>\n<h5><\/h5>\n<h5><strong>\u00bfQui\u00e9n\u2026?<\/strong><\/h5>\n<ul>\n<li>\u00bfQui\u00e9n eres t\u00fa?<\/li>\n<li>\u00bfQui\u00e9n es \u00e9l \/ella?<\/li>\n<li>\u00bfQui\u00e9nes son ellos\/ellas\/ustedes?<\/li>\n<li>\u00bfQui\u00e9nes sois vosotros?<\/li>\n<\/ul>\n<h5><span style=\"color: #ff0000\">TAREA:<\/span><\/h5>\n<ul>\n<li>Ejercicios 8a y 9a, p\u00e1gina 41.<\/li>\n<li>Texto MI FAMILIA. Escribe un texto sobre tu familia. Puedes usar como modelo el texto de la p\u00e1gina 42. El pr\u00f3ximo martes cada uno leer\u00e1 y mostrar\u00e1 su texto a la clase. Luego vamos a mejorar los textos juntos.<\/li>\n<li><em>Text MIN FAMILJ. Skriv en text om din familj. Du f\u00e5r anv\u00e4nda texten p\u00e5 sidan 42 som f\u00f6rebild. N\u00e4sta tisdagen ska du l\u00e4sa och visa din text inf\u00f6r klassen. <\/em><em>Efter\u00e5t ska vi f\u00f6rb\u00e4ttra texterna tillsammans.<\/em><\/li>\n<\/ul>\n","protected":false},"excerpt":{"rendered":"<p>Chat de la clase \u00a0\u21d0 Aqu\u00ed Gustar-Encantar-Ejercicio \u00a0\u21d0 Aqu\u00ed El \u00e1rbol de familia \u00bfQui\u00e9n\u2026? \u00bfQui\u00e9n eres t\u00fa? \u00bfQui\u00e9n es \u00e9l \/ella? \u00bfQui\u00e9nes son ellos\/ellas\/ustedes? \u00bfQui\u00e9nes sois vosotros? TAREA: Ejercicios 8a y 9a, p\u00e1gina 41. Texto MI FAMILIA. Escribe un texto sobre tu familia. Puedes usar como modelo el texto de la p\u00e1gina 42. El pr\u00f3ximo &hellip; <a href=\"https:\/\/blogg.folkuniversitetet.nu\/fuendi\/clase-del-26-de-mayo\/\" class=\"more-link\">Forts\u00e4tt l\u00e4sa <span class=\"screen-reader-text\">Clase del 26 de mayo<\/span> <span class=\"meta-nav\">&rarr;<\/span><\/a><\/p>\n","protected":false},"author":787,"featured_media":0,"parent":0,"menu_order":0,"comment_status":"closed","ping_status":"closed","template":"","meta":{"footnotes":""},"class_list":["post-591","page","type-page","status-publish","hentry"],"_links":{"self":[{"href":"https:\/\/blogg.folkuniversitetet.nu\/fuendi\/wp-json\/wp\/v2\/pages\/591","targetHints":{"allow":["GET"]}}],"collection":[{"href":"https:\/\/blogg.folkuniversitetet.nu\/fuendi\/wp-json\/wp\/v2\/pages"}],"about":[{"href":"https:\/\/blogg.folkuniversitetet.nu\/fuendi\/wp-json\/wp\/v2\/types\/page"}],"author":[{"embeddable":true,"href":"https:\/\/blogg.folkuniversitetet.nu\/fuendi\/wp-json\/wp\/v2\/users\/787"}],"replies":[{"embeddable":true,"href":"https:\/\/blogg.folkuniversitetet.nu\/fuendi\/wp-json\/wp\/v2\/comments?post=591"}],"version-history":[{"count":3,"href":"https:\/\/blogg.folkuniversitetet.nu\/fuendi\/wp-json\/wp\/v2\/pages\/591\/revisions"}],"predecessor-version":[{"id":597,"href":"https:\/\/blogg.folkuniversitetet.nu\/fuendi\/wp-json\/wp\/v2\/pages\/591\/revisions\/597"}],"wp:attachment":[{"href":"https:\/\/blogg.folkuniversitetet.nu\/fuendi\/wp-json\/wp\/v2\/media?parent=591"}],"curies":[{"name":"wp","href":"https:\/\/api.w.org\/{rel}","templated":true}]}}