{"id":406,"date":"2020-04-06T20:04:44","date_gmt":"2020-04-06T18:04:44","guid":{"rendered":"http:\/\/blogg.folkuniversitetet.nu\/fuendi\/?page_id=406"},"modified":"2020-04-06T20:48:33","modified_gmt":"2020-04-06T18:48:33","slug":"clase-del-6-de-abril-a-distancia","status":"publish","type":"page","link":"https:\/\/blogg.folkuniversitetet.nu\/fuendi\/clase-del-6-de-abril-a-distancia\/","title":{"rendered":"Clase del 6 de abril &#8211; A distancia"},"content":{"rendered":"<h5>Algunos aspectos interesantes vistos en clase<\/h5>\n<p>Vosotros trabaj\u00e1is. \/ Ustedes trabajan.<\/p>\n<p>Mis hermanas viven en Ir\u00e1n.<\/p>\n<p>Mi padre muri\u00f3 cuando yo ten\u00eda 6 a\u00f1os.\u00a0 \u00a0\/\u00a0 \u00a0 Yo tengo 54 a\u00f1os.<\/p>\n<ul>\n<li>Gislaved es un pueblo en Sm\u00e5land.<\/li>\n<li>Gislaved es un pueblo ubicado en Sm\u00e5land.<\/li>\n<li>Gislaved est\u00e1 en Sm\u00e5land.<\/li>\n<\/ul>\n<p>Me encantan mis padres y mi hermana.<\/p>\n<p>Mis padres viven en&#8230;<\/p>\n<p>Yo estoy <strong>casada con<\/strong> Stefan. \/\u00a0 Yo estoy <strong>divorciada de<\/strong> Stefan.<\/p>\n<p>EE.UU. =\u00a0 Estados Unidos<\/p>\n<p>Elisa est\u00e1 <strong>a la derecha <\/strong>de Luis.<\/p>\n<p>Enrique est\u00e1 <strong>a la izquierda<\/strong> de Luis.<\/p>\n<p>Elisa est\u00e1 <strong>al lado<\/strong> de Luis\u00a0 \/\u00a0 \u00a0Enrique est\u00e1 <strong>al lado<\/strong> de Luis.<\/p>\n<p>Miguel y Ana est\u00e1n <strong>debajo<\/strong> de Pedro.<\/p>\n<p>Luis est\u00e1 <strong>encima<\/strong> de Julia y Pedro.<\/p>\n<ul>\n<li>a la izquierda (de) = till v\u00e4nster (om)<\/li>\n<li>a la derecha (de) = till h\u00f6ger (om)<\/li>\n<li>al lado (de) = brevid<\/li>\n<li>debajo (de) = under<\/li>\n<li>encima (de) = \u00f6ver \/ ovanf\u00f6r \/ ovanp\u00e5<\/li>\n<\/ul>\n<p><strong>\u00bfQui\u00e9n&#8230;?<\/strong><\/p>\n<ul>\n<li>\u00bfQui\u00e9n eres t\u00fa?\u00a0 \u00bfQui\u00e9n es \u00e9l \/ella?<\/li>\n<li>\u00bfQui\u00e9nes son ellos\/ellas\/ustedes?\u00a0 \u00a0\u00bfQui\u00e9nes sois vosotros?<\/li>\n<\/ul>\n<h5>Pronunciaci\u00f3n de la C y la Z<\/h5>\n<p><iframe loading=\"lazy\" title=\"Spanish pronunciation: C &amp; Z\" width=\"604\" height=\"340\" src=\"https:\/\/www.youtube.com\/embed\/Xg525KvZxi0?feature=oembed\" frameborder=\"0\" allow=\"accelerometer; autoplay; clipboard-write; encrypted-media; gyroscope; picture-in-picture; web-share\" referrerpolicy=\"strict-origin-when-cross-origin\" allowfullscreen><\/iframe><\/p>\n<h5>La familia<\/h5>\n<p><a href=\"http:\/\/blogg.folkuniversitetet.nu\/fuendi\/files\/2020\/04\/La-familia-1.png\"><img loading=\"lazy\" decoding=\"async\" class=\"alignnone size-medium wp-image-415\" src=\"http:\/\/blogg.folkuniversitetet.nu\/fuendi\/files\/2020\/04\/La-familia-1-300x240.png\" alt=\"\" width=\"300\" height=\"240\" \/><\/a> <a href=\"http:\/\/blogg.folkuniversitetet.nu\/fuendi\/files\/2020\/04\/La-familia-2.png\"><img loading=\"lazy\" decoding=\"async\" class=\"alignnone size-medium wp-image-416\" src=\"http:\/\/blogg.folkuniversitetet.nu\/fuendi\/files\/2020\/04\/La-familia-2-300x240.png\" alt=\"\" width=\"300\" height=\"240\" \/><\/a><\/p>\n<h5><span style=\"color: #ff0000\">TAREA:<\/span><\/h5>\n<ul>\n<li>Leer el texto \u201cAm\u00e9rica Latina\u201d, p\u00e1ginas 44 y 45, y estudiar el vocabulario.<\/li>\n<li>Estudiar el vocabulario de la p\u00e1gina 48 sobre los colores, los meses del a\u00f1o, los puntos cardinales y las estaciones del a\u00f1o.<\/li>\n<\/ul>\n","protected":false},"excerpt":{"rendered":"<p>Algunos aspectos interesantes vistos en clase Vosotros trabaj\u00e1is. \/ Ustedes trabajan. Mis hermanas viven en Ir\u00e1n. Mi padre muri\u00f3 cuando yo ten\u00eda 6 a\u00f1os.\u00a0 \u00a0\/\u00a0 \u00a0 Yo tengo 54 a\u00f1os. Gislaved es un pueblo en Sm\u00e5land. Gislaved es un pueblo ubicado en Sm\u00e5land. Gislaved est\u00e1 en Sm\u00e5land. Me encantan mis padres y mi hermana. Mis &hellip; <a href=\"https:\/\/blogg.folkuniversitetet.nu\/fuendi\/clase-del-6-de-abril-a-distancia\/\" class=\"more-link\">Forts\u00e4tt l\u00e4sa <span class=\"screen-reader-text\">Clase del 6 de abril &#8211; A distancia<\/span> <span class=\"meta-nav\">&rarr;<\/span><\/a><\/p>\n","protected":false},"author":787,"featured_media":0,"parent":0,"menu_order":0,"comment_status":"closed","ping_status":"closed","template":"","meta":{"footnotes":""},"class_list":["post-406","page","type-page","status-publish","hentry"],"_links":{"self":[{"href":"https:\/\/blogg.folkuniversitetet.nu\/fuendi\/wp-json\/wp\/v2\/pages\/406","targetHints":{"allow":["GET"]}}],"collection":[{"href":"https:\/\/blogg.folkuniversitetet.nu\/fuendi\/wp-json\/wp\/v2\/pages"}],"about":[{"href":"https:\/\/blogg.folkuniversitetet.nu\/fuendi\/wp-json\/wp\/v2\/types\/page"}],"author":[{"embeddable":true,"href":"https:\/\/blogg.folkuniversitetet.nu\/fuendi\/wp-json\/wp\/v2\/users\/787"}],"replies":[{"embeddable":true,"href":"https:\/\/blogg.folkuniversitetet.nu\/fuendi\/wp-json\/wp\/v2\/comments?post=406"}],"version-history":[{"count":9,"href":"https:\/\/blogg.folkuniversitetet.nu\/fuendi\/wp-json\/wp\/v2\/pages\/406\/revisions"}],"predecessor-version":[{"id":418,"href":"https:\/\/blogg.folkuniversitetet.nu\/fuendi\/wp-json\/wp\/v2\/pages\/406\/revisions\/418"}],"wp:attachment":[{"href":"https:\/\/blogg.folkuniversitetet.nu\/fuendi\/wp-json\/wp\/v2\/media?parent=406"}],"curies":[{"name":"wp","href":"https:\/\/api.w.org\/{rel}","templated":true}]}}