{"id":388,"date":"2020-04-03T17:14:10","date_gmt":"2020-04-03T15:14:10","guid":{"rendered":"http:\/\/blogg.folkuniversitetet.nu\/fuendi\/?page_id=388"},"modified":"2020-04-03T17:49:11","modified_gmt":"2020-04-03T15:49:11","slug":"clase-del-1-de-abril-a-distancia-2","status":"publish","type":"page","link":"https:\/\/blogg.folkuniversitetet.nu\/fuendi\/clase-del-1-de-abril-a-distancia-2\/","title":{"rendered":"Clase del 1 de abril &#8211; A distancia"},"content":{"rendered":"<h5>Chat de la clase\u00a0 \u21d2 Aqu\u00ed \u21d2 \u00a0<a href=\"http:\/\/blogg.folkuniversitetet.nu\/fuendi\/files\/2020\/04\/Chat-de-la-clase.pdf\">Chat de la clase<\/a><\/h5>\n<h5>GUSTAR Y ENCANTAR<\/h5>\n<p><a href=\"http:\/\/blogg.folkuniversitetet.nu\/fuendi\/files\/2020\/03\/GUSTAR-Y-ENCANTAR.pdf\">GUSTAR Y ENCANTAR<\/a>\u00a0\u21d0 Aqu\u00ed<\/p>\n<p><a href=\"http:\/\/blogg.folkuniversitetet.nu\/fuendi\/files\/2020\/03\/Vocabulario-1.pdf\">Vocabulario 1<\/a>\u00a0\u21d0 Cosas y actividades para practicar con los verbos GUSTAR y ENCANTAR<\/p>\n<h5>ENCANTAR\u00a0 \u2013\u00a0 GUSTAR \u2013 NO GUSTAR NADA (tycka inte alls om)<\/h5>\n<p>Ejemplos:<\/p>\n<p>Me encantan los libros\u00a0 \u2013\u00a0 Me gustan los libros\u00a0 \u00a0\u2013\u00a0 \u00a0 No me gustan nada los libros<\/p>\n<p><strong>Para conversar (f\u00f6r att h\u00e5lla samtal):<\/strong><\/p>\n<ul>\n<li><strong>A<\/strong>\u00a0 \u00a0 \u00a0Me gusta cocinar<\/li>\n<li><strong>B<\/strong>\u00a0 \u00a0 \u00a0A m\u00ed tambi\u00e9n\u00a0 \u00a0 \u00a0 \u00a0 \u00a0 \u21d2\u00a0 \u00a0 Man h\u00e5ller med\u00a0 p\u00e5staendet\u00a0 \u00a0 \u00a0\u21d2\u00a0 \u00a0 \u00a0Jag ocks\u00e5<\/li>\n<\/ul>\n<p>&nbsp;<\/p>\n<ul>\n<li><strong>A<\/strong>\u00a0 \u00a0 Me gusta cocinar<\/li>\n<li><strong>B<\/strong>\u00a0 \u00a0 A m\u00ed no\u00a0 \u00a0 \u00a0 \u00a0 \u00a0 \u00a0 \u00a0 \u00a0 \u00a0 \u00a0 \u00a0 \u00a0\u21d2\u00a0 Man h\u00e5ller inte med p\u00e5staendet\u00a0 \u00a0\u21d2\u00a0 Jag tycker inte om det<\/li>\n<\/ul>\n<p>&nbsp;<\/p>\n<ul>\n<li><strong>A<\/strong>\u00a0 \u00a0 \u00a0No me gusta cocinar<\/li>\n<li>B\u00a0 \u00a0 \u00a0A m\u00ed tampoco\u00a0 \u00a0 \u00a0 \u00a0 \u00a0 \u21d2\u00a0 Man h\u00e5ller med\u00a0 p\u00e5staendet\u00a0 \u00a0 \u00a0\u21d2\u00a0 \u00a0 \u00a0Inte jag heller<\/li>\n<\/ul>\n<p>&nbsp;<\/p>\n<ul>\n<li>A\u00a0 \u00a0 No me gusta cocinar<\/li>\n<li>B\u00a0 \u00a0 A m\u00ed s\u00ed\u00a0 \u00a0 \u00a0 \u00a0 \u00a0 \u00a0 \u00a0 \u00a0 \u00a0 \u00a0 \u00a0 \u00a0 \u00a0\u00a0\u21d2\u00a0 Man h\u00e5ller inte med\u00a0 p\u00e5staendet\u00a0 \u00a0 \u00a0\u21d2\u00a0 \u00a0 \u00a0Jag tycker om det<\/li>\n<\/ul>\n<p><strong>Observa:<\/strong><\/p>\n<p><strong>No<\/strong>\u00a0me gusta\u00a0<strong>nada<\/strong>\u00a0cocinar\u00a0 \u00a0 \u21d2\u00a0 \u00a0 \u00a0 \u00a0Jag tycker\u00a0<strong>inte alls<\/strong>\u00a0om att laga mat<\/p>\n<h5>La familia<\/h5>\n<p><a href=\"http:\/\/blogg.folkuniversitetet.nu\/fuendi\/files\/2020\/04\/Screenshot1.png\"><img loading=\"lazy\" decoding=\"async\" class=\"alignnone size-medium wp-image-393\" src=\"http:\/\/blogg.folkuniversitetet.nu\/fuendi\/files\/2020\/04\/Screenshot1-276x300.png\" alt=\"\" width=\"276\" height=\"300\" \/><\/a><\/p>\n<h5><span style=\"color: #ff0000\">TAREA:<\/span><\/h5>\n<ul>\n<li>Ejercicio 2, p\u00e1gina 39.<\/li>\n<li>Ejercicio 4a y 4b, p\u00e1gina 40.<\/li>\n<li>Ejercicios 7a, 8a y 9a, p\u00e1gina 41.<\/li>\n<li>Texto MI FAMILIA. Escribe un texto sobre tu familia. Puedes usar como modelo el texto de la p\u00e1gina 42. El pr\u00f3ximo lunes cada uno leer\u00e1 y mostrar\u00e1 su texto a la clase. Luego vamos a mejorar los textos juntos.<\/li>\n<li><em>\u00a0<\/em><em>Texten MIN FAMILJ. Skriv en text om din familj. Du f\u00e5r anv\u00e4nda texten p\u00e5 sidan 42 som f\u00f6rebild. N\u00e4sta m\u00e5ndagen ska du l\u00e4sa och visa din text inf\u00f6r klassen. Efter\u00e5t ska vi f\u00f6rb\u00e4ttra texterna tillsammans.<\/em><\/li>\n<\/ul>\n","protected":false},"excerpt":{"rendered":"<p>Chat de la clase\u00a0 \u21d2 Aqu\u00ed \u21d2 \u00a0Chat de la clase GUSTAR Y ENCANTAR GUSTAR Y ENCANTAR\u00a0\u21d0 Aqu\u00ed Vocabulario 1\u00a0\u21d0 Cosas y actividades para practicar con los verbos GUSTAR y ENCANTAR ENCANTAR\u00a0 \u2013\u00a0 GUSTAR \u2013 NO GUSTAR NADA (tycka inte alls om) Ejemplos: Me encantan los libros\u00a0 \u2013\u00a0 Me gustan los libros\u00a0 \u00a0\u2013\u00a0 \u00a0 No &hellip; <a href=\"https:\/\/blogg.folkuniversitetet.nu\/fuendi\/clase-del-1-de-abril-a-distancia-2\/\" class=\"more-link\">Forts\u00e4tt l\u00e4sa <span class=\"screen-reader-text\">Clase del 1 de abril &#8211; A distancia<\/span> <span class=\"meta-nav\">&rarr;<\/span><\/a><\/p>\n","protected":false},"author":787,"featured_media":0,"parent":0,"menu_order":0,"comment_status":"closed","ping_status":"closed","template":"","meta":{"footnotes":""},"class_list":["post-388","page","type-page","status-publish","hentry"],"_links":{"self":[{"href":"https:\/\/blogg.folkuniversitetet.nu\/fuendi\/wp-json\/wp\/v2\/pages\/388","targetHints":{"allow":["GET"]}}],"collection":[{"href":"https:\/\/blogg.folkuniversitetet.nu\/fuendi\/wp-json\/wp\/v2\/pages"}],"about":[{"href":"https:\/\/blogg.folkuniversitetet.nu\/fuendi\/wp-json\/wp\/v2\/types\/page"}],"author":[{"embeddable":true,"href":"https:\/\/blogg.folkuniversitetet.nu\/fuendi\/wp-json\/wp\/v2\/users\/787"}],"replies":[{"embeddable":true,"href":"https:\/\/blogg.folkuniversitetet.nu\/fuendi\/wp-json\/wp\/v2\/comments?post=388"}],"version-history":[{"count":5,"href":"https:\/\/blogg.folkuniversitetet.nu\/fuendi\/wp-json\/wp\/v2\/pages\/388\/revisions"}],"predecessor-version":[{"id":396,"href":"https:\/\/blogg.folkuniversitetet.nu\/fuendi\/wp-json\/wp\/v2\/pages\/388\/revisions\/396"}],"wp:attachment":[{"href":"https:\/\/blogg.folkuniversitetet.nu\/fuendi\/wp-json\/wp\/v2\/media?parent=388"}],"curies":[{"name":"wp","href":"https:\/\/api.w.org\/{rel}","templated":true}]}}