{"id":273,"date":"2020-02-25T14:17:57","date_gmt":"2020-02-25T13:17:57","guid":{"rendered":"http:\/\/blogg.folkuniversitetet.nu\/fuendi\/?page_id=273"},"modified":"2020-02-25T14:17:57","modified_gmt":"2020-02-25T13:17:57","slug":"clase-del-24-de-febrero","status":"publish","type":"page","link":"https:\/\/blogg.folkuniversitetet.nu\/fuendi\/clase-del-24-de-febrero\/","title":{"rendered":"Clase del 24 de febrero"},"content":{"rendered":"<h5>Preguntas y repuestas:<\/h5>\n<ul>\n<li>\u00bfC\u00f3mo te llamas?<\/li>\n<li>\u00bfDe d\u00f3nde eres?<\/li>\n<li>\u00bfCu\u00e1ntos a\u00f1os tienes?<\/li>\n<li>\u00bfD\u00f3nde vives?<\/li>\n<li>\u00bfQui\u00e9n eres?<\/li>\n<li>\u00bfQui\u00e9n es \u00e9l\/ella?<\/li>\n<li>\u00bfQui\u00e9nes son ellos?<\/li>\n<li>\u00bfTienes hermanos\/hijos?<\/li>\n<li>\u00bfC\u00f3mo se llama(n) tu(s) hijo, -a, -s?<\/li>\n<li>\u00bfQu\u00e9 idiomas hablas?<\/li>\n<\/ul>\n<h5>N\u00fameros del 0 al 100:<\/h5>\n<p><a href=\"http:\/\/blogg.folkuniversitetet.nu\/fuendi\/files\/2020\/01\/El-n\u00famero-de-tel\u00e9fono.pdf\">El n\u00famero de tel\u00e9fono<\/a> \u21d0 Ejercicio<\/p>\n<h5><span style=\"color: #ff0000\">TAREA:<\/span><\/h5>\n<ul>\n<li>Estudiar (repasar) las p\u00e1ginas 20 a 25.<\/li>\n<li>Ejercicios 2, 3 y 4a, 26.<\/li>\n<li>Ejercicios 6 y 7, p. 27.<\/li>\n<\/ul>\n","protected":false},"excerpt":{"rendered":"<p>Preguntas y repuestas: \u00bfC\u00f3mo te llamas? \u00bfDe d\u00f3nde eres? \u00bfCu\u00e1ntos a\u00f1os tienes? \u00bfD\u00f3nde vives? \u00bfQui\u00e9n eres? \u00bfQui\u00e9n es \u00e9l\/ella? \u00bfQui\u00e9nes son ellos? \u00bfTienes hermanos\/hijos? \u00bfC\u00f3mo se llama(n) tu(s) hijo, -a, -s? \u00bfQu\u00e9 idiomas hablas? N\u00fameros del 0 al 100: El n\u00famero de tel\u00e9fono \u21d0 Ejercicio TAREA: Estudiar (repasar) las p\u00e1ginas 20 a 25. Ejercicios 2, &hellip; <a href=\"https:\/\/blogg.folkuniversitetet.nu\/fuendi\/clase-del-24-de-febrero\/\" class=\"more-link\">Forts\u00e4tt l\u00e4sa <span class=\"screen-reader-text\">Clase del 24 de febrero<\/span> <span class=\"meta-nav\">&rarr;<\/span><\/a><\/p>\n","protected":false},"author":787,"featured_media":0,"parent":0,"menu_order":0,"comment_status":"closed","ping_status":"closed","template":"","meta":{"footnotes":""},"class_list":["post-273","page","type-page","status-publish","hentry"],"_links":{"self":[{"href":"https:\/\/blogg.folkuniversitetet.nu\/fuendi\/wp-json\/wp\/v2\/pages\/273","targetHints":{"allow":["GET"]}}],"collection":[{"href":"https:\/\/blogg.folkuniversitetet.nu\/fuendi\/wp-json\/wp\/v2\/pages"}],"about":[{"href":"https:\/\/blogg.folkuniversitetet.nu\/fuendi\/wp-json\/wp\/v2\/types\/page"}],"author":[{"embeddable":true,"href":"https:\/\/blogg.folkuniversitetet.nu\/fuendi\/wp-json\/wp\/v2\/users\/787"}],"replies":[{"embeddable":true,"href":"https:\/\/blogg.folkuniversitetet.nu\/fuendi\/wp-json\/wp\/v2\/comments?post=273"}],"version-history":[{"count":1,"href":"https:\/\/blogg.folkuniversitetet.nu\/fuendi\/wp-json\/wp\/v2\/pages\/273\/revisions"}],"predecessor-version":[{"id":275,"href":"https:\/\/blogg.folkuniversitetet.nu\/fuendi\/wp-json\/wp\/v2\/pages\/273\/revisions\/275"}],"wp:attachment":[{"href":"https:\/\/blogg.folkuniversitetet.nu\/fuendi\/wp-json\/wp\/v2\/media?parent=273"}],"curies":[{"name":"wp","href":"https:\/\/api.w.org\/{rel}","templated":true}]}}