{"id":215,"date":"2020-02-18T04:18:27","date_gmt":"2020-02-18T03:18:27","guid":{"rendered":"http:\/\/blogg.folkuniversitetet.nu\/fuendi\/?page_id=215"},"modified":"2020-02-18T05:35:29","modified_gmt":"2020-02-18T04:35:29","slug":"clase-del-17-de-febrero","status":"publish","type":"page","link":"https:\/\/blogg.folkuniversitetet.nu\/fuendi\/clase-del-17-de-febrero\/","title":{"rendered":"Clase del 17 de febrero"},"content":{"rendered":"<h5>Los n\u00fameros del 0 al 100<\/h5>\n<p><iframe loading=\"lazy\" title=\"Aprender espa\u00f1ol: Los n\u00fameros del 0 al 100 (nivel b\u00e1sico)\" width=\"604\" height=\"340\" src=\"https:\/\/www.youtube.com\/embed\/7VbPiUSXzLI?feature=oembed\" frameborder=\"0\" allow=\"accelerometer; autoplay; clipboard-write; encrypted-media; gyroscope; picture-in-picture; web-share\" referrerpolicy=\"strict-origin-when-cross-origin\" allowfullscreen><\/iframe><\/p>\n<h4>Cuatro preguntas y respuestas \u2013\u00a0<em>Fyra fr\u00e5gor och svar<\/em><\/h4>\n<ul>\n<li>\u2013 \u00bfC\u00f3mo te llamas?\u00a0 \u00a0\u2013 Me llamo Diana.<\/li>\n<li>\u2013 \u00bfCu\u00e1ntos a\u00f1os tienes?\u00a0 \u00a0 \u2013 Tengo 54 a\u00f1os.<\/li>\n<li>\u2013 \u00bfDe d\u00f3nde eres?\u00a0 \u00a0 \u2013 Soy de Venezuela \/ Soy venezolana<\/li>\n<li>\u2013 \u00bfD\u00f3nde vives?\u00a0 \u00a0 \u2013 Vivo en Haninge.<\/li>\n<\/ul>\n<h5><span style=\"font-family: Bitter, Georgia, serif;font-size: 18px\">Verbos regulares en PRESENTE &#8211; <\/span><em style=\"font-family: Bitter, Georgia, serif;font-size: 18px\">Regelbundna verb i PRESENS<\/em><\/h5>\n<p><span style=\"color: #ff0000\"> OBS!\u00a0<\/span> \u00a0 \u00a0La ra\u00edz\u00a0 = <em>Roten = stammen av ett ord<\/em><\/p>\n<p><iframe loading=\"lazy\" title=\"Spanska regelbundna verb i presens\" width=\"604\" height=\"453\" src=\"https:\/\/www.youtube.com\/embed\/0MVuCovjqZM?start=235&#038;feature=oembed\" frameborder=\"0\" allow=\"accelerometer; autoplay; clipboard-write; encrypted-media; gyroscope; picture-in-picture; web-share\" referrerpolicy=\"strict-origin-when-cross-origin\" allowfullscreen><\/iframe><\/p>\n<p>&nbsp;<\/p>\n<h5>Verbos irregulares (o<em>regelbundna verb)\u00a0<\/em>SER, ESTAR, TENER<\/h5>\n<p><strong>SER\u00a0\u00a0 (att vara)\u00a0 \u00a0 \u00a0 \u00a0 \u00a0 \u00a0 \u00a0 \u00a0 \u00a0 \u00a0 \u00a0 \u00a0 \u00a0 \u00a0 \u00a0 \u00a0 \u00a0 \u00a0 \u00a0ESTAR (att vara)\u00a0 \u00a0 \u00a0 \u00a0 \u00a0 \u00a0 \u00a0 \u00a0 \u00a0 \u00a0 \u00a0 \u00a0 \u00a0 \u00a0 \u00a0 \u00a0 \u00a0 \u00a0 \u00a0 \u00a0 \u00a0 \u00a0 TENER (att ha)<\/strong><\/p>\n<p>Yo\u00a0\u00a0\u00a0\u00a0\u00a0\u00a0 soy\u00a0 \u00a0 \u00a0 \u00a0 \u00a0 \u00a0 \u00a0 \u00a0 \u00a0 \u00a0 \u00a0 \u00a0 \u00a0 \u00a0 \u00a0 \u00a0 \u00a0 \u00a0 \u00a0 \u00a0 \u00a0 \u00a0 \u00a0 \u00a0 \u00a0 \u00a0 \u00a0 \u00a0 \u00a0 \u00a0 \u00a0 \u00a0 \u00a0estoy\u00a0 \u00a0 \u00a0 \u00a0 \u00a0 \u00a0 \u00a0 \u00a0 \u00a0 \u00a0 \u00a0 \u00a0 \u00a0 \u00a0 \u00a0 \u00a0 \u00a0 \u00a0 \u00a0 \u00a0 \u00a0 \u00a0 \u00a0 \u00a0 \u00a0 \u00a0 \u00a0 \u00a0 \u00a0 \u00a0 \u00a0tengo<\/p>\n<p>T\u00fa\u00a0\u00a0\u00a0\u00a0\u00a0\u00a0 eres\u00a0 \u00a0 \u00a0 \u00a0 \u00a0 \u00a0 \u00a0 \u00a0 \u00a0 \u00a0 \u00a0 \u00a0 \u00a0 \u00a0 \u00a0 \u00a0 \u00a0 \u00a0 \u00a0 \u00a0 \u00a0 \u00a0 \u00a0 \u00a0 \u00a0 \u00a0 \u00a0 \u00a0 \u00a0 \u00a0 \u00a0 \u00a0est\u00e1s\u00a0 \u00a0 \u00a0 \u00a0 \u00a0 \u00a0 \u00a0 \u00a0 \u00a0 \u00a0 \u00a0 \u00a0 \u00a0 \u00a0 \u00a0 \u00a0 \u00a0 \u00a0 \u00a0 \u00a0 \u00a0 \u00a0 \u00a0 \u00a0 \u00a0 \u00a0 \u00a0 \u00a0 \u00a0 \u00a0 \u00a0tienes<\/p>\n<p><strong>Ejemplos &#8211; <em>exempel<\/em>:<\/strong><\/p>\n<p>Soy de Suecia.\u00a0 \u00a0 \u00a0 \u00a0 \u00a0 \u00a0 \u00a0 \u00a0 \u00a0 \u00a0 \u00a0 \u00a0 \u00a0 \u00a0 \u00a0 Estoy bien\/mal\/m\u00e1s o menos.\u00a0 \u00a0 \u00a0 \u00a0 \u00a0 \u00a0 \u00a0 \u00a0 \u00a0 \u00a0 \u00a0 Tengo 2 hijos.<\/p>\n<p>Soy sueco.\u00a0 \u00a0 \u00a0 \u00a0 \u00a0 \u00a0 \u00a0 \u00a0 \u00a0 \u00a0 \u00a0 \u00a0 \u00a0 \u00a0 \u00a0 \u00a0 \u00a0 \u00a0 \u00a0 Estoy cansado.\u00a0 \u00a0 \u00a0 \u00a0 \u00a0 \u00a0 \u00a0 \u00a0 \u00a0 \u00a0 \u00a0 \u00a0 \u00a0 \u00a0 \u00a0 \u00a0 \u00a0 \u00a0 \u00a0 \u00a0 \u00a0 \u00a0 \u00a0 \u00a0 \u00a0 \u00a0 Tengo tres hermanos.<\/p>\n<p>Soy profesora.\u00a0 \u00a0 \u00a0 \u00a0 \u00a0 \u00a0 \u00a0 \u00a0 \u00a0 \u00a0 \u00a0 \u00a0 \u00a0 \u00a0 \u00a0 Estoy en la escuela.\u00a0 \u00a0 \u00a0 \u00a0 \u00a0 \u00a0 \u00a0 \u00a0 \u00a0 \u00a0 \u00a0 \u00a0 \u00a0 \u00a0 \u00a0 \u00a0 \u00a0 \u00a0 \u00a0 \u00a0 \u00a0 \u00a0Tengo 54 a\u00f1os.<\/p>\n<p><strong>Ordlista<\/strong><\/p>\n<p>profesor, -a\u00a0 \u00a0=\u00a0 \u00a0l\u00e4rare<\/p>\n<p>cansado, -a\u00a0 \u00a0=\u00a0 \u00a0tr\u00f6tt<\/p>\n<p>escuela\u00a0 \u00a0=\u00a0 \u00a0skola<\/p>\n<p>ni\u00f1o, -a\u00a0 \u00a0=\u00a0 \u00a0barn<\/p>\n<p>hijos\u00a0 \u00a0=\u00a0 \u00a0s\u00f6ner och d\u00f6ttrar<\/p>\n<p>hijo\u00a0 \u00a0=\u00a0 \u00a0son<\/p>\n<p>hija\u00a0 \u00a0=\u00a0 \u00a0dotter<\/p>\n<p>hermanos\u00a0 \u00a0=\u00a0 \u00a0syskom<\/p>\n<p>hermana\u00a0 \u00a0=\u00a0 \u00a0syster<\/p>\n<p>hermano\u00a0 \u00a0=\u00a0 \u00a0bror<\/p>\n<p>a\u00f1o\u00a0 \u00a0=\u00a0 \u00a0\u00e5r<\/p>\n<p>&nbsp;<\/p>\n<h5><strong><span style=\"color: #ff0000\">TAREA<\/span> \u2013\u00a0<em>Hemuppgift<\/em><\/strong><\/h5>\n<ul>\n<li>Estudiar las p\u00e1ginas 16 y 17 (Caminando 1).<\/li>\n<li>Ejercicio 2a, p\u00e1gina 18.<\/li>\n<li>Ejercicio 6a, p\u00e1gina 19.<\/li>\n<li>Practicar con el Extramaterial de Caminando 1 (www.nok.se).<\/li>\n<\/ul>\n","protected":false},"excerpt":{"rendered":"<p>Los n\u00fameros del 0 al 100 Cuatro preguntas y respuestas \u2013\u00a0Fyra fr\u00e5gor och svar \u2013 \u00bfC\u00f3mo te llamas?\u00a0 \u00a0\u2013 Me llamo Diana. \u2013 \u00bfCu\u00e1ntos a\u00f1os tienes?\u00a0 \u00a0 \u2013 Tengo 54 a\u00f1os. \u2013 \u00bfDe d\u00f3nde eres?\u00a0 \u00a0 \u2013 Soy de Venezuela \/ Soy venezolana \u2013 \u00bfD\u00f3nde vives?\u00a0 \u00a0 \u2013 Vivo en Haninge. Verbos regulares en PRESENTE &hellip; <a href=\"https:\/\/blogg.folkuniversitetet.nu\/fuendi\/clase-del-17-de-febrero\/\" class=\"more-link\">Forts\u00e4tt l\u00e4sa <span class=\"screen-reader-text\">Clase del 17 de febrero<\/span> <span class=\"meta-nav\">&rarr;<\/span><\/a><\/p>\n","protected":false},"author":787,"featured_media":0,"parent":0,"menu_order":0,"comment_status":"closed","ping_status":"closed","template":"","meta":{"footnotes":""},"class_list":["post-215","page","type-page","status-publish","hentry"],"_links":{"self":[{"href":"https:\/\/blogg.folkuniversitetet.nu\/fuendi\/wp-json\/wp\/v2\/pages\/215","targetHints":{"allow":["GET"]}}],"collection":[{"href":"https:\/\/blogg.folkuniversitetet.nu\/fuendi\/wp-json\/wp\/v2\/pages"}],"about":[{"href":"https:\/\/blogg.folkuniversitetet.nu\/fuendi\/wp-json\/wp\/v2\/types\/page"}],"author":[{"embeddable":true,"href":"https:\/\/blogg.folkuniversitetet.nu\/fuendi\/wp-json\/wp\/v2\/users\/787"}],"replies":[{"embeddable":true,"href":"https:\/\/blogg.folkuniversitetet.nu\/fuendi\/wp-json\/wp\/v2\/comments?post=215"}],"version-history":[{"count":6,"href":"https:\/\/blogg.folkuniversitetet.nu\/fuendi\/wp-json\/wp\/v2\/pages\/215\/revisions"}],"predecessor-version":[{"id":222,"href":"https:\/\/blogg.folkuniversitetet.nu\/fuendi\/wp-json\/wp\/v2\/pages\/215\/revisions\/222"}],"wp:attachment":[{"href":"https:\/\/blogg.folkuniversitetet.nu\/fuendi\/wp-json\/wp\/v2\/media?parent=215"}],"curies":[{"name":"wp","href":"https:\/\/api.w.org\/{rel}","templated":true}]}}