{"id":107,"date":"2015-10-22T08:50:36","date_gmt":"2015-10-22T08:50:36","guid":{"rendered":"http:\/\/blogg.folkuniversitetet.nu\/fajila\/?page_id=107"},"modified":"2015-10-22T08:50:36","modified_gmt":"2015-10-22T08:50:36","slug":"canales-de-television-online-en-espanol","status":"publish","type":"page","link":"https:\/\/blogg.folkuniversitetet.nu\/fajila\/enlaces-interesantes\/television\/canales-de-television-online-en-espanol\/","title":{"rendered":"Canales de televisi\u00f3n &#8221;online&#8221; en espa\u00f1ol"},"content":{"rendered":"<p><a href=\"http:\/\/www.telecinco.es\/endirecto\/\">Telecinco (ESPA\u00d1A)<\/a><\/p>\n<p><a href=\"http:\/\/www.atresplayer.com\/directos\/television\/\">Antena3 (ESPA\u00d1A)<\/a><\/p>\n<p><a href=\"http:\/\/www.rtve.es\/directo\/la-1\/\">TVE directo (ESPA\u00d1A)<\/a><\/p>\n","protected":false},"excerpt":{"rendered":"<p>Telecinco (ESPA\u00d1A) Antena3 (ESPA\u00d1A) TVE directo (ESPA\u00d1A)<\/p>\n","protected":false},"author":223,"featured_media":0,"parent":72,"menu_order":0,"comment_status":"closed","ping_status":"closed","template":"","meta":{"footnotes":""},"class_list":["post-107","page","type-page","status-publish","hentry"],"_links":{"self":[{"href":"https:\/\/blogg.folkuniversitetet.nu\/fajila\/wp-json\/wp\/v2\/pages\/107","targetHints":{"allow":["GET"]}}],"collection":[{"href":"https:\/\/blogg.folkuniversitetet.nu\/fajila\/wp-json\/wp\/v2\/pages"}],"about":[{"href":"https:\/\/blogg.folkuniversitetet.nu\/fajila\/wp-json\/wp\/v2\/types\/page"}],"author":[{"embeddable":true,"href":"https:\/\/blogg.folkuniversitetet.nu\/fajila\/wp-json\/wp\/v2\/users\/223"}],"replies":[{"embeddable":true,"href":"https:\/\/blogg.folkuniversitetet.nu\/fajila\/wp-json\/wp\/v2\/comments?post=107"}],"version-history":[{"count":1,"href":"https:\/\/blogg.folkuniversitetet.nu\/fajila\/wp-json\/wp\/v2\/pages\/107\/revisions"}],"predecessor-version":[{"id":108,"href":"https:\/\/blogg.folkuniversitetet.nu\/fajila\/wp-json\/wp\/v2\/pages\/107\/revisions\/108"}],"up":[{"embeddable":true,"href":"https:\/\/blogg.folkuniversitetet.nu\/fajila\/wp-json\/wp\/v2\/pages\/72"}],"wp:attachment":[{"href":"https:\/\/blogg.folkuniversitetet.nu\/fajila\/wp-json\/wp\/v2\/media?parent=107"}],"curies":[{"name":"wp","href":"https:\/\/api.w.org\/{rel}","templated":true}]}}