{"id":973,"date":"2024-03-03T11:19:03","date_gmt":"2024-03-03T10:19:03","guid":{"rendered":"https:\/\/blogg.folkuniversitetet.nu\/erikan\/?page_id=973"},"modified":"2026-05-05T16:02:31","modified_gmt":"2026-05-05T14:02:31","slug":"grammatik","status":"publish","type":"page","link":"https:\/\/blogg.folkuniversitetet.nu\/erikan\/grammatik\/","title":{"rendered":"Grammatik &amp; uttal"},"content":{"rendered":"<p><span style=\"color: #ff6600\"><strong>&#8211;&gt; Uttal:<\/strong><\/span><\/p>\n<p><a href=\"https:\/\/www.youtube.com\/watch?v=E7Nm0dCM12Q\">(258) N\u00e4r \u00e4ndrar vi uttal p\u00e5 K och G? &#8211; YouTube<\/a><\/p>\n<p><a href=\"https:\/\/www.youtube.com\/watch?v=WeHaI1Gmdnc\">(996) L\u00e5ng konsonant &#8211; YouTube<\/a><\/p>\n<p>And a bit of fun: <a href=\"https:\/\/www.youtube.com\/watch?v=3Qq8C-QxxoM\">How Swedish Sounds to NON- Swedish Speakers?? l Sweden Germany France Spain Finland Italy<\/a>\u00a0 (they&#8217;re doing really good! &lt;3)<\/p>\n<p><span style=\"color: #ff6600\"><strong>&#8211;&gt; Pronomen:<\/strong><\/span><\/p>\n<p><a href=\"http:\/\/blogg.folkuniversitetet.nu\/erikan\/files\/2026\/01\/Pronomen-A1.pdf\">Pronomen A1<\/a><\/p>\n<p><a href=\"http:\/\/blogg.folkuniversitetet.nu\/erikan\/files\/2024\/04\/Possessiva-pronomen-1.pdf\">Possessiva pronomen<\/a><\/p>\n<p><a href=\"http:\/\/blogg.folkuniversitetet.nu\/erikan\/files\/2025\/03\/Reflexiva-possessiva-pronomen.pdf\">Reflexiva possessiva pronomen<\/a><\/p>\n<p><span style=\"color: #ff6600\"><strong>&#8211;&gt; Om huvudsatser, bisatser, ordf\u00f6ljd:<\/strong><\/span><\/p>\n<p><span style=\"color: #ff6600\">Sats-scheman att printa ut:<\/span><\/p>\n<p><a href=\"http:\/\/blogg.folkuniversitetet.nu\/erikan\/files\/2025\/10\/Huvudsatsschema-tomt-1.pdf\">Huvudsatsschema tomt<\/a><\/p>\n<p><a href=\"http:\/\/blogg.folkuniversitetet.nu\/erikan\/files\/2025\/10\/Bisatsschema-tomt-1.pdf\">Bisatsschema tomt<\/a><\/p>\n<p><span style=\"color: #ff6600\"><strong>TUTORIALS p\u00e5 Youtube:<\/strong><\/span><\/p>\n<p><a href=\"https:\/\/www.youtube.com\/watch?v=hB5tgtzLFEc\">(289) Swedish main and subordinate<\/a><a href=\"https:\/\/www.youtube.com\/watch?v=hB5tgtzLFEc\"> clau<\/a><a href=\"https:\/\/www.youtube.com\/watch?v=hB5tgtzLFEc\">se<\/a><a href=\"https:\/\/www.youtube.com\/watch?v=hB5tgtzLFEc\"> (in english) &#8211; YouTube<\/a><\/p>\n<p><a href=\"https:\/\/www.youtube.com\/watch?v=Jyguc4l6bRw\">(289) Bisatser (bisatsschema) &#8211; YouTube<\/a> (bra repetition av skillnaden mellan huvudsatser och bisatser, konjunktioner och subjunktioner)<\/p>\n<p><a href=\"https:\/\/www.youtube.com\/watch?v=TE2PZblU4cE\">(289) Bisatsinledare (del 2) &#8211; YouTube<\/a> (subjunktioner\/bisatsinledare)<\/p>\n<p><span style=\"color: #ff6600\"><strong>&#8211;&gt; Substantiv:<\/strong><\/span><\/p>\n<p><a href=\"http:\/\/blogg.folkuniversitetet.nu\/erikan\/files\/2026\/03\/Pluralandelser-regler.pdf\">Plural\u00e4ndelser regler<\/a><\/p>\n<p><a href=\"http:\/\/blogg.folkuniversitetet.nu\/erikan\/files\/2024\/03\/Substantivens-former_tom.pdf\">Substantivens former_tom<\/a> (empty table all forms of the noun)<\/p>\n<p><span style=\"color: #ff6600\"><strong>&#8211;&gt; Verb:<\/strong><\/span><\/p>\n<p><a href=\"http:\/\/blogg.folkuniversitetet.nu\/erikan\/files\/2026\/04\/Verb-lathund.pdf\">Verb lathund<\/a> (cheat sheet verb forms, A1 del 1-2 )<\/p>\n<p><a href=\"http:\/\/blogg.folkuniversitetet.nu\/erikan\/files\/2024\/04\/verbbojningar-tom-tabell.pdf\">verbb\u00f6jningar tom tabell<\/a> (empty table for verbforms)<\/p>\n<p><span style=\"color: #ff6600\"><strong>&#8211;&gt; Adjektiv:<\/strong><\/span><\/p>\n<p><a href=\"https:\/\/www.youtube.com\/watch?v=LDWZAfOkVrU\">Swedish adjective in english (part one) (youtube.com)<\/a><\/p>\n<p><a href=\"https:\/\/www.youtube.com\/watch?v=FwfLjQegA-w\">Allt om adjektiv (youtube.com)<\/a><\/p>\n<p>&nbsp;<\/p>\n<p>&nbsp;<\/p>\n","protected":false},"excerpt":{"rendered":"<p>&#8211;&gt; Uttal: (258) N\u00e4r \u00e4ndrar vi uttal p\u00e5 K och G? &#8211; YouTube (996) L\u00e5ng konsonant &#8211; YouTube And a bit of fun: How Swedish Sounds to NON- Swedish Speakers?? l Sweden Germany France Spain Finland Italy\u00a0 (they&#8217;re doing really good! &lt;3) &#8211;&gt; Pronomen: Pronomen A1 Possessiva pronomen Reflexiva possessiva pronomen &#8211;&gt; Om huvudsatser, bisatser, [&hellip;]<\/p>\n","protected":false},"author":904,"featured_media":0,"parent":0,"menu_order":0,"comment_status":"closed","ping_status":"closed","template":"","meta":{"footnotes":""},"class_list":["post-973","page","type-page","status-publish","hentry","post-preview"],"_links":{"self":[{"href":"https:\/\/blogg.folkuniversitetet.nu\/erikan\/wp-json\/wp\/v2\/pages\/973","targetHints":{"allow":["GET"]}}],"collection":[{"href":"https:\/\/blogg.folkuniversitetet.nu\/erikan\/wp-json\/wp\/v2\/pages"}],"about":[{"href":"https:\/\/blogg.folkuniversitetet.nu\/erikan\/wp-json\/wp\/v2\/types\/page"}],"author":[{"embeddable":true,"href":"https:\/\/blogg.folkuniversitetet.nu\/erikan\/wp-json\/wp\/v2\/users\/904"}],"replies":[{"embeddable":true,"href":"https:\/\/blogg.folkuniversitetet.nu\/erikan\/wp-json\/wp\/v2\/comments?post=973"}],"version-history":[{"count":54,"href":"https:\/\/blogg.folkuniversitetet.nu\/erikan\/wp-json\/wp\/v2\/pages\/973\/revisions"}],"predecessor-version":[{"id":3480,"href":"https:\/\/blogg.folkuniversitetet.nu\/erikan\/wp-json\/wp\/v2\/pages\/973\/revisions\/3480"}],"wp:attachment":[{"href":"https:\/\/blogg.folkuniversitetet.nu\/erikan\/wp-json\/wp\/v2\/media?parent=973"}],"curies":[{"name":"wp","href":"https:\/\/api.w.org\/{rel}","templated":true}]}}