{"id":3328,"date":"2026-03-18T17:13:55","date_gmt":"2026-03-18T16:13:55","guid":{"rendered":"https:\/\/blogg.folkuniversitetet.nu\/erikan\/?page_id=3328"},"modified":"2026-03-27T14:59:44","modified_gmt":"2026-03-27T13:59:44","slug":"vecka-fem-23-och-25-mars","status":"publish","type":"page","link":"https:\/\/blogg.folkuniversitetet.nu\/erikan\/vecka-fem-23-och-25-mars\/","title":{"rendered":"Vecka fem: 23 och 25 mars"},"content":{"rendered":"<h5><span style=\"color: #ff00ff\"><strong>23 mars, m\u00e5ndag:<\/strong><\/span><\/h5>\n<p>Idag jobbade vi vidare i kapitel 3 i textboken, s. 48-49. Avsnittet handlar om olika livsstilar. F\u00f6rst l\u00e4ste ni artikeln om Erika och Alice i par. Sedan skrev ni en egen dialog mellan Erika och Alice om hur de t\u00e4nker kring semester. D\u00e4refter spelade ni upp dem f\u00f6r oss andra &#8211; toppenbra jobbat! Det var j\u00e4tteroligt (och inspirerande) att h\u00f6ra om deras semesterdr\u00f6mmar, till exempel p\u00e5 kurort, i fj\u00e4llen, i en italiensk storstad med mera.<\/p>\n<p><span style=\"text-decoration: underline\"><strong>Grammatik som vi jobbade med idag: <\/strong><\/span><\/p>\n<p>Possessiva reflexiva pronomen:\u00a0 <a href=\"http:\/\/blogg.folkuniversitetet.nu\/erikan\/files\/2026\/03\/Possessiva-och-reflexiva-possessiva-pronomen.pdf\">Possessiva och reflexiva possessiva pronomen<\/a>\u00a0 Kunde ni svaren p\u00e5 g\u00e5torna?<\/p>\n<p>Konjunktioner: &#8221;<span style=\"color: #800080\"><strong>Ju <\/strong><\/span>fler<span style=\"color: #800080\"><strong> desto <\/strong><\/span>roligare&#8221;\u00a0 (<span style=\"color: #993366\"><strong>the <\/strong><\/span>more\u00a0<strong><span style=\"color: #993366\">the<\/span> <\/strong>merrier ): TB, s. 40. Fokus-rutan, \u00f6vning I. Extra meningar h\u00e4r: <a href=\"http:\/\/blogg.folkuniversitetet.nu\/erikan\/files\/2026\/03\/Lektion-nio.pdf\">Lektion nio<\/a><\/p>\n<p>Vi repeterade pronomenen \u201dn\u00e5gon, n\u00e5got, n\u00e5gra, ingen, inget, inga\u201d: <a href=\"http:\/\/blogg.folkuniversitetet.nu\/erikan\/files\/2026\/03\/Quiz-pronomen-nagon-inget-etc.pdf\">Quiz pronomen n\u00e5gon inget etc<\/a><\/p>\n<p>L\u00e4xan fick ni p\u00e5 mejl, som vanligt!<\/p>\n<p>Vi ses p\u00e5 onsdag! \ud83d\udc90\ud83d\udc90<\/p>\n<p>&nbsp;<\/p>\n<h5><span style=\"color: #ff00ff\">25 mars, onsdag:<\/span><\/h5>\n<p>Nu har vi haft den allra sista lektionen. Det var v\u00e4ldigt vemodigt! Hoppas vi ses n\u00e5gon g\u00e5ng i framtiden!<\/p>\n<p>F\u00f6re rasten jobbade ni utan att klaga (\ud83d\ude09) med grammatik.<\/p>\n<p>Men vi b\u00f6rjade med en h\u00f6r\u00f6vning. Jag l\u00e4ste tv\u00e5 stycken ur textboken som handlar om lycka och dr\u00f6mmar, och ni lyssnade med b\u00f6ckerna st\u00e4ngda. Ni skrev ned vad ni h\u00f6rde och j\u00e4mf\u00f6rde sedan med en klasskompis. D\u00e4refter pratade ni i par om era egna dr\u00f6mmar, allts\u00e5 vad som skulle g\u00f6ra era lyckliga.<\/p>\n<p>Vi jobbade sedan en l\u00e5ng stund med adjektivb\u00f6jningar. De \u00e4r lite kniviga (a bit tricky), men jag lovar att ni snart komma att ha kn\u00e4ckt koden! Ni kan titta p\u00e5 SFI-Peters tutorials om adjektiv (scrolla l\u00e4ngst ned p\u00e5 sidan): <a href=\"https:\/\/blogg.folkuniversitetet.nu\/erikan\/grammatik\/\">Grammatik &amp; uttal \u2013 Annas blogg<\/a><\/p>\n<p>Efter rasten hade vi bara roligt med lekar, quizar och spel:<\/p>\n<p>Quiz om adjektivb\u00f6jningar: <a href=\"http:\/\/blogg.folkuniversitetet.nu\/erikan\/files\/2026\/03\/Fragesport-om-adjektivets-bojningar-pdf.pdf\">Fr\u00e5gesport om adjektivets b\u00f6jningar pdf<\/a><\/p>\n<p>och facit h\u00e4r: <a href=\"http:\/\/blogg.folkuniversitetet.nu\/erikan\/files\/2026\/03\/Fragesport-om-adjektivets-bojningar-FACIT.pdf\">Fr\u00e5gesport om adjektivets b\u00f6jningar FACIT<\/a><\/p>\n<p>Kahoot om reflexiva possessiva pronomen: https:\/\/create.kahoot.it\/share\/reflexiva-possessiva-pronomen\/8aeec337-f39c-4d08-9573-98dc29deb22f<\/p>\n<p>Nu \u00e5terst\u00e5r bara f\u00f6r mig att tacka er STORT och \u2764\ufe0f-ligt f\u00f6r den h\u00e4r roliga och l\u00e4rorika tiden!<\/p>\n<p>Lycka till med era fortsatta spr\u00e5kstudier!<\/p>\n<p><a href=\"http:\/\/blogg.folkuniversitetet.nu\/erikan\/files\/2026\/03\/Elvis-i-kohagen.jpg\"><img loading=\"lazy\" decoding=\"async\" class=\"alignnone size-medium wp-image-3365\" src=\"http:\/\/blogg.folkuniversitetet.nu\/erikan\/files\/2026\/03\/Elvis-i-kohagen-300x195.jpg\" alt=\"\" width=\"300\" height=\"195\" srcset=\"https:\/\/blogg.folkuniversitetet.nu\/erikan\/files\/2026\/03\/Elvis-i-kohagen-300x195.jpg 300w, https:\/\/blogg.folkuniversitetet.nu\/erikan\/files\/2026\/03\/Elvis-i-kohagen-768x500.jpg 768w, https:\/\/blogg.folkuniversitetet.nu\/erikan\/files\/2026\/03\/Elvis-i-kohagen-676x440.jpg 676w, https:\/\/blogg.folkuniversitetet.nu\/erikan\/files\/2026\/03\/Elvis-i-kohagen.jpg 884w\" sizes=\"auto, (max-width: 300px) 100vw, 300px\" \/><\/a><\/p>\n<p>GLAD V\u00c5R OCH SOMMAR \u00f6nskar Elvis och jag! \u2600\ufe0f\ud83d\ude0e\ud83d\udc93<\/p>\n","protected":false},"excerpt":{"rendered":"<p>23 mars, m\u00e5ndag: Idag jobbade vi vidare i kapitel 3 i textboken, s. 48-49. Avsnittet handlar om olika livsstilar. F\u00f6rst l\u00e4ste ni artikeln om Erika och Alice i par. Sedan skrev ni en egen dialog mellan Erika och Alice om hur de t\u00e4nker kring semester. D\u00e4refter spelade ni upp dem f\u00f6r oss andra &#8211; toppenbra [&hellip;]<\/p>\n","protected":false},"author":904,"featured_media":0,"parent":0,"menu_order":0,"comment_status":"closed","ping_status":"closed","template":"","meta":{"footnotes":""},"class_list":["post-3328","page","type-page","status-publish","hentry","post-preview"],"_links":{"self":[{"href":"https:\/\/blogg.folkuniversitetet.nu\/erikan\/wp-json\/wp\/v2\/pages\/3328","targetHints":{"allow":["GET"]}}],"collection":[{"href":"https:\/\/blogg.folkuniversitetet.nu\/erikan\/wp-json\/wp\/v2\/pages"}],"about":[{"href":"https:\/\/blogg.folkuniversitetet.nu\/erikan\/wp-json\/wp\/v2\/types\/page"}],"author":[{"embeddable":true,"href":"https:\/\/blogg.folkuniversitetet.nu\/erikan\/wp-json\/wp\/v2\/users\/904"}],"replies":[{"embeddable":true,"href":"https:\/\/blogg.folkuniversitetet.nu\/erikan\/wp-json\/wp\/v2\/comments?post=3328"}],"version-history":[{"count":11,"href":"https:\/\/blogg.folkuniversitetet.nu\/erikan\/wp-json\/wp\/v2\/pages\/3328\/revisions"}],"predecessor-version":[{"id":3366,"href":"https:\/\/blogg.folkuniversitetet.nu\/erikan\/wp-json\/wp\/v2\/pages\/3328\/revisions\/3366"}],"wp:attachment":[{"href":"https:\/\/blogg.folkuniversitetet.nu\/erikan\/wp-json\/wp\/v2\/media?parent=3328"}],"curies":[{"name":"wp","href":"https:\/\/api.w.org\/{rel}","templated":true}]}}