{"id":3280,"date":"2026-03-05T21:04:49","date_gmt":"2026-03-05T20:04:49","guid":{"rendered":"https:\/\/blogg.folkuniversitetet.nu\/erikan\/?page_id=3280"},"modified":"2026-03-05T21:31:54","modified_gmt":"2026-03-05T20:31:54","slug":"vecka-tva-2-4-mars","status":"publish","type":"page","link":"https:\/\/blogg.folkuniversitetet.nu\/erikan\/vecka-tva-2-4-mars\/","title":{"rendered":"Vecka tv\u00e5: 2 och 4 mars"},"content":{"rendered":"<p>Hej allihopa! V\u00e4lkomna till en ny vecka!<\/p>\n<h5><strong><span style=\"color: #ff00ff\">Lektion 3 &#8211; 2 mars:<\/span><\/strong><\/h5>\n<p>Vi b\u00f6rjade med att l\u00e4sa FOKUS-rutan om adverb i \u00d6B, s. 10 (se ocks\u00e5 TB, s. 17).<\/p>\n<p>Vi gjorde \u00f6vning E, TB, s. 17 + 4 meningar i \u00d6B, s. 11.<\/p>\n<p>Ni gjorde \u00f6vning F i par. De som blev klara snabbt gjorde \u00e4ven (also) \u00f6vning G.<\/p>\n<p>Efter rasten jobbade vi med texten \u201dFritid f\u00f6rr och nu\u201d. Ni skrev fr\u00e5gor till texten och pratade sedan i grupper om fr\u00e5gorna.<\/p>\n<p>D\u00e4refter k\u00f6rde vi \u201dordleken\u201d &#8211; j\u00e4ttebra jobbat med b\u00e5de beskrivningarna och gissningarna av orden!<\/p>\n<p>Sista \u00f6vningen g\u00e4llde tidsprepositionerna <em>i<\/em> \/ <em>p\u00e5<\/em> \/\u00a0<em>om \/\u00a0<\/em><em>f\u00f6r&#8230;sedan:<\/em> TB, s. 18, \u00f6vning J.<\/p>\n<p>Sist gick vi igenom det lilla diagnostiska testet som ni gjort. Det hade ni klarat galant! Men vi identifierade n\u00e5gra saker som vi ska repetera lite under kursen.<\/p>\n<p>Facit:\u00a0 <a href=\"http:\/\/blogg.folkuniversitetet.nu\/erikan\/files\/2026\/03\/Diagnos-B1-del-1-Facit.pdf\">Diagnos B1 del 1 Facit<\/a><\/p>\n<p>L\u00e4xa till onsdag:<\/p>\n<p>Sport: TB, s. 19: 5A, ljudfil 3.<\/p>\n<p>Lyssna p\u00e5 ljudfil 4 (l\u00e5ng vokal eller konsonant?)<\/p>\n<p>\u00d6vningsboken, s. 10 och 11: Adjektiv och adverb.<\/p>\n<p>Vi ses p\u00e5 onsdag!<\/p>\n<h5><strong><span style=\"color: #ff00ff\">Lektion 4 &#8211; 4 mars:<\/span><\/strong><\/h5>\n<p>Idag b\u00f6rjade vi med kapitel 2.<\/p>\n<p>Kapitlet handlar om v\u00e4nskap.<\/p>\n<p>Vi l\u00e4ste citaten i TB, s. 22. D\u00e4refter pratade ni grupper om vilket av citaten ni\u00a0 gillade mest, och vilket ni gillade minst.<\/p>\n<p>Vi gjorde \u00f6vning C, s. 23 i TB tillsammans: Vad betyder orden? \u00c4r det n\u00e5gra egenskaper hos en bra v\u00e4n som saknas tycker ni?<\/p>\n<p>Efter rasten jobbade vi vidare i textboken, s. 24-25: Vi lyssnade p\u00e5 ljudfil 5 och ni l\u00e4ste dialogerna h\u00f6gt, tv\u00e5 och tv\u00e5.<\/p>\n<p>Vi repeterade slutligen snabbt platsadverben hit\/h\u00e4r; dit\/d\u00e4r;\u00a0 hem\/hemma;\u00a0 fram\/framme.<\/p>\n<p>L\u00e4xor till m\u00e5ndag:<\/p>\n<p>G\u00f6r denna \u00f6vning om platsadverb: <a href=\"http:\/\/blogg.folkuniversitetet.nu\/erikan\/files\/2026\/03\/Hem-hemma-hit-har-dit-dar-etc.pdf\">Hem, hemma, hit, h\u00e4r, dit, d\u00e4r etc<\/a><\/p>\n<p>\u00d6va glosorna (vocabulary) i alla rutor (all the boxes) i kapitel 1.<\/p>\n<p>SKRIV 10-12 meningar om v\u00e4nskap! Du kan ber\u00e4tta om en k\u00e4r (beloved) v\u00e4n, eller om vad du tycker \u00e4r viktigt hos en v\u00e4n. \u00c4r det alltid l\u00e4tt att vara en bra v\u00e4n?<\/p>\n<p>Extra l\u00e4xa om du vill och hinner:<br \/>\nArbeta med extra-\u00f6vningarna till kapitel 1 p\u00e5 nok-portalen.<\/p>\n<p>Vi ses n\u00e4sta vecka! Ha en h\u00e4rlig helg i v\u00e5rsolen! \ud83c\udf1e\ud83c\udf37<\/p>\n<p><a href=\"http:\/\/blogg.folkuniversitetet.nu\/erikan\/files\/2026\/03\/Elvis-pa-bron.jpg\"><img loading=\"lazy\" decoding=\"async\" class=\"alignnone size-medium wp-image-3289\" src=\"http:\/\/blogg.folkuniversitetet.nu\/erikan\/files\/2026\/03\/Elvis-pa-bron-225x300.jpg\" alt=\"\" width=\"225\" height=\"300\" \/><\/a><\/p>\n<p>&nbsp;<\/p>\n","protected":false},"excerpt":{"rendered":"<p>Hej allihopa! V\u00e4lkomna till en ny vecka! Lektion 3 &#8211; 2 mars: Vi b\u00f6rjade med att l\u00e4sa FOKUS-rutan om adverb i \u00d6B, s. 10 (se ocks\u00e5 TB, s. 17). Vi gjorde \u00f6vning E, TB, s. 17 + 4 meningar i \u00d6B, s. 11. Ni gjorde \u00f6vning F i par. De som blev klara snabbt gjorde [&hellip;]<\/p>\n","protected":false},"author":904,"featured_media":0,"parent":0,"menu_order":0,"comment_status":"closed","ping_status":"closed","template":"","meta":{"footnotes":""},"class_list":["post-3280","page","type-page","status-publish","hentry","post-preview"],"_links":{"self":[{"href":"https:\/\/blogg.folkuniversitetet.nu\/erikan\/wp-json\/wp\/v2\/pages\/3280","targetHints":{"allow":["GET"]}}],"collection":[{"href":"https:\/\/blogg.folkuniversitetet.nu\/erikan\/wp-json\/wp\/v2\/pages"}],"about":[{"href":"https:\/\/blogg.folkuniversitetet.nu\/erikan\/wp-json\/wp\/v2\/types\/page"}],"author":[{"embeddable":true,"href":"https:\/\/blogg.folkuniversitetet.nu\/erikan\/wp-json\/wp\/v2\/users\/904"}],"replies":[{"embeddable":true,"href":"https:\/\/blogg.folkuniversitetet.nu\/erikan\/wp-json\/wp\/v2\/comments?post=3280"}],"version-history":[{"count":7,"href":"https:\/\/blogg.folkuniversitetet.nu\/erikan\/wp-json\/wp\/v2\/pages\/3280\/revisions"}],"predecessor-version":[{"id":3291,"href":"https:\/\/blogg.folkuniversitetet.nu\/erikan\/wp-json\/wp\/v2\/pages\/3280\/revisions\/3291"}],"wp:attachment":[{"href":"https:\/\/blogg.folkuniversitetet.nu\/erikan\/wp-json\/wp\/v2\/media?parent=3280"}],"curies":[{"name":"wp","href":"https:\/\/api.w.org\/{rel}","templated":true}]}}