{"id":2966,"date":"2025-12-11T18:22:28","date_gmt":"2025-12-11T17:22:28","guid":{"rendered":"https:\/\/blogg.folkuniversitetet.nu\/erikan\/?page_id=2966"},"modified":"2025-12-11T18:34:00","modified_gmt":"2025-12-11T17:34:00","slug":"lektion-6-6-december","status":"publish","type":"page","link":"https:\/\/blogg.folkuniversitetet.nu\/erikan\/lektion-6-6-december\/","title":{"rendered":"Lektion 6: 6 december"},"content":{"rendered":"<p><strong>Den sj\u00e4tte lektionen gjorde vi detta:<\/strong><\/p>\n<p><strong>-&gt; Transporter:<\/strong> TB, sidan 101. \u00d6vning B. Vad betyder orden? Vi f\u00f6rklarade med andra ord p\u00e5 svenska.<\/p>\n<p><strong>-&gt; G\u00e5r <\/strong><em>eller<\/em><strong> \u00e5ker?<\/strong> Vi lyssnade p\u00e5 ljudfil 68 &amp; l\u00e4ste dialogerna 1-4. \u00d6vning D, s. 103 i textboken.<\/p>\n<p><strong>-&gt; Sverigeresan<\/strong>: TB, s. 107. Ljudfil 72.<\/p>\n<p><strong>-&gt; Tidsprepositioner, <\/strong>TB, s. 109:<\/p>\n<p><span style=\"color: #ff00ff\"><strong><em>F\u00f6r<\/em><\/strong> X <\/span>sekund(er) \/ timme (timmar) \/\u00a0 minut(er) \/ vecka (veckor) \/ dag(ar) \/\u00a0 \u00e5r (\u00e5r) \/ m\u00e5nad(er)&#8230; <span style=\"color: #ff00ff\"><strong><em>sedan.\u00a0 <\/em><\/strong><\/span><strong>\u00a0(=D\u00c5TID)<\/strong><\/p>\n<p><span style=\"color: #ff00ff\"><strong><em>Om<\/em><\/strong> <\/span>\u00a0<span style=\"color: #ff00ff\">X<\/span> sekund(er) \/ timme (timmar) \/ minut(er) \/ vecka (veckor) \/ dag(ar) \/ \u00e5r \/ m\u00e5nad(er)&#8230;\u00a0 <strong>(=FRAMTID)<\/strong><\/p>\n<p>Vi gjorde \u00f6vning F &amp; G, TB, s. 109-110.<\/p>\n<p><strong>-&gt; Presens <\/strong>som<span style=\"color: #0000ff\"><strong> <em>futurum<\/em> <\/strong><\/span><em>eller<\/em> f\u00f6r n\u00e5got<span style=\"color: #ff0000\"><strong> <em>generellt<\/em><\/strong><\/span>: TB, s. 109.\u00a0 \u201dJag <b><i><span style=\"color: #0000ff\">\u00e5ker<\/span> <\/i><\/b>hem <strong><span style=\"color: #0000ff\">imorgon<\/span><\/strong>.\u201d\u00a0\u00a0\u201dJag <span style=\"color: #ff0000\"><b><i>\u00e5ker<\/i><\/b> <\/span>hem <strong><span style=\"color: #ff0000\">varje s\u00f6ndag<\/span><\/strong>.\u201d<\/p>\n<p><strong>-&gt; Hur kommer jag till..?<\/strong> \u00a0TB. s. 105.\u00a0Ska det vara <em><strong>i<\/strong> <\/em>eller <em><strong>p\u00e5<\/strong>? <strong>I <\/strong><\/em>korsningen \/ <em><strong>p\u00e5<\/strong> torget, etc.<\/em><\/p>\n<p><strong>-&gt; Julmusik! <\/strong>Text: <a href=\"http:\/\/blogg.folkuniversitetet.nu\/erikan\/files\/2025\/12\/Tva-julsanger.pdf\">Tv\u00e5 juls\u00e5nger<\/a><\/p>\n<p>Hej tomtegubbar: <a href=\"https:\/\/open.spotify.com\/track\/1q9eC8uoLeyBG2JZGNnYxB?si=91799af83d2b4de8\">https:\/\/open.spotify.com\/track\/1q9eC8uoLeyBG2JZGNnYxB?si=91799af83d2b4de8<\/a><\/p>\n<p>R\u00e4ven raskar \u00f6ver isen: <a href=\"https:\/\/open.spotify.com\/track\/1VC1vAS9pMJn3bV0rnKq1q?si=ecfd6f7d0c984d4c\">https:\/\/open.spotify.com\/track\/1VC1vAS9pMJn3bV0rnKq1q?si=ecfd6f7d0c984d4c<\/a><\/p>\n<h5><span style=\"text-decoration: underline\">L\u00e4xor till n\u00e4sta g\u00e5ng:<\/span><\/h5>\n<p>Verben g\u00e5r\/\u00e5ker: \u00d6B, sidan 115:1.<br \/>\nTidsprepositioner: \u00d6B, sidan 121:6.<br \/>\nPrepositioner: \u00d6B, sidan 122-123: \u00f6vning 7 &amp; 8.<br \/>\nLyssna och sjung juls\u00e5ngerna ovan \u2b06\ufe0f\u00a0 + Tomtarnas julnatt: <a class=\"ms-outlook-linkify\" title=\"https:\/\/www.youtube.com\/watch?v=_3u7_OSNnUY\" href=\"https:\/\/www.youtube.com\/watch?v=_3u7_OSNnUY\" target=\"_blank\" rel=\"noopener\" data-linkindex=\"0\">https:\/\/www.youtube.com\/watch?v=_3u7_OSNnUY<\/a><\/p>\n<p>Vi ses snart!<\/p>\n<p><a href=\"http:\/\/blogg.folkuniversitetet.nu\/erikan\/files\/2025\/12\/Elvis-och-tometen-leker.png\"><img loading=\"lazy\" decoding=\"async\" class=\"alignnone size-medium wp-image-2973\" src=\"http:\/\/blogg.folkuniversitetet.nu\/erikan\/files\/2025\/12\/Elvis-och-tometen-leker-279x300.png\" alt=\"\" width=\"279\" height=\"300\" \/>\u00a0<\/a><\/p>\n<p>Elvis och tomten leker! \ud83c\udf85\ud83d\udc15<\/p>\n","protected":false},"excerpt":{"rendered":"<p>Den sj\u00e4tte lektionen gjorde vi detta: -&gt; Transporter: TB, sidan 101. \u00d6vning B. Vad betyder orden? Vi f\u00f6rklarade med andra ord p\u00e5 svenska. -&gt; G\u00e5r eller \u00e5ker? Vi lyssnade p\u00e5 ljudfil 68 &amp; l\u00e4ste dialogerna 1-4. \u00d6vning D, s. 103 i textboken. -&gt; Sverigeresan: TB, s. 107. Ljudfil 72. -&gt; Tidsprepositioner, TB, s. 109: F\u00f6r [&hellip;]<\/p>\n","protected":false},"author":904,"featured_media":0,"parent":0,"menu_order":0,"comment_status":"closed","ping_status":"closed","template":"","meta":{"footnotes":""},"class_list":["post-2966","page","type-page","status-publish","hentry","post-preview"],"_links":{"self":[{"href":"https:\/\/blogg.folkuniversitetet.nu\/erikan\/wp-json\/wp\/v2\/pages\/2966","targetHints":{"allow":["GET"]}}],"collection":[{"href":"https:\/\/blogg.folkuniversitetet.nu\/erikan\/wp-json\/wp\/v2\/pages"}],"about":[{"href":"https:\/\/blogg.folkuniversitetet.nu\/erikan\/wp-json\/wp\/v2\/types\/page"}],"author":[{"embeddable":true,"href":"https:\/\/blogg.folkuniversitetet.nu\/erikan\/wp-json\/wp\/v2\/users\/904"}],"replies":[{"embeddable":true,"href":"https:\/\/blogg.folkuniversitetet.nu\/erikan\/wp-json\/wp\/v2\/comments?post=2966"}],"version-history":[{"count":5,"href":"https:\/\/blogg.folkuniversitetet.nu\/erikan\/wp-json\/wp\/v2\/pages\/2966\/revisions"}],"predecessor-version":[{"id":2974,"href":"https:\/\/blogg.folkuniversitetet.nu\/erikan\/wp-json\/wp\/v2\/pages\/2966\/revisions\/2974"}],"wp:attachment":[{"href":"https:\/\/blogg.folkuniversitetet.nu\/erikan\/wp-json\/wp\/v2\/media?parent=2966"}],"curies":[{"name":"wp","href":"https:\/\/api.w.org\/{rel}","templated":true}]}}