{"id":2934,"date":"2025-11-24T11:51:23","date_gmt":"2025-11-24T10:51:23","guid":{"rendered":"https:\/\/blogg.folkuniversitetet.nu\/erikan\/?page_id=2934"},"modified":"2025-11-24T12:06:33","modified_gmt":"2025-11-24T11:06:33","slug":"2934-2","status":"publish","type":"page","link":"https:\/\/blogg.folkuniversitetet.nu\/erikan\/2934-2\/","title":{"rendered":"Lektion 4: 22 novemebr"},"content":{"rendered":"<p>Lektion 4: 22 november<\/p>\n<ol>\n<li><span style=\"color: #008000\"><strong><em>Vad har vi\/du p\u00e5 oss\/er idag?<\/em><\/strong><\/span> Ber\u00e4tta f\u00f6r varandra! (kl\u00e4der, f\u00e4rger och m\u00f6nster i TB, s. 80).<\/li>\n<li>Kahoot!<span style=\"color: #008000\"><em><strong> F\u00e4rger, kl\u00e4der och m\u00f6nster<\/strong><\/em><\/span>. G\u00f6r kahooten igen om ni vill: Klicka <a href=\"https:\/\/create.kahoot.it\/share\/klader-farger-monster\/73aa2b74-9617-4126-90ae-230619bdf230\">h\u00e4r<\/a>.<\/li>\n<li>Text i TB, s. 91: &#8221;Karaoke, saltlakrits och annat&#8221;. <span style=\"text-decoration: underline\">Stryk under<\/span> alla verb i <span style=\"color: #0000ff\"><em><strong>preteritum<\/strong> <\/em><\/span>och <em><strong><span style=\"color: #ff0000\">presens perfekt<\/span><\/strong><\/em> (har+supinum). Stryk ocks\u00e5 under tidsadverb i d\u00e5tid, t ex <em>f\u00f6rra sommaren<\/em> (words indicating that something took place in the past, eg <em>last summer<\/em>). N\u00e4r anv\u00e4nder man <strong><span style=\"color: #0000ff\"><em>preteritum<\/em> <\/span><\/strong>och n\u00e4r anv\u00e4nder man <span style=\"color: #ff0000\"><strong><em>presens perfekt<\/em><\/strong><\/span>? <em style=\"color: #0000ff\"><strong>Tillsammans med d\u00e5-adverb \/ avslutad d\u00e5tid \/ l\u00e4nge sedan\u00a0 \u00a0<\/strong><\/em><em style=\"color: #ff0000\"><strong>Fram tills nu \/ g\u00e4ller fortfarande \/ tidpunkten \u00e4r inte viktig.\u00a0 \u00a0 \u00a0<\/strong><\/em>Jag bodde i Kiruna n\u00e4r jag var barn (=jag bor <strong>inte<\/strong> d\u00e4r nu)\u00a0 \/\u00a0 Jag har bott i Uppsala j\u00e4ttel\u00e4nge (=jag bor d\u00e4r <strong>fortfarande<\/strong>).<\/li>\n<li><span style=\"color: #cc99ff\"><em><strong>Best\u00e4md form plural: <\/strong><\/em><\/span>\u00d6B, s. 89. \u00d6vning A &amp; B.<\/li>\n<li>Kahoot! <span style=\"color: #800080\"><em><strong>Verb-b\u00f6jningar<\/strong><\/em><\/span>. Titta igen: Klicka <a href=\"https:\/\/create.kahoot.it\/share\/verb\/16b12692-4faf-4302-8520-21a3e4267583\">h\u00e4r<\/a>.<\/li>\n<\/ol>\n<p>Bra jobbat idag!!<\/p>\n<p>L\u00e4xor till n\u00e4sta g\u00e5ng:<\/p>\n<p>Repetera vad vi gjorde under lektionen (go through\/rehearse the things we did during class).<\/p>\n<p>\u00d6B, s. 81, \u00f6vning B.<br \/>\n\u00d6B, s. 90, \u00f6vning B.<br \/>\n\u00d6B, s. 104.<\/p>\n<p>SKRIV! Ber\u00e4tta om en resa som du har gjort i Sverige, i jobbet eller p\u00e5 semester. 10-15 meningar. Anv\u00e4nd g\u00e4rna b\u00e5de preteritum och presens perfekt! (Write about a trip you&#8217;ve done in Sweden, for work or holidays. 10-15 sentences. If possible, use both preteritum and presens perfekt).<\/p>\n<p>Jag ser fram emot att ses om en vecka igen! Ha det s\u00e5 bra till dess! \ud83c\udf1e\u2603\ufe0f\u2615<\/p>\n","protected":false},"excerpt":{"rendered":"<p>Lektion 4: 22 november Vad har vi\/du p\u00e5 oss\/er idag? Ber\u00e4tta f\u00f6r varandra! (kl\u00e4der, f\u00e4rger och m\u00f6nster i TB, s. 80). Kahoot! F\u00e4rger, kl\u00e4der och m\u00f6nster. G\u00f6r kahooten igen om ni vill: Klicka h\u00e4r. Text i TB, s. 91: &#8221;Karaoke, saltlakrits och annat&#8221;. Stryk under alla verb i preteritum och presens perfekt (har+supinum). Stryk ocks\u00e5 [&hellip;]<\/p>\n","protected":false},"author":904,"featured_media":0,"parent":0,"menu_order":0,"comment_status":"closed","ping_status":"closed","template":"","meta":{"footnotes":""},"class_list":["post-2934","page","type-page","status-publish","hentry","post-preview"],"_links":{"self":[{"href":"https:\/\/blogg.folkuniversitetet.nu\/erikan\/wp-json\/wp\/v2\/pages\/2934","targetHints":{"allow":["GET"]}}],"collection":[{"href":"https:\/\/blogg.folkuniversitetet.nu\/erikan\/wp-json\/wp\/v2\/pages"}],"about":[{"href":"https:\/\/blogg.folkuniversitetet.nu\/erikan\/wp-json\/wp\/v2\/types\/page"}],"author":[{"embeddable":true,"href":"https:\/\/blogg.folkuniversitetet.nu\/erikan\/wp-json\/wp\/v2\/users\/904"}],"replies":[{"embeddable":true,"href":"https:\/\/blogg.folkuniversitetet.nu\/erikan\/wp-json\/wp\/v2\/comments?post=2934"}],"version-history":[{"count":5,"href":"https:\/\/blogg.folkuniversitetet.nu\/erikan\/wp-json\/wp\/v2\/pages\/2934\/revisions"}],"predecessor-version":[{"id":2940,"href":"https:\/\/blogg.folkuniversitetet.nu\/erikan\/wp-json\/wp\/v2\/pages\/2934\/revisions\/2940"}],"wp:attachment":[{"href":"https:\/\/blogg.folkuniversitetet.nu\/erikan\/wp-json\/wp\/v2\/media?parent=2934"}],"curies":[{"name":"wp","href":"https:\/\/api.w.org\/{rel}","templated":true}]}}