{"id":191,"date":"2025-11-03T20:30:07","date_gmt":"2025-11-03T19:30:07","guid":{"rendered":"https:\/\/blogg.folkuniversitetet.nu\/dubola\/?page_id=191"},"modified":"2025-11-03T20:34:41","modified_gmt":"2025-11-03T19:34:41","slug":"a2-del-3-3-novembre","status":"publish","type":"page","link":"https:\/\/blogg.folkuniversitetet.nu\/dubola\/a2-del-3-3-novembre\/","title":{"rendered":"A2 del 3 &#8211; 3 novembre"},"content":{"rendered":"<ol>\n<li>Vocabulaire &#8221;Les r\u00e9seaux sociaux&#8221; page 119<\/li>\n<li>Production orale 117<\/li>\n<li>Vocabulaire &#8221;la radio, les podcasts&#8221; page 119<\/li>\n<li>Compr\u00e9hension \u00e9crite page 118<\/li>\n<li>Production orale page 118<\/li>\n<\/ol>\n<p><strong>Devoirs : Exercices page 89 (cahier d&#8217;activit\u00e9s)<\/strong><\/p>\n","protected":false},"excerpt":{"rendered":"<p>Vocabulaire &#8221;Les r\u00e9seaux sociaux&#8221; page 119 Production orale 117 Vocabulaire &#8221;la radio, les podcasts&#8221; page 119 Compr\u00e9hension \u00e9crite page 118 Production orale page 118 Devoirs : Exercices page 89 (cahier d&#8217;activit\u00e9s)<\/p>\n","protected":false},"author":968,"featured_media":0,"parent":0,"menu_order":0,"comment_status":"closed","ping_status":"closed","template":"","meta":{"footnotes":""},"class_list":["post-191","page","type-page","status-publish","hentry","post-preview"],"_links":{"self":[{"href":"https:\/\/blogg.folkuniversitetet.nu\/dubola\/wp-json\/wp\/v2\/pages\/191","targetHints":{"allow":["GET"]}}],"collection":[{"href":"https:\/\/blogg.folkuniversitetet.nu\/dubola\/wp-json\/wp\/v2\/pages"}],"about":[{"href":"https:\/\/blogg.folkuniversitetet.nu\/dubola\/wp-json\/wp\/v2\/types\/page"}],"author":[{"embeddable":true,"href":"https:\/\/blogg.folkuniversitetet.nu\/dubola\/wp-json\/wp\/v2\/users\/968"}],"replies":[{"embeddable":true,"href":"https:\/\/blogg.folkuniversitetet.nu\/dubola\/wp-json\/wp\/v2\/comments?post=191"}],"version-history":[{"count":5,"href":"https:\/\/blogg.folkuniversitetet.nu\/dubola\/wp-json\/wp\/v2\/pages\/191\/revisions"}],"predecessor-version":[{"id":218,"href":"https:\/\/blogg.folkuniversitetet.nu\/dubola\/wp-json\/wp\/v2\/pages\/191\/revisions\/218"}],"wp:attachment":[{"href":"https:\/\/blogg.folkuniversitetet.nu\/dubola\/wp-json\/wp\/v2\/media?parent=191"}],"curies":[{"name":"wp","href":"https:\/\/api.w.org\/{rel}","templated":true}]}}