{"id":47,"date":"2023-09-07T12:32:52","date_gmt":"2023-09-07T11:32:52","guid":{"rendered":"https:\/\/blogg.folkuniversitetet.nu\/drioel\/?page_id=47"},"modified":"2023-09-07T12:32:52","modified_gmt":"2023-09-07T11:32:52","slug":"klader","status":"publish","type":"page","link":"https:\/\/blogg.folkuniversitetet.nu\/drioel\/klader\/","title":{"rendered":"Kl\u00e4der"},"content":{"rendered":"<p><strong><span style=\"color: #ff0000\">Vad heter kl\u00e4desplaggen p\u00e5 svenska?<\/span><\/strong><\/p>\n<p><a href=\"https:\/\/www.goconqr.com\/en\/flashcard\/16170193\/klader\">Kl\u00e4der<\/a><\/p>\n","protected":false},"excerpt":{"rendered":"<p>Vad heter kl\u00e4desplaggen p\u00e5 svenska? Kl\u00e4der<\/p>\n","protected":false},"author":107,"featured_media":0,"parent":0,"menu_order":0,"comment_status":"closed","ping_status":"closed","template":"","meta":{"footnotes":""},"class_list":["post-47","page","type-page","status-publish","hentry","post-preview"],"_links":{"self":[{"href":"https:\/\/blogg.folkuniversitetet.nu\/drioel\/wp-json\/wp\/v2\/pages\/47","targetHints":{"allow":["GET"]}}],"collection":[{"href":"https:\/\/blogg.folkuniversitetet.nu\/drioel\/wp-json\/wp\/v2\/pages"}],"about":[{"href":"https:\/\/blogg.folkuniversitetet.nu\/drioel\/wp-json\/wp\/v2\/types\/page"}],"author":[{"embeddable":true,"href":"https:\/\/blogg.folkuniversitetet.nu\/drioel\/wp-json\/wp\/v2\/users\/107"}],"replies":[{"embeddable":true,"href":"https:\/\/blogg.folkuniversitetet.nu\/drioel\/wp-json\/wp\/v2\/comments?post=47"}],"version-history":[{"count":1,"href":"https:\/\/blogg.folkuniversitetet.nu\/drioel\/wp-json\/wp\/v2\/pages\/47\/revisions"}],"predecessor-version":[{"id":49,"href":"https:\/\/blogg.folkuniversitetet.nu\/drioel\/wp-json\/wp\/v2\/pages\/47\/revisions\/49"}],"wp:attachment":[{"href":"https:\/\/blogg.folkuniversitetet.nu\/drioel\/wp-json\/wp\/v2\/media?parent=47"}],"curies":[{"name":"wp","href":"https:\/\/api.w.org\/{rel}","templated":true}]}}