{"id":86,"date":"2025-03-06T15:16:13","date_gmt":"2025-03-06T14:16:13","guid":{"rendered":"https:\/\/blogg.folkuniversitetet.nu\/carefr\/?page_id=86"},"modified":"2025-03-13T21:42:47","modified_gmt":"2025-03-13T20:42:47","slug":"a1-del-1-kursvecka-2","status":"publish","type":"page","link":"https:\/\/blogg.folkuniversitetet.nu\/carefr\/a1-del-1-kursvecka-2\/","title":{"rendered":"A1 del 1 &#8211; Kursvecka #2"},"content":{"rendered":"<h5>Lektion 3<\/h5>\n<p><strong>Anteckningar<\/strong>: <a href=\"http:\/\/blogg.folkuniversitetet.nu\/carefr\/files\/2025\/03\/Lektion-3.pdf\">Lektion 3<\/a><\/p>\n<p><strong>Heml\u00e4xor<\/strong>: Repetera dagens lektion!! \u00d6B: nr.7 s.11, s.15, s.18.<\/p>\n<p>Om ni har fr\u00e5gor om l\u00e4xorna mejla mig g\u00e4rna \ud83d\ude42<\/p>\n<p>&nbsp;<\/p>\n<h5>Lektion 4<\/h5>\n<p><strong>Anteckningar<\/strong>: <a href=\"http:\/\/blogg.folkuniversitetet.nu\/carefr\/files\/2025\/03\/Lektion-4.pdf\">Lektion 4<\/a><\/p>\n<p><strong>Heml\u00e4xor<\/strong>: Repetera dagens lektion (som vanligt)!! \u00d6B: s.19, s.21. TB: s.29 &#8211; l\u00e4s texten, stryk under alla ok\u00e4nda ord och \u00f6vers\u00e4tt dem (read the text, underline all the words you don\u2019t know and translate them). Memorera siffrorna fr\u00e5n 1 till 12 s\u00e5 att du kan b\u00f6rja r\u00e4kna, kommer att prata om nummer p\u00e5 tisdag (memorize the numbers from 1 to 12 so that you can start counting, we are going to talk about numbers on Tuesday).<\/p>\n<p>De som vill kan g\u00f6ra skrivuppgiften i slutet av kapitlet 2 (TB s.26) och skicka den till mig via mejl innan slutet av n\u00e4sta vecka.<\/p>\n<p>Those who want kan do the writing exercise at the end of chapter 2 (TB s.26) and send it to me via email before the end of next week.<\/p>\n<p>Trevlig helg!<\/p>\n","protected":false},"excerpt":{"rendered":"<p>Lektion 3 Anteckningar: Lektion 3 Heml\u00e4xor: Repetera dagens lektion!! \u00d6B: nr.7 s.11, s.15, s.18. Om ni har fr\u00e5gor om l\u00e4xorna mejla mig g\u00e4rna \ud83d\ude42 &nbsp; Lektion 4 Anteckningar: Lektion 4 Heml\u00e4xor: Repetera dagens lektion (som vanligt)!! \u00d6B: s.19, s.21. TB: s.29 &#8211; l\u00e4s texten, stryk under alla ok\u00e4nda ord och \u00f6vers\u00e4tt dem (read the text, [&hellip;]<\/p>\n","protected":false},"author":961,"featured_media":0,"parent":0,"menu_order":0,"comment_status":"closed","ping_status":"closed","template":"","meta":{"footnotes":""},"class_list":["post-86","page","type-page","status-publish","hentry","post-preview"],"_links":{"self":[{"href":"https:\/\/blogg.folkuniversitetet.nu\/carefr\/wp-json\/wp\/v2\/pages\/86","targetHints":{"allow":["GET"]}}],"collection":[{"href":"https:\/\/blogg.folkuniversitetet.nu\/carefr\/wp-json\/wp\/v2\/pages"}],"about":[{"href":"https:\/\/blogg.folkuniversitetet.nu\/carefr\/wp-json\/wp\/v2\/types\/page"}],"author":[{"embeddable":true,"href":"https:\/\/blogg.folkuniversitetet.nu\/carefr\/wp-json\/wp\/v2\/users\/961"}],"replies":[{"embeddable":true,"href":"https:\/\/blogg.folkuniversitetet.nu\/carefr\/wp-json\/wp\/v2\/comments?post=86"}],"version-history":[{"count":6,"href":"https:\/\/blogg.folkuniversitetet.nu\/carefr\/wp-json\/wp\/v2\/pages\/86\/revisions"}],"predecessor-version":[{"id":108,"href":"https:\/\/blogg.folkuniversitetet.nu\/carefr\/wp-json\/wp\/v2\/pages\/86\/revisions\/108"}],"wp:attachment":[{"href":"https:\/\/blogg.folkuniversitetet.nu\/carefr\/wp-json\/wp\/v2\/media?parent=86"}],"curies":[{"name":"wp","href":"https:\/\/api.w.org\/{rel}","templated":true}]}}