{"id":787,"date":"2026-04-27T16:34:52","date_gmt":"2026-04-27T15:34:52","guid":{"rendered":"https:\/\/blogg.folkuniversitetet.nu\/carefr\/?page_id=787"},"modified":"2026-04-29T14:56:11","modified_gmt":"2026-04-29T13:56:11","slug":"a1-del-1-kursvecka-4-3","status":"publish","type":"page","link":"https:\/\/blogg.folkuniversitetet.nu\/carefr\/a1-del-1-kursvecka-4-3\/","title":{"rendered":"A1 del 1 &#8211; Kursvecka #4"},"content":{"rendered":"<h5>Lektion 7<\/h5>\n<p><strong>Anteckningar<\/strong>: <a href=\"https:\/\/drive.google.com\/file\/d\/1cqtff69eUQUikRz5HYy4OFOEmbBfHw4i\/view?usp=drivesdk\">Lektion 7<\/a><\/p>\n<p><strong>Heml\u00e4xor<\/strong>: <strong>\u00d6B s.30 (A-B)<\/strong> &#8211; tr\u00e4na p\u00e5 <strong>ordf\u00f6ljd<\/strong> genom att sortera och skriva p\u00e5st\u00e5enden och fr\u00e5gor. B\u00f6rja med ordet i fetstil! Tips: titta p\u00e5 <a href=\"https:\/\/drive.google.com\/file\/d\/1d9I09o9ouFKqAQ-M4dutmqJnYRlaDhWd\/view?usp=drivesdk\">satsschema<\/a> om du \u00e4r os\u00e4ker p\u00e5 vad ska vara var. <strong>TB s.32 (C)<\/strong> &#8211; skriv hur mycket klockan \u00e4r i en mening (en f\u00f6r varje), t.ex. Klockan \u00e4r\/Den \u00e4r\/Hon \u00e4r + grund tal (med bokst\u00e4ver, t.ex. tio \u00f6ver fem p\u00e5 eftermiddagen); <strong>s.34 (A)<\/strong> &#8211; titta p\u00e5 <strong>ordlistan<\/strong> av aktiviteter och kontrollera att du f\u00f6rst\u00e5r vad de betyder. <strong>Obs!<\/strong> Titta bara p\u00e5 dem, <strong>l\u00e4s inte texten!!<\/strong> (Vi kommer att lyssna p\u00e5 den n\u00e4sta g\u00e5ng).<\/p>\n<p><strong>H\u00f6rf\u00f6rst\u00e5else<\/strong> &#8211; lyssna p\u00e5 ljudfil nr.22 fr\u00e5n kapitel 3 (NokPortalen) och svara p\u00e5 fr\u00e5gorna: N\u00e4r ska de ha fika? N\u00e4r ska de ha lunch? N\u00e4r ska de sluta? + bonusfr\u00e5ga: Hur fr\u00e5gar de om tid? (Vilka fr\u00e5geord). Efter (inte f\u00f6re!!) att du har lyssnat flera g\u00e5nger och svarat p\u00e5 fr\u00e5gorna f\u00e5r du titta p\u00e5 texten (TB s.33) och kolla om du hade r\u00e4tt.<br \/>\n<strong>Extra<\/strong> tr\u00e4ning h\u00f6rf\u00f6rst\u00e5else: titta p\u00e5 denna <a href=\"https:\/\/youtu.be\/-Iz4K3hIEC0\">video<\/a> och anteckna svaren p\u00e5 &#8221;Vad \u00e4r klockan\/ hur mycket \u00e4r klockan?&#8221; + bonusfr\u00e5ga &#8211; vad h\u00e4nder vid slutet?<\/p>\n","protected":false},"excerpt":{"rendered":"<p>Lektion 7 Anteckningar: Lektion 7 Heml\u00e4xor: \u00d6B s.30 (A-B) &#8211; tr\u00e4na p\u00e5 ordf\u00f6ljd genom att sortera och skriva p\u00e5st\u00e5enden och fr\u00e5gor. B\u00f6rja med ordet i fetstil! Tips: titta p\u00e5 satsschema om du \u00e4r os\u00e4ker p\u00e5 vad ska vara var. TB s.32 (C) &#8211; skriv hur mycket klockan \u00e4r i en mening (en f\u00f6r varje), t.ex. [&hellip;]<\/p>\n","protected":false},"author":961,"featured_media":0,"parent":0,"menu_order":0,"comment_status":"closed","ping_status":"closed","template":"","meta":{"footnotes":""},"class_list":["post-787","page","type-page","status-publish","hentry","post-preview"],"_links":{"self":[{"href":"https:\/\/blogg.folkuniversitetet.nu\/carefr\/wp-json\/wp\/v2\/pages\/787","targetHints":{"allow":["GET"]}}],"collection":[{"href":"https:\/\/blogg.folkuniversitetet.nu\/carefr\/wp-json\/wp\/v2\/pages"}],"about":[{"href":"https:\/\/blogg.folkuniversitetet.nu\/carefr\/wp-json\/wp\/v2\/types\/page"}],"author":[{"embeddable":true,"href":"https:\/\/blogg.folkuniversitetet.nu\/carefr\/wp-json\/wp\/v2\/users\/961"}],"replies":[{"embeddable":true,"href":"https:\/\/blogg.folkuniversitetet.nu\/carefr\/wp-json\/wp\/v2\/comments?post=787"}],"version-history":[{"count":11,"href":"https:\/\/blogg.folkuniversitetet.nu\/carefr\/wp-json\/wp\/v2\/pages\/787\/revisions"}],"predecessor-version":[{"id":805,"href":"https:\/\/blogg.folkuniversitetet.nu\/carefr\/wp-json\/wp\/v2\/pages\/787\/revisions\/805"}],"wp:attachment":[{"href":"https:\/\/blogg.folkuniversitetet.nu\/carefr\/wp-json\/wp\/v2\/media?parent=787"}],"curies":[{"name":"wp","href":"https:\/\/api.w.org\/{rel}","templated":true}]}}