{"id":724,"date":"2026-03-25T08:07:06","date_gmt":"2026-03-25T07:07:06","guid":{"rendered":"https:\/\/blogg.folkuniversitetet.nu\/carefr\/?page_id=724"},"modified":"2026-03-27T08:44:22","modified_gmt":"2026-03-27T07:44:22","slug":"a2-del-2-kursvecka-5","status":"publish","type":"page","link":"https:\/\/blogg.folkuniversitetet.nu\/carefr\/a2-del-2-kursvecka-5\/","title":{"rendered":"A2 del 2 &#8211; Kursvecka #5"},"content":{"rendered":"<h5>Lektion 9<\/h5>\n<p><strong>Anteckningar<\/strong>: <a href=\"https:\/\/drive.google.com\/file\/d\/1fzZbuiP52d2zRzPod6nFWeNS9MtYyih7\/view?usp=drivesdk\">Lektion 9<\/a><\/p>\n<p><strong>Heml\u00e4xa<\/strong>: <strong>\u00d6va vokabul\u00e4r<\/strong> &#8211; tr\u00e4na p\u00e5 att f\u00f6rklara orden fr\u00e5n kapitel 16-19. Fokusera p\u00e5 <strong>\u00e4mnesrelevanta ord<\/strong>, till ex. Lov, prov, betyg, termin (utbildning) bostad, kollektiv, radhus (boende) f\u00f6rm\u00e5ner, omskola sig, anst\u00e4llningstrygghet (jobb) \u2026 om ni kan flera det \u00e4r ett plus s\u00e5klart! <strong>Tips<\/strong>: F\u00f6r varje ord t\u00e4nk p\u00e5 vilka verb, substantiv, adjektiv och andra ord som kan hj\u00e4lpa dig f\u00f6rklara det och skapa egna associationer f\u00f6r att underl\u00e4tta minnet. Alla ordkort fr\u00e5n kapitel 16-19 hittar ni p\u00e5 NokPortalen.<\/p>\n<p>&nbsp;<\/p>\n<h5>Lektion 10<\/h5>\n<p><strong>Anteckningar<\/strong>: <a href=\"https:\/\/drive.google.com\/file\/d\/1IvenvJdOm_r1AK3NnfPJfN5Aq67-zlE-\/view?usp=drivesdk\">Lektion 10<\/a><\/p>\n<p>Tack s\u00e5 mycket allihopa och lycka till med framtida kurser \u263a\ufe0f<\/p>\n","protected":false},"excerpt":{"rendered":"<p>Lektion 9 Anteckningar: Lektion 9 Heml\u00e4xa: \u00d6va vokabul\u00e4r &#8211; tr\u00e4na p\u00e5 att f\u00f6rklara orden fr\u00e5n kapitel 16-19. Fokusera p\u00e5 \u00e4mnesrelevanta ord, till ex. Lov, prov, betyg, termin (utbildning) bostad, kollektiv, radhus (boende) f\u00f6rm\u00e5ner, omskola sig, anst\u00e4llningstrygghet (jobb) \u2026 om ni kan flera det \u00e4r ett plus s\u00e5klart! Tips: F\u00f6r varje ord t\u00e4nk p\u00e5 vilka verb, [&hellip;]<\/p>\n","protected":false},"author":961,"featured_media":0,"parent":0,"menu_order":0,"comment_status":"closed","ping_status":"closed","template":"","meta":{"footnotes":""},"class_list":["post-724","page","type-page","status-publish","hentry","post-preview"],"_links":{"self":[{"href":"https:\/\/blogg.folkuniversitetet.nu\/carefr\/wp-json\/wp\/v2\/pages\/724","targetHints":{"allow":["GET"]}}],"collection":[{"href":"https:\/\/blogg.folkuniversitetet.nu\/carefr\/wp-json\/wp\/v2\/pages"}],"about":[{"href":"https:\/\/blogg.folkuniversitetet.nu\/carefr\/wp-json\/wp\/v2\/types\/page"}],"author":[{"embeddable":true,"href":"https:\/\/blogg.folkuniversitetet.nu\/carefr\/wp-json\/wp\/v2\/users\/961"}],"replies":[{"embeddable":true,"href":"https:\/\/blogg.folkuniversitetet.nu\/carefr\/wp-json\/wp\/v2\/comments?post=724"}],"version-history":[{"count":5,"href":"https:\/\/blogg.folkuniversitetet.nu\/carefr\/wp-json\/wp\/v2\/pages\/724\/revisions"}],"predecessor-version":[{"id":736,"href":"https:\/\/blogg.folkuniversitetet.nu\/carefr\/wp-json\/wp\/v2\/pages\/724\/revisions\/736"}],"wp:attachment":[{"href":"https:\/\/blogg.folkuniversitetet.nu\/carefr\/wp-json\/wp\/v2\/media?parent=724"}],"curies":[{"name":"wp","href":"https:\/\/api.w.org\/{rel}","templated":true}]}}