{"id":641,"date":"2026-02-03T21:37:07","date_gmt":"2026-02-03T20:37:07","guid":{"rendered":"https:\/\/blogg.folkuniversitetet.nu\/carefr\/?page_id=641"},"modified":"2026-02-06T09:30:23","modified_gmt":"2026-02-06T08:30:23","slug":"a2-del-1-kursvecka-3","status":"publish","type":"page","link":"https:\/\/blogg.folkuniversitetet.nu\/carefr\/a2-del-1-kursvecka-3\/","title":{"rendered":"A2 del 1 &#8211; Kursvecka #3"},"content":{"rendered":"<h5>Lektion 5<\/h5>\n<p><strong>Anteckningar<\/strong>: <a href=\"https:\/\/drive.google.com\/file\/d\/1qLnE3uEp1W5uAEv4TLtQnuxJHAI0ia6_\/view?usp=drivesdk\">Lektion 5<\/a><\/p>\n<p><strong>Heml\u00e4xor<\/strong>: Tr\u00e4na p\u00e5 att <strong>skriva egna meningar med huvud- och bisatser<\/strong>. Skriv en mening med varje bisatsinledare (att, n\u00e4r, om, d\u00e4rf\u00f6r att, eftersom) och testa att placera bisatsen b\u00e5de i b\u00f6rjan och i slutet, t.ex. N\u00e4r det \u00e4r varmt ute brukar jag promenera mycket. \/ Jag brukar promenera mycket n\u00e4r det \u00e4r varmt ute.<\/p>\n<p>&nbsp;<\/p>\n<h5>Lektion 6<\/h5>\n<p><strong>Anteckningar<\/strong>: <a href=\"https:\/\/drive.google.com\/file\/d\/1YyxIRW-NPGAVF8rOeO0mfIMa5w7GzGFh\/view?usp=drivesdk\">Lektion 6<\/a><\/p>\n<p>Heml\u00e4xor: <strong>TB s.144<\/strong>: <strong>l\u00e4s<\/strong> alla dialoger och markera om de \u00e4r positiva eller negativa upplevelser. Sen <strong>sortera<\/strong> den positiva och den negativa upplevelsen <strong>i r\u00e4tt ordning<\/strong>, fr\u00e5n vad som h\u00e4nde f\u00f6rst till vad som h\u00e4nde sist. <strong>\u00d6B s.157-158, s.156<\/strong>:\u00a0\u00e4ven f\u00e5\/m\u00e5nga och lite\/mindre kan kompareras som andra adjektiv &#8211; i den orangea rutan hittar ni <strong>grundformen<\/strong> till v\u00e4nster, <strong>komparativ<\/strong> i mitten (f\u00e4rre, fler, mindre, mer &#8211; more X than X) och <strong>superlativ<\/strong> till h\u00f6ger (f\u00e4rst, flest, minst, mest &#8211; the most of X).<\/p>\n","protected":false},"excerpt":{"rendered":"<p>Lektion 5 Anteckningar: Lektion 5 Heml\u00e4xor: Tr\u00e4na p\u00e5 att skriva egna meningar med huvud- och bisatser. Skriv en mening med varje bisatsinledare (att, n\u00e4r, om, d\u00e4rf\u00f6r att, eftersom) och testa att placera bisatsen b\u00e5de i b\u00f6rjan och i slutet, t.ex. N\u00e4r det \u00e4r varmt ute brukar jag promenera mycket. \/ Jag brukar promenera mycket n\u00e4r [&hellip;]<\/p>\n","protected":false},"author":961,"featured_media":0,"parent":0,"menu_order":0,"comment_status":"closed","ping_status":"closed","template":"","meta":{"footnotes":""},"class_list":["post-641","page","type-page","status-publish","hentry","post-preview"],"_links":{"self":[{"href":"https:\/\/blogg.folkuniversitetet.nu\/carefr\/wp-json\/wp\/v2\/pages\/641","targetHints":{"allow":["GET"]}}],"collection":[{"href":"https:\/\/blogg.folkuniversitetet.nu\/carefr\/wp-json\/wp\/v2\/pages"}],"about":[{"href":"https:\/\/blogg.folkuniversitetet.nu\/carefr\/wp-json\/wp\/v2\/types\/page"}],"author":[{"embeddable":true,"href":"https:\/\/blogg.folkuniversitetet.nu\/carefr\/wp-json\/wp\/v2\/users\/961"}],"replies":[{"embeddable":true,"href":"https:\/\/blogg.folkuniversitetet.nu\/carefr\/wp-json\/wp\/v2\/comments?post=641"}],"version-history":[{"count":5,"href":"https:\/\/blogg.folkuniversitetet.nu\/carefr\/wp-json\/wp\/v2\/pages\/641\/revisions"}],"predecessor-version":[{"id":650,"href":"https:\/\/blogg.folkuniversitetet.nu\/carefr\/wp-json\/wp\/v2\/pages\/641\/revisions\/650"}],"wp:attachment":[{"href":"https:\/\/blogg.folkuniversitetet.nu\/carefr\/wp-json\/wp\/v2\/media?parent=641"}],"curies":[{"name":"wp","href":"https:\/\/api.w.org\/{rel}","templated":true}]}}