{"id":545,"date":"2025-11-25T21:03:29","date_gmt":"2025-11-25T20:03:29","guid":{"rendered":"https:\/\/blogg.folkuniversitetet.nu\/carefr\/?page_id=545"},"modified":"2025-11-28T17:24:33","modified_gmt":"2025-11-28T16:24:33","slug":"a1-del-2-kursvecka-2-3","status":"publish","type":"page","link":"https:\/\/blogg.folkuniversitetet.nu\/carefr\/a1-del-2-kursvecka-2-3\/","title":{"rendered":"A1 del 2 &#8211; Kursvecka #2"},"content":{"rendered":"<h5>Lektion 3<\/h5>\n<p><strong>Anteckningar<\/strong>: <a href=\"https:\/\/drive.google.com\/file\/d\/157ibsuvizmyyzHDp1J12JGDUjuuk4JMJ\/view?usp=drivesdk\">Lektion 3<\/a><\/p>\n<p><strong>Heml\u00e4xor<\/strong>: <strong>Skriv en kort text<\/strong> om en k\u00e4nd person fr\u00e5n ditt hemland, t.ex. en f\u00f6rfattare, en konstn\u00e4r eller en artist. Ta inspiration fr\u00e5n Nobels text. Skriv inte personens namn utan anv\u00e4nd bara pronomen! Dina kurskamrater kommer att f\u00e5 gissa vem personen \u00e4r \ud83d\ude42<\/p>\n<p>Om man hinner: <strong>\u00d6B s.86-88<\/strong>: tr\u00e4na p\u00e5 n\u00e5gon\/n\u00e5got\/n\u00e5gra och ingen\/inget\/inga.<\/p>\n<p>&nbsp;<\/p>\n<h5>Lektion 4<\/h5>\n<p><strong>Anteckningar<\/strong>: <a href=\"https:\/\/drive.google.com\/file\/d\/186lInJ0zHVtlbPscBvqcr6l58nzgIlNI\/view?usp=drivesdk\">Lektion 4<\/a><\/p>\n<p><strong>Heml\u00e4xor<\/strong>: <strong>\u00d6B s.90, s.92<\/strong>. Titta runt i ditt hem, vilka varor har du k\u00f6pt nyligen? Eller var det l\u00e4nge sen? Varf\u00f6r k\u00f6pte du just dem? \u00a0Har du n\u00e5gon favorit? Anv\u00e4nd <strong>demonstrativa pronomen<\/strong> de\/den\/det h\u00e4r och de\/den\/det d\u00e4r i ditt svar, som om du visade dem till n\u00e5gon, t.ex: &#8221;de d\u00e4r kuddarna k\u00f6pte jag f\u00f6r en vecka sen p\u00e5 Jysk. De var dyra men jag tyckte om de s\u00e5 mycket att jag k\u00f6pte dem \u00e4nd\u00e5! De \u00e4r nog mina favorits eftersom de \u00e4r s\u00e5 mjuka och f\u00e4rgglada&#8221;. Skicka dina meningar till mig via mejl.<\/p>\n<p>Trevlig helg \ud83d\ude0a<\/p>\n","protected":false},"excerpt":{"rendered":"<p>Lektion 3 Anteckningar: Lektion 3 Heml\u00e4xor: Skriv en kort text om en k\u00e4nd person fr\u00e5n ditt hemland, t.ex. en f\u00f6rfattare, en konstn\u00e4r eller en artist. Ta inspiration fr\u00e5n Nobels text. Skriv inte personens namn utan anv\u00e4nd bara pronomen! Dina kurskamrater kommer att f\u00e5 gissa vem personen \u00e4r \ud83d\ude42 Om man hinner: \u00d6B s.86-88: tr\u00e4na p\u00e5 [&hellip;]<\/p>\n","protected":false},"author":961,"featured_media":0,"parent":0,"menu_order":0,"comment_status":"closed","ping_status":"closed","template":"","meta":{"footnotes":""},"class_list":["post-545","page","type-page","status-publish","hentry","post-preview"],"_links":{"self":[{"href":"https:\/\/blogg.folkuniversitetet.nu\/carefr\/wp-json\/wp\/v2\/pages\/545","targetHints":{"allow":["GET"]}}],"collection":[{"href":"https:\/\/blogg.folkuniversitetet.nu\/carefr\/wp-json\/wp\/v2\/pages"}],"about":[{"href":"https:\/\/blogg.folkuniversitetet.nu\/carefr\/wp-json\/wp\/v2\/types\/page"}],"author":[{"embeddable":true,"href":"https:\/\/blogg.folkuniversitetet.nu\/carefr\/wp-json\/wp\/v2\/users\/961"}],"replies":[{"embeddable":true,"href":"https:\/\/blogg.folkuniversitetet.nu\/carefr\/wp-json\/wp\/v2\/comments?post=545"}],"version-history":[{"count":6,"href":"https:\/\/blogg.folkuniversitetet.nu\/carefr\/wp-json\/wp\/v2\/pages\/545\/revisions"}],"predecessor-version":[{"id":555,"href":"https:\/\/blogg.folkuniversitetet.nu\/carefr\/wp-json\/wp\/v2\/pages\/545\/revisions\/555"}],"wp:attachment":[{"href":"https:\/\/blogg.folkuniversitetet.nu\/carefr\/wp-json\/wp\/v2\/media?parent=545"}],"curies":[{"name":"wp","href":"https:\/\/api.w.org\/{rel}","templated":true}]}}