{"id":489,"date":"2025-10-30T16:06:56","date_gmt":"2025-10-30T15:06:56","guid":{"rendered":"https:\/\/blogg.folkuniversitetet.nu\/carefr\/?page_id=489"},"modified":"2026-01-20T15:09:55","modified_gmt":"2026-01-20T14:09:55","slug":"extramaterial-2","status":"publish","type":"page","link":"https:\/\/blogg.folkuniversitetet.nu\/carefr\/extramaterial-2\/","title":{"rendered":"Extramaterial"},"content":{"rendered":"<ul>\n<li>\n<blockquote><p><a href=\"https:\/\/drive.google.com\/file\/d\/1NB1HrvmhE2z87Aeu7j963_H2kj8pQTq3\/view?usp=drivesdk\">\u00d6vnings tips<\/a><\/p><\/blockquote>\n<\/li>\n<li>\n<blockquote><p><a href=\"https:\/\/drive.google.com\/file\/d\/1t7HbU9842we_DOQD-DkpCOEnZpPXhj5v\/view?usp=drivesdk\">Infinitiv, imperativ, presens, preteritum och supinum<\/a><\/p><\/blockquote>\n<\/li>\n<li>\n<blockquote><p><a href=\"https:\/\/drive.google.com\/file\/d\/1YFWiDMv4if36ER6g3yaej-eknPu9KAAQ\/view?usp=drivesdk\">Substantiv &#8211; singular och plural, obest\u00e4md och best\u00e4md form<\/a><\/p><\/blockquote>\n<\/li>\n<li>\n<blockquote><p><a href=\"https:\/\/drive.google.com\/file\/d\/1PplNWDwYoh6ha2wLZan0A30RmJnmrcN8\/view?usp=drivesdk\">Ordf\u00f6ljd &#8211; verb 1 och 2<\/a><\/p><\/blockquote>\n<\/li>\n<\/ul>\n","protected":false},"excerpt":{"rendered":"<p>\u00d6vnings tips Infinitiv, imperativ, presens, preteritum och supinum Substantiv &#8211; singular och plural, obest\u00e4md och best\u00e4md form Ordf\u00f6ljd &#8211; verb 1 och 2<\/p>\n","protected":false},"author":961,"featured_media":0,"parent":0,"menu_order":0,"comment_status":"closed","ping_status":"closed","template":"","meta":{"footnotes":""},"class_list":["post-489","page","type-page","status-publish","hentry","post-preview"],"_links":{"self":[{"href":"https:\/\/blogg.folkuniversitetet.nu\/carefr\/wp-json\/wp\/v2\/pages\/489","targetHints":{"allow":["GET"]}}],"collection":[{"href":"https:\/\/blogg.folkuniversitetet.nu\/carefr\/wp-json\/wp\/v2\/pages"}],"about":[{"href":"https:\/\/blogg.folkuniversitetet.nu\/carefr\/wp-json\/wp\/v2\/types\/page"}],"author":[{"embeddable":true,"href":"https:\/\/blogg.folkuniversitetet.nu\/carefr\/wp-json\/wp\/v2\/users\/961"}],"replies":[{"embeddable":true,"href":"https:\/\/blogg.folkuniversitetet.nu\/carefr\/wp-json\/wp\/v2\/comments?post=489"}],"version-history":[{"count":4,"href":"https:\/\/blogg.folkuniversitetet.nu\/carefr\/wp-json\/wp\/v2\/pages\/489\/revisions"}],"predecessor-version":[{"id":497,"href":"https:\/\/blogg.folkuniversitetet.nu\/carefr\/wp-json\/wp\/v2\/pages\/489\/revisions\/497"}],"wp:attachment":[{"href":"https:\/\/blogg.folkuniversitetet.nu\/carefr\/wp-json\/wp\/v2\/media?parent=489"}],"curies":[{"name":"wp","href":"https:\/\/api.w.org\/{rel}","templated":true}]}}