{"id":44,"date":"2025-03-03T23:20:08","date_gmt":"2025-03-03T22:20:08","guid":{"rendered":"https:\/\/blogg.folkuniversitetet.nu\/carefr\/?page_id=44"},"modified":"2025-04-16T08:42:38","modified_gmt":"2025-04-16T07:42:38","slug":"lankar","status":"publish","type":"page","link":"https:\/\/blogg.folkuniversitetet.nu\/carefr\/lankar\/","title":{"rendered":"L\u00e4nkar"},"content":{"rendered":"<h4>H\u00e4r hittar du l\u00e4nkar f\u00f6r att \u00f6va din svenska p\u00e5 ett roligt s\u00e4tt!<\/h4>\n<h5><\/h5>\n<ul>\n<li>\n<blockquote><p><a href=\"https:\/\/www.svtplay.se\/\" target=\"_blank\" rel=\"noopener\">SVT Play<\/a><\/p><\/blockquote>\n<\/li>\n<li>\n<blockquote><p><a href=\"https:\/\/www.svtplay.se\/nyheter-pa-latt-svenska\" target=\"_blank\" rel=\"noopener\">Nyheter p\u00e5 l\u00e4tt svenska<\/a><\/p><\/blockquote>\n<\/li>\n<li>\n<blockquote><p><a href=\"https:\/\/www.tv4play.se\/\" target=\"_blank\" rel=\"noopener\">TV4 Play<\/a><\/p><\/blockquote>\n<\/li>\n<li>\n<blockquote><p>\u00a0<a href=\"https:\/\/www.sverigesradio.se\/\" target=\"_blank\" rel=\"noopener\">Sveriges radio<\/a><\/p><\/blockquote>\n<\/li>\n<\/ul>\n<p>&nbsp;<\/p>\n<ul>\n<li>\n<blockquote><p><a href=\"https:\/\/www.youtube.com\/c\/Svenskaspr%C3%A5ket\">Svenska spr\u00e5ket &#8211; Youtubekanal<\/a><\/p><\/blockquote>\n<\/li>\n<li>\n<blockquote><p><a href=\"https:\/\/www.youtube.com\/@FunSwedish\">Fun swedish &#8211; Youtubekanal<\/a><\/p><\/blockquote>\n<\/li>\n<li>\n<blockquote><p><a href=\"https:\/\/nokportalen.se\/\">NOK Portalen<\/a><\/p><\/blockquote>\n<\/li>\n<\/ul>\n<p>&nbsp;<\/p>\n<blockquote class=\"wp-embedded-content\" data-secret=\"ONx86qfjwa\"><p><a href=\"https:\/\/svenska.se\/tre\/\">Tre<\/a><\/p><\/blockquote>\n<p><iframe loading=\"lazy\" class=\"wp-embedded-content\" sandbox=\"allow-scripts\" security=\"restricted\" style=\"position: absolute; visibility: hidden;\" title=\"&#8221;Tre&#8221; &#8212; svenska.se\" src=\"https:\/\/svenska.se\/tre\/embed\/#?secret=7MmfhsBDEW#?secret=ONx86qfjwa\" data-secret=\"ONx86qfjwa\" width=\"600\" height=\"338\" frameborder=\"0\" marginwidth=\"0\" marginheight=\"0\" scrolling=\"no\"><\/iframe><\/p>\n<p><iframe title=\"Spotify Embed: Du gamla du fria\" style=\"border-radius: 12px\" width=\"100%\" height=\"352\" frameborder=\"0\" allowfullscreen allow=\"autoplay; clipboard-write; encrypted-media; fullscreen; picture-in-picture\" loading=\"lazy\" src=\"https:\/\/open.spotify.com\/embed\/playlist\/6IwNhTGYRedc5zofoKcIcO?si=N6Y9p1EDTa-Zo92norTK1Q&#038;pt=e9471c368a74e820a836333417785d7c&#038;pi=vgr3jesIThaoD&#038;utm_source=oembed\"><\/iframe><\/p>\n","protected":false},"excerpt":{"rendered":"<p>H\u00e4r hittar du l\u00e4nkar f\u00f6r att \u00f6va din svenska p\u00e5 ett roligt s\u00e4tt! SVT Play Nyheter p\u00e5 l\u00e4tt svenska TV4 Play \u00a0Sveriges radio &nbsp; Svenska spr\u00e5ket &#8211; Youtubekanal Fun swedish &#8211; Youtubekanal NOK Portalen &nbsp;<\/p>\n","protected":false},"author":961,"featured_media":0,"parent":0,"menu_order":0,"comment_status":"closed","ping_status":"closed","template":"","meta":{"footnotes":""},"class_list":["post-44","page","type-page","status-publish","hentry","post-preview"],"_links":{"self":[{"href":"https:\/\/blogg.folkuniversitetet.nu\/carefr\/wp-json\/wp\/v2\/pages\/44","targetHints":{"allow":["GET"]}}],"collection":[{"href":"https:\/\/blogg.folkuniversitetet.nu\/carefr\/wp-json\/wp\/v2\/pages"}],"about":[{"href":"https:\/\/blogg.folkuniversitetet.nu\/carefr\/wp-json\/wp\/v2\/types\/page"}],"author":[{"embeddable":true,"href":"https:\/\/blogg.folkuniversitetet.nu\/carefr\/wp-json\/wp\/v2\/users\/961"}],"replies":[{"embeddable":true,"href":"https:\/\/blogg.folkuniversitetet.nu\/carefr\/wp-json\/wp\/v2\/comments?post=44"}],"version-history":[{"count":8,"href":"https:\/\/blogg.folkuniversitetet.nu\/carefr\/wp-json\/wp\/v2\/pages\/44\/revisions"}],"predecessor-version":[{"id":198,"href":"https:\/\/blogg.folkuniversitetet.nu\/carefr\/wp-json\/wp\/v2\/pages\/44\/revisions\/198"}],"wp:attachment":[{"href":"https:\/\/blogg.folkuniversitetet.nu\/carefr\/wp-json\/wp\/v2\/media?parent=44"}],"curies":[{"name":"wp","href":"https:\/\/api.w.org\/{rel}","templated":true}]}}