{"id":399,"date":"2025-09-17T09:06:07","date_gmt":"2025-09-17T08:06:07","guid":{"rendered":"https:\/\/blogg.folkuniversitetet.nu\/carefr\/?page_id=399"},"modified":"2025-09-20T11:18:22","modified_gmt":"2025-09-20T10:18:22","slug":"a1-del-1-kursvecka-2-4","status":"publish","type":"page","link":"https:\/\/blogg.folkuniversitetet.nu\/carefr\/a1-del-1-kursvecka-2-4\/","title":{"rendered":"A1 del 1 &#8211; Kursvecka #2"},"content":{"rendered":"<h5>Lektion 3<\/h5>\n<p><strong>Anteckningar<\/strong>: <a href=\"https:\/\/drive.google.com\/file\/d\/11fQfoZbBgKPCU7GDaRPJkMjLw7HCSD74\/view?usp=drivesdk\">Lektion 3<\/a><\/p>\n<p><strong>Heml\u00e4xor: TB s.19<\/strong> (F), <strong>s.22<\/strong> &#8211; Fest: l\u00e4s texten och \u00f6vers\u00e4tt de nya ord. <strong>\u00d6va prepositioner<\/strong>: skriv tv\u00e5 meningar med varje preposition, t.ex. &#8221;han kommer <strong>fr\u00e5n<\/strong> Indien&#8221; eller &#8221;vad kommer boken ifr\u00e5n? <strong>Fr\u00e5n<\/strong> biblioteket!&#8221;. Det g\u00e5r ocks\u00e5 bra att skriva en mening med flera prepositioner i, t.ex. &#8221;boken \u00e4r <strong>till<\/strong> dig <strong>fr\u00e5n<\/strong> oss&#8221;. Om ni vill f\u00e5 \u00e5terkopplingar eller har fr\u00e5gor kan ni mejla mig s\u00e5klart!<\/p>\n<p>&nbsp;<\/p>\n<h5>Lektion 4<\/h5>\n<p><strong>Anteckningar<\/strong>: <a href=\"https:\/\/drive.google.com\/file\/d\/13CVlBcpRX7Tk1ZtJtfBFMlHUptHng6iW\/view?usp=drivesdk\">Lektion 4<\/a><\/p>\n<p><strong>Heml\u00e4xor<\/strong>: <strong>TB s.25<\/strong> (F) &#8211; skriv alla substantiv i best\u00e4md form, <strong>s.265<\/strong> &#8211; R\u00e4kneord: memorera alla siffror (grundtal) upp till 12. <strong>\u00d6B s.19<\/strong>, <strong>s.24<\/strong>. <strong>Skriv en kort text<\/strong> om dig sj\u00e4lv d\u00e4r du svarar p\u00e5 fr\u00e5gorna: Vad g\u00f6r du i Sverige? Trivs du? Vad \u00e4r du intresserad av? Vad l\u00e4ngtar du efter? F\u00f6rs\u00f6k anv\u00e4nda alla konjunktioner (men, s\u00e5, och).<\/p>\n<p>Trevlig helg!!<\/p>\n","protected":false},"excerpt":{"rendered":"<p>Lektion 3 Anteckningar: Lektion 3 Heml\u00e4xor: TB s.19 (F), s.22 &#8211; Fest: l\u00e4s texten och \u00f6vers\u00e4tt de nya ord. \u00d6va prepositioner: skriv tv\u00e5 meningar med varje preposition, t.ex. &#8221;han kommer fr\u00e5n Indien&#8221; eller &#8221;vad kommer boken ifr\u00e5n? Fr\u00e5n biblioteket!&#8221;. Det g\u00e5r ocks\u00e5 bra att skriva en mening med flera prepositioner i, t.ex. &#8221;boken \u00e4r till [&hellip;]<\/p>\n","protected":false},"author":961,"featured_media":0,"parent":0,"menu_order":0,"comment_status":"closed","ping_status":"closed","template":"","meta":{"footnotes":""},"class_list":["post-399","page","type-page","status-publish","hentry","post-preview"],"_links":{"self":[{"href":"https:\/\/blogg.folkuniversitetet.nu\/carefr\/wp-json\/wp\/v2\/pages\/399","targetHints":{"allow":["GET"]}}],"collection":[{"href":"https:\/\/blogg.folkuniversitetet.nu\/carefr\/wp-json\/wp\/v2\/pages"}],"about":[{"href":"https:\/\/blogg.folkuniversitetet.nu\/carefr\/wp-json\/wp\/v2\/types\/page"}],"author":[{"embeddable":true,"href":"https:\/\/blogg.folkuniversitetet.nu\/carefr\/wp-json\/wp\/v2\/users\/961"}],"replies":[{"embeddable":true,"href":"https:\/\/blogg.folkuniversitetet.nu\/carefr\/wp-json\/wp\/v2\/comments?post=399"}],"version-history":[{"count":8,"href":"https:\/\/blogg.folkuniversitetet.nu\/carefr\/wp-json\/wp\/v2\/pages\/399\/revisions"}],"predecessor-version":[{"id":412,"href":"https:\/\/blogg.folkuniversitetet.nu\/carefr\/wp-json\/wp\/v2\/pages\/399\/revisions\/412"}],"wp:attachment":[{"href":"https:\/\/blogg.folkuniversitetet.nu\/carefr\/wp-json\/wp\/v2\/media?parent=399"}],"curies":[{"name":"wp","href":"https:\/\/api.w.org\/{rel}","templated":true}]}}