{"id":276,"date":"2025-05-28T08:56:44","date_gmt":"2025-05-28T07:56:44","guid":{"rendered":"https:\/\/blogg.folkuniversitetet.nu\/carefr\/?page_id=276"},"modified":"2025-06-08T08:36:03","modified_gmt":"2025-06-08T07:36:03","slug":"a1-del-2-kursvecka-3","status":"publish","type":"page","link":"https:\/\/blogg.folkuniversitetet.nu\/carefr\/a1-del-2-kursvecka-3\/","title":{"rendered":"A1 del 2 &#8211; Kursvecka #3"},"content":{"rendered":"<h5>Lektion 4<\/h5>\n<p><strong>Anteckningar<\/strong>: <a href=\"http:\/\/blogg.folkuniversitetet.nu\/carefr\/files\/2025\/05\/Note-25-May-2025-2.pdf\">Lektion 4<\/a><\/p>\n<p><strong>Heml\u00e4xor<\/strong>: forts\u00e4tt med adjektivlistan, konjugera dem i ett och pluralform samt hitta motsatsen. \u00d6B s. 63, s. 90, s. 91.<\/p>\n<h5>Lektion 5<\/h5>\n<p><strong>Anteckningar<\/strong>: <a href=\"http:\/\/blogg.folkuniversitetet.nu\/carefr\/files\/2025\/06\/Note-1-Jun-2025.pdf\">Lektion 5<\/a><\/p>\n<p><strong>Heml\u00e4xor<\/strong>: \u00d6B s.103 (B), s.104. Ta inspiration fr\u00e5n Johns &#8221;att g\u00f6ra&#8221; listan (TB s.88) och skriv en lista med dina favoritplatser\/aktiviteter att se\/g\u00f6ra i stan. Ta med dig listan till n\u00e4sta lektion s\u00e5 att ni kan ge tips till varandra!<\/p>\n<p>Trevlig helg \u263a\ufe0f<\/p>\n","protected":false},"excerpt":{"rendered":"<p>Lektion 4 Anteckningar: Lektion 4 Heml\u00e4xor: forts\u00e4tt med adjektivlistan, konjugera dem i ett och pluralform samt hitta motsatsen. \u00d6B s. 63, s. 90, s. 91. Lektion 5 Anteckningar: Lektion 5 Heml\u00e4xor: \u00d6B s.103 (B), s.104. Ta inspiration fr\u00e5n Johns &#8221;att g\u00f6ra&#8221; listan (TB s.88) och skriv en lista med dina favoritplatser\/aktiviteter att se\/g\u00f6ra i stan. [&hellip;]<\/p>\n","protected":false},"author":961,"featured_media":0,"parent":0,"menu_order":0,"comment_status":"closed","ping_status":"closed","template":"","meta":{"footnotes":""},"class_list":["post-276","page","type-page","status-publish","hentry","post-preview"],"_links":{"self":[{"href":"https:\/\/blogg.folkuniversitetet.nu\/carefr\/wp-json\/wp\/v2\/pages\/276","targetHints":{"allow":["GET"]}}],"collection":[{"href":"https:\/\/blogg.folkuniversitetet.nu\/carefr\/wp-json\/wp\/v2\/pages"}],"about":[{"href":"https:\/\/blogg.folkuniversitetet.nu\/carefr\/wp-json\/wp\/v2\/types\/page"}],"author":[{"embeddable":true,"href":"https:\/\/blogg.folkuniversitetet.nu\/carefr\/wp-json\/wp\/v2\/users\/961"}],"replies":[{"embeddable":true,"href":"https:\/\/blogg.folkuniversitetet.nu\/carefr\/wp-json\/wp\/v2\/comments?post=276"}],"version-history":[{"count":5,"href":"https:\/\/blogg.folkuniversitetet.nu\/carefr\/wp-json\/wp\/v2\/pages\/276\/revisions"}],"predecessor-version":[{"id":288,"href":"https:\/\/blogg.folkuniversitetet.nu\/carefr\/wp-json\/wp\/v2\/pages\/276\/revisions\/288"}],"wp:attachment":[{"href":"https:\/\/blogg.folkuniversitetet.nu\/carefr\/wp-json\/wp\/v2\/media?parent=276"}],"curies":[{"name":"wp","href":"https:\/\/api.w.org\/{rel}","templated":true}]}}