{"id":187,"date":"2025-04-16T08:28:29","date_gmt":"2025-04-16T07:28:29","guid":{"rendered":"https:\/\/blogg.folkuniversitetet.nu\/carefr\/?page_id=187"},"modified":"2025-04-22T10:08:52","modified_gmt":"2025-04-22T09:08:52","slug":"a1-del-1-kursvecka-2-2","status":"publish","type":"page","link":"https:\/\/blogg.folkuniversitetet.nu\/carefr\/a1-del-1-kursvecka-2-2\/","title":{"rendered":"A1 del 1 &#8211; Kursvecka #2"},"content":{"rendered":"<h5>Lektion 3<\/h5>\n<p><strong>Anteckningar<\/strong>: <a href=\"http:\/\/blogg.folkuniversitetet.nu\/carefr\/files\/2025\/04\/Lektion-3-1.pdf\">Lektion 3<\/a><\/p>\n<p><strong>Heml\u00e4xor<\/strong>: Repetera dagens lektion! \u00d6B: s.11 (7 och 8), s.14 (repetera kapitlet), s.15. De som vill kan skriva texten i slutet av kapitel 1 (TB s.17) och skicka den till mig innan slutet av n\u00e4sta vecka.<\/p>\n<p>Under &#8221;l\u00e4nkar&#8221; hittar ni direkta l\u00e4nkar till SAOL ordboken och till NOK portalen d\u00e4r ni kan skapa ett konto f\u00f6r att ha Rivstarts extra material och ljudfiler. H\u00e4r hittar ni <a href=\"http:\/\/blogg.folkuniversitetet.nu\/carefr\/files\/2025\/04\/Access-Rivstart-Extramaterial-NY.pdf\">instruktionerna<\/a>!<\/p>\n<p>Glad p\u00e5sk!<\/p>\n","protected":false},"excerpt":{"rendered":"<p>Lektion 3 Anteckningar: Lektion 3 Heml\u00e4xor: Repetera dagens lektion! \u00d6B: s.11 (7 och 8), s.14 (repetera kapitlet), s.15. De som vill kan skriva texten i slutet av kapitel 1 (TB s.17) och skicka den till mig innan slutet av n\u00e4sta vecka. Under &#8221;l\u00e4nkar&#8221; hittar ni direkta l\u00e4nkar till SAOL ordboken och till NOK portalen d\u00e4r [&hellip;]<\/p>\n","protected":false},"author":961,"featured_media":0,"parent":0,"menu_order":0,"comment_status":"closed","ping_status":"closed","template":"","meta":{"footnotes":""},"class_list":["post-187","page","type-page","status-publish","hentry","post-preview"],"_links":{"self":[{"href":"https:\/\/blogg.folkuniversitetet.nu\/carefr\/wp-json\/wp\/v2\/pages\/187","targetHints":{"allow":["GET"]}}],"collection":[{"href":"https:\/\/blogg.folkuniversitetet.nu\/carefr\/wp-json\/wp\/v2\/pages"}],"about":[{"href":"https:\/\/blogg.folkuniversitetet.nu\/carefr\/wp-json\/wp\/v2\/types\/page"}],"author":[{"embeddable":true,"href":"https:\/\/blogg.folkuniversitetet.nu\/carefr\/wp-json\/wp\/v2\/users\/961"}],"replies":[{"embeddable":true,"href":"https:\/\/blogg.folkuniversitetet.nu\/carefr\/wp-json\/wp\/v2\/comments?post=187"}],"version-history":[{"count":5,"href":"https:\/\/blogg.folkuniversitetet.nu\/carefr\/wp-json\/wp\/v2\/pages\/187\/revisions"}],"predecessor-version":[{"id":209,"href":"https:\/\/blogg.folkuniversitetet.nu\/carefr\/wp-json\/wp\/v2\/pages\/187\/revisions\/209"}],"wp:attachment":[{"href":"https:\/\/blogg.folkuniversitetet.nu\/carefr\/wp-json\/wp\/v2\/media?parent=187"}],"curies":[{"name":"wp","href":"https:\/\/api.w.org\/{rel}","templated":true}]}}