{"id":11,"date":"2025-03-02T10:01:11","date_gmt":"2025-03-02T09:01:11","guid":{"rendered":"https:\/\/blogg.folkuniversitetet.nu\/carefr\/?page_id=11"},"modified":"2025-03-03T23:40:10","modified_gmt":"2025-03-03T22:40:10","slug":"vem-ar-francesca","status":"publish","type":"page","link":"https:\/\/blogg.folkuniversitetet.nu\/carefr\/vem-ar-francesca\/","title":{"rendered":"Vem \u00e4r Francesca?"},"content":{"rendered":"<p>Hej allihopa!<\/p>\n<p>Jag heter Francesca, jag kommer fr\u00e5n Sardinien, i Italien, och flyttade till Sverige 2019.<\/p>\n<p>Jag \u00e4r en spr\u00e5knerd med en passion f\u00f6r grammatik! N\u00e4r jag inte pluggar spr\u00e5k \u00e4lskar jag att l\u00e4sa, m\u00e5la med akvereller och spela ukulele. Trots mitt ursprung tycker jag om banan p\u00e5 pizza (men s\u00e4g det inte till n\u00e5gon italiensk myndighet, vill inte f\u00f6rlora mitt pass).<\/p>\n<p>Sverige har l\u00e4rt mig m\u00e5nga saker, bland annat vikten att ta tid f\u00f6r fika, att &#8221;det finns inget d\u00e5ligt v\u00e4der, bara d\u00e5liga kl\u00e4der&#8221; och att det finns ingen b\u00e4ttre dag en den 25:e!<\/p>\n<p>Allt som jag har l\u00e4rt mig vill jag nu dela med er f\u00f6r att jag vet att ingenting \u00e4r om\u00f6jligt, inte ens att prata svenska \ud83d\ude09<\/p>\n","protected":false},"excerpt":{"rendered":"<p>Hej allihopa! Jag heter Francesca, jag kommer fr\u00e5n Sardinien, i Italien, och flyttade till Sverige 2019. Jag \u00e4r en spr\u00e5knerd med en passion f\u00f6r grammatik! N\u00e4r jag inte pluggar spr\u00e5k \u00e4lskar jag att l\u00e4sa, m\u00e5la med akvereller och spela ukulele. Trots mitt ursprung tycker jag om banan p\u00e5 pizza (men s\u00e4g det inte till n\u00e5gon [&hellip;]<\/p>\n","protected":false},"author":107,"featured_media":0,"parent":0,"menu_order":0,"comment_status":"closed","ping_status":"closed","template":"","meta":{"footnotes":""},"class_list":["post-11","page","type-page","status-publish","hentry","post-preview"],"_links":{"self":[{"href":"https:\/\/blogg.folkuniversitetet.nu\/carefr\/wp-json\/wp\/v2\/pages\/11","targetHints":{"allow":["GET"]}}],"collection":[{"href":"https:\/\/blogg.folkuniversitetet.nu\/carefr\/wp-json\/wp\/v2\/pages"}],"about":[{"href":"https:\/\/blogg.folkuniversitetet.nu\/carefr\/wp-json\/wp\/v2\/types\/page"}],"author":[{"embeddable":true,"href":"https:\/\/blogg.folkuniversitetet.nu\/carefr\/wp-json\/wp\/v2\/users\/107"}],"replies":[{"embeddable":true,"href":"https:\/\/blogg.folkuniversitetet.nu\/carefr\/wp-json\/wp\/v2\/comments?post=11"}],"version-history":[{"count":4,"href":"https:\/\/blogg.folkuniversitetet.nu\/carefr\/wp-json\/wp\/v2\/pages\/11\/revisions"}],"predecessor-version":[{"id":52,"href":"https:\/\/blogg.folkuniversitetet.nu\/carefr\/wp-json\/wp\/v2\/pages\/11\/revisions\/52"}],"wp:attachment":[{"href":"https:\/\/blogg.folkuniversitetet.nu\/carefr\/wp-json\/wp\/v2\/media?parent=11"}],"curies":[{"name":"wp","href":"https:\/\/api.w.org\/{rel}","templated":true}]}}