{"id":1931,"date":"2026-02-23T07:35:16","date_gmt":"2026-02-23T06:35:16","guid":{"rendered":"https:\/\/blogg.folkuniversitetet.nu\/boghul\/?page_id=1931"},"modified":"2026-03-25T11:44:23","modified_gmt":"2026-03-25T10:44:23","slug":"a1-del-1-start-23-februari","status":"publish","type":"page","link":"https:\/\/blogg.folkuniversitetet.nu\/boghul\/a1-del-1-start-23-februari\/","title":{"rendered":"A1 DEL 1 START 23 FEBRUARI"},"content":{"rendered":"<h1 style=\"text-align: center\">V\u00e4lkommen till A1 del 1<\/h1>\n<p>H\u00e4r hittar du anteckningar fr\u00e5n v\u00e5ra lektioner och l\u00e4xor. Har du fr\u00e5gor? Mejla till mig: ulrika.boghammar@folkuniversitetet.se<\/p>\n<p><strong>Onsdag 25 mars<\/strong><\/p>\n<p><a href=\"https:\/\/acrobat.adobe.com\/id\/urn:aaid:sc:EU:b0db56f9-6705-45a8-93c4-1e88ff4713e5\">Anteckningar 25 mars<\/a><\/p>\n<p><strong><br \/>\nM\u00e5ndag 23 mars<\/strong><\/p>\n<p>L\u00e4xa:<\/p>\n<ul>\n<li>\u00a0\u00d6vningsboken sida 48-51<\/li>\n<li>Textboken sida 56<\/li>\n<\/ul>\n<p><a href=\"https:\/\/acrobat.adobe.com\/id\/urn:aaid:sc:EU:d6fbe575-23ee-4057-84a8-22ff8905f34d\">Anteckningar 23 mars<\/a><\/p>\n<p><strong><br \/>\nOnsdag 18 mars<\/strong><\/p>\n<p>L\u00e4xa: \u00d6vningsboken sida 42-47<\/p>\n<p><a href=\"https:\/\/acrobat.adobe.com\/id\/urn:aaid:sc:EU:4ef9254a-2cb6-4248-a9be-25bfe0ef657a\">Anteckningar 18 mars<\/a><\/p>\n<p><strong>M\u00e5ndag 16 mars<\/strong><\/p>\n<p>L\u00e4xa:<\/p>\n<ul>\n<li>\u00d6vningsboken sida 30-31 och 34-36<\/li>\n<li>Textboken sida 41<\/li>\n<\/ul>\n<p><a href=\"https:\/\/acrobat.adobe.com\/id\/urn:aaid:sc:EU:a380512d-0d5c-4f0d-b5db-cd2965afa864\">Anteckningar 16 mars<\/a><\/p>\n<p><a href=\"https:\/\/acrobat.adobe.com\/id\/urn:aaid:sc:EU:a575e107-743a-4164-99c3-b5693c808f79\">Anteckningar del 2<\/a><\/p>\n<p><strong>Onsdag 10 mars<\/strong><\/p>\n<p>L\u00e4xa:<\/p>\n<ul>\n<li>\u00a0\u00d6vningsboken sida 28 och 32-33<\/li>\n<li>Textboken sida 34-35. L\u00e4s \u201dRenates dag\u201d<\/li>\n<\/ul>\n<p><a href=\"https:\/\/acrobat.adobe.com\/id\/urn:aaid:sc:EU:8400a26a-82de-4222-b772-151d7e4a6d30\">Anteckningar 11 mars<\/a><\/p>\n<p><strong>M\u00e5ndag 9 mars<\/strong><\/p>\n<p>L\u00e4xa:<\/p>\n<ul>\n<li>\u00a0\u00d6vningsboken sida 20-21 och 26-27<\/li>\n<li>Textboken sida 33<\/li>\n<\/ul>\n<p><a href=\"https:\/\/acrobat.adobe.com\/id\/urn:aaid:sc:EU:7c936812-9466-4e60-bc1e-c42ffef0df07\">Anteckningar 9 mars<\/a><\/p>\n<p><strong>Onsdag 4 mars<\/strong><\/p>\n<p>L\u00e4xa:<\/p>\n<ul>\n<li>\u00a0\u00d6vningsboken sida 19<\/li>\n<li>Textboken sida 27<\/li>\n<\/ul>\n<p><a href=\"https:\/\/acrobat.adobe.com\/id\/urn:aaid:sc:EU:72e09cde-3120-4868-9c95-8968bacd87ea\">Anteckningar 4 mars<\/a><\/p>\n<p><strong>M\u00e5ndag 2 mars\u00a0<\/strong><\/p>\n<p>L\u00e4xa:<\/p>\n<ul>\n<li>\u00d6vningsboken sida 15+17-18<\/li>\n<li>Textboken sida 22. Fest!<\/li>\n<\/ul>\n<p><a href=\"https:\/\/acrobat.adobe.com\/id\/urn:aaid:sc:EU:3dfebac5-92c1-4671-99bd-4221a8e0a2e9\">Anteckningar 2 mars<\/a><\/p>\n<p><strong>Onsdag 25 februari\u00a0<\/strong><\/p>\n<p>L\u00e4xa:<\/p>\n<ul>\n<li>\u00d6vningsboken sida 9-10<\/li>\n<li>Textboken sida 17: skriv! Om du vill<\/li>\n<\/ul>\n<p><a href=\"https:\/\/acrobat.adobe.com\/id\/urn:aaid:sc:EU:aa0e1473-65f8-451d-b73f-46ebf9ae6234\">Anteckningar 25 februari <\/a><\/p>\n<p>&nbsp;<\/p>\n<p>M\u00e5ndag 23 februari<\/p>\n<p>L\u00e4xa:<\/p>\n<ul>\n<li>\u00d6vningsboken sida 6-8<\/li>\n<li>Textboken sida 16: Fr\u00e5ga l\u00e4raren. L\u00e4s dialogerna och \u00f6vers\u00e4tt fraserna.<\/li>\n<\/ul>\n<p><a href=\"https:\/\/acrobat.adobe.com\/id\/urn:aaid:sc:EU:4751516b-d099-4932-8b2c-eb1d985706a8\">Anteckningar 23 februari <\/a><\/p>\n<p>&nbsp;<\/p>\n","protected":false},"excerpt":{"rendered":"<p>V\u00e4lkommen till A1 del 1 H\u00e4r hittar du anteckningar fr\u00e5n v\u00e5ra lektioner och l\u00e4xor. Har du fr\u00e5gor? Mejla till mig: ulrika.boghammar@folkuniversitetet.se Onsdag 25 mars Anteckningar 25 mars M\u00e5ndag 23 mars L\u00e4xa: \u00a0\u00d6vningsboken sida 48-51 Textboken sida 56 Anteckningar 23 mars Onsdag 18 mars L\u00e4xa: \u00d6vningsboken sida 42-47 Anteckningar 18 mars M\u00e5ndag 16 mars L\u00e4xa: \u00d6vningsboken [&hellip;]<\/p>\n","protected":false},"author":877,"featured_media":0,"parent":0,"menu_order":0,"comment_status":"closed","ping_status":"closed","template":"","meta":{"footnotes":""},"class_list":["post-1931","page","type-page","status-publish","hentry","post-preview"],"_links":{"self":[{"href":"https:\/\/blogg.folkuniversitetet.nu\/boghul\/wp-json\/wp\/v2\/pages\/1931","targetHints":{"allow":["GET"]}}],"collection":[{"href":"https:\/\/blogg.folkuniversitetet.nu\/boghul\/wp-json\/wp\/v2\/pages"}],"about":[{"href":"https:\/\/blogg.folkuniversitetet.nu\/boghul\/wp-json\/wp\/v2\/types\/page"}],"author":[{"embeddable":true,"href":"https:\/\/blogg.folkuniversitetet.nu\/boghul\/wp-json\/wp\/v2\/users\/877"}],"replies":[{"embeddable":true,"href":"https:\/\/blogg.folkuniversitetet.nu\/boghul\/wp-json\/wp\/v2\/comments?post=1931"}],"version-history":[{"count":19,"href":"https:\/\/blogg.folkuniversitetet.nu\/boghul\/wp-json\/wp\/v2\/pages\/1931\/revisions"}],"predecessor-version":[{"id":1963,"href":"https:\/\/blogg.folkuniversitetet.nu\/boghul\/wp-json\/wp\/v2\/pages\/1931\/revisions\/1963"}],"wp:attachment":[{"href":"https:\/\/blogg.folkuniversitetet.nu\/boghul\/wp-json\/wp\/v2\/media?parent=1931"}],"curies":[{"name":"wp","href":"https:\/\/api.w.org\/{rel}","templated":true}]}}