{"id":38,"date":"2026-04-15T08:40:27","date_gmt":"2026-04-15T07:40:27","guid":{"rendered":"https:\/\/blogg.folkuniversitetet.nu\/bjarfr\/?page_id=38"},"modified":"2026-04-16T08:12:23","modified_gmt":"2026-04-16T07:12:23","slug":"svenska-b2-del-1-onsdagar","status":"publish","type":"page","link":"https:\/\/blogg.folkuniversitetet.nu\/bjarfr\/svenska-b2-del-1-onsdagar\/","title":{"rendered":"Svenska B2+ del 1 onsdagar"},"content":{"rendered":"<h1>Lektion 1 (den 15 april)<\/h1>\n<h3>Lektionens inneh\u00e5ll:<\/h3>\n<ul>\n<li>Kursinformation<\/li>\n<li>Tema: relationer<\/li>\n<li>Adjektivb\u00f6jning<\/li>\n<\/ul>\n<h3>L\u00e4xa till n\u00e4sta vecka:<\/h3>\n<ul>\n<li>L\u00e4s dikterna av Karin Boye i textboken.<\/li>\n<li>G\u00f6r uppgift 1 och 2 i kapitel 5 i \u00f6vningsboken.<\/li>\n<li>Se ett avsnitt av en svensk tv-serie, till exempel p\u00e5 SVT Play. F\u00f6rbered dig p\u00e5 att ber\u00e4tta om serien p\u00e5 n\u00e4sta lektion.<\/li>\n<\/ul>\n<p>Lyssningstips! Spr\u00e5ket i P1 om relationer: <a href=\"https:\/\/www.sverigesradio.se\/avsnitt\/vi-har-blivit-battre-pa-att-saga-jag-alskar-dig\">Vi har blivit b\u00e4ttre p\u00e5 att s\u00e4ga \u201dJag \u00e4lskar dig\u201d | Spr\u00e5ket | Sveriges Radio<\/a><\/p>\n","protected":false},"excerpt":{"rendered":"<p>Lektion 1 (den 15 april) Lektionens inneh\u00e5ll: Kursinformation Tema: relationer Adjektivb\u00f6jning L\u00e4xa till n\u00e4sta vecka: L\u00e4s dikterna av Karin Boye i textboken. G\u00f6r uppgift 1 och 2 i kapitel 5 i \u00f6vningsboken. Se ett avsnitt av en svensk tv-serie, till exempel p\u00e5 SVT Play. F\u00f6rbered dig p\u00e5 att ber\u00e4tta om serien p\u00e5 n\u00e4sta lektion. Lyssningstips! [&hellip;]<\/p>\n","protected":false},"author":989,"featured_media":0,"parent":0,"menu_order":0,"comment_status":"closed","ping_status":"closed","template":"","meta":{"footnotes":""},"class_list":["post-38","page","type-page","status-publish","hentry","post-preview"],"_links":{"self":[{"href":"https:\/\/blogg.folkuniversitetet.nu\/bjarfr\/wp-json\/wp\/v2\/pages\/38","targetHints":{"allow":["GET"]}}],"collection":[{"href":"https:\/\/blogg.folkuniversitetet.nu\/bjarfr\/wp-json\/wp\/v2\/pages"}],"about":[{"href":"https:\/\/blogg.folkuniversitetet.nu\/bjarfr\/wp-json\/wp\/v2\/types\/page"}],"author":[{"embeddable":true,"href":"https:\/\/blogg.folkuniversitetet.nu\/bjarfr\/wp-json\/wp\/v2\/users\/989"}],"replies":[{"embeddable":true,"href":"https:\/\/blogg.folkuniversitetet.nu\/bjarfr\/wp-json\/wp\/v2\/comments?post=38"}],"version-history":[{"count":4,"href":"https:\/\/blogg.folkuniversitetet.nu\/bjarfr\/wp-json\/wp\/v2\/pages\/38\/revisions"}],"predecessor-version":[{"id":43,"href":"https:\/\/blogg.folkuniversitetet.nu\/bjarfr\/wp-json\/wp\/v2\/pages\/38\/revisions\/43"}],"wp:attachment":[{"href":"https:\/\/blogg.folkuniversitetet.nu\/bjarfr\/wp-json\/wp\/v2\/media?parent=38"}],"curies":[{"name":"wp","href":"https:\/\/api.w.org\/{rel}","templated":true}]}}