{"id":74,"date":"2020-03-27T15:16:35","date_gmt":"2020-03-27T14:16:35","guid":{"rendered":"http:\/\/blogg.folkuniversitetet.nu\/birnju\/?page_id=74"},"modified":"2020-03-27T15:16:35","modified_gmt":"2020-03-27T14:16:35","slug":"islandska-a1-del-1-v-6","status":"publish","type":"page","link":"https:\/\/blogg.folkuniversitetet.nu\/birnju\/islandska-a1-del-1-v-6\/","title":{"rendered":"Isl\u00e4ndska A1 del 1 &#8211; v. 6"},"content":{"rendered":"<p>H\u00e4r hittar ni ppt f\u00f6r v\u00e5ran sj\u00e4tte lektion.<\/p>\n<p>Vi kommer att k\u00f6ra den via Zoom, ett program f\u00f6r distansm\u00f6ten. (Tydligare information ang. Zoom f\u00e5r ni via mejl fr\u00e5n b\u00e5de mig och \u00e4ven \u00c5sa Klum, \u00e4mnesansvarig p\u00e5 Folkuniversitetet).<\/p>\n<p><a href=\"http:\/\/blogg.folkuniversitetet.nu\/birnju\/files\/2020\/03\/Sj\u00e4tte-lektion.pdf\">Sj\u00e4tte lektion<\/a><\/p>\n","protected":false},"excerpt":{"rendered":"<p>H\u00e4r hittar ni ppt f\u00f6r v\u00e5ran sj\u00e4tte lektion. Vi kommer att k\u00f6ra den via Zoom, ett program f\u00f6r distansm\u00f6ten. (Tydligare information ang. Zoom f\u00e5r ni via mejl fr\u00e5n b\u00e5de mig och \u00e4ven \u00c5sa Klum, \u00e4mnesansvarig p\u00e5 Folkuniversitetet). Sj\u00e4tte lektion<\/p>\n","protected":false},"author":811,"featured_media":0,"parent":0,"menu_order":0,"comment_status":"closed","ping_status":"closed","template":"","meta":{"footnotes":""},"class_list":["post-74","page","type-page","status-publish","hentry"],"_links":{"self":[{"href":"https:\/\/blogg.folkuniversitetet.nu\/birnju\/wp-json\/wp\/v2\/pages\/74","targetHints":{"allow":["GET"]}}],"collection":[{"href":"https:\/\/blogg.folkuniversitetet.nu\/birnju\/wp-json\/wp\/v2\/pages"}],"about":[{"href":"https:\/\/blogg.folkuniversitetet.nu\/birnju\/wp-json\/wp\/v2\/types\/page"}],"author":[{"embeddable":true,"href":"https:\/\/blogg.folkuniversitetet.nu\/birnju\/wp-json\/wp\/v2\/users\/811"}],"replies":[{"embeddable":true,"href":"https:\/\/blogg.folkuniversitetet.nu\/birnju\/wp-json\/wp\/v2\/comments?post=74"}],"version-history":[{"count":1,"href":"https:\/\/blogg.folkuniversitetet.nu\/birnju\/wp-json\/wp\/v2\/pages\/74\/revisions"}],"predecessor-version":[{"id":77,"href":"https:\/\/blogg.folkuniversitetet.nu\/birnju\/wp-json\/wp\/v2\/pages\/74\/revisions\/77"}],"wp:attachment":[{"href":"https:\/\/blogg.folkuniversitetet.nu\/birnju\/wp-json\/wp\/v2\/media?parent=74"}],"curies":[{"name":"wp","href":"https:\/\/api.w.org\/{rel}","templated":true}]}}