{"id":518,"date":"2023-09-12T17:28:32","date_gmt":"2023-09-12T15:28:32","guid":{"rendered":"https:\/\/blogg.folkuniversitetet.nu\/bergli\/?page_id=518"},"modified":"2026-03-05T15:32:29","modified_gmt":"2026-03-05T14:32:29","slug":"a1-extraintensiv-december","status":"publish","type":"page","link":"https:\/\/blogg.folkuniversitetet.nu\/bergli\/a1-extraintensiv-december\/","title":{"rendered":"Extraintensiv A1 &#8211; December"},"content":{"rendered":"<h1 style=\"text-align: center\">Vecka 1<\/h1>\n<h1>M\u00e5ndag 8\/12<\/h1>\n<h2><a href=\"https:\/\/blogg.folkuniversitetet.nu\/schepa\/\">(p\u00e5 Paulas blogg!)<\/a><\/h2>\n<p><a href=\"http:\/\/blogg.folkuniversitetet.nu\/bergli\/files\/2026\/02\/Textboken-sidan-129.pdf\">Textboken sidan 129<\/a><\/p>\n<h1>Tisdag 9\/12<\/h1>\n<h2>Anteckningar<\/h2>\n<p><a href=\"http:\/\/blogg.folkuniversitetet.nu\/bergli\/files\/2025\/12\/A1_Kapitel-2-Kopia-3.pdf\">A1_Kapitel 2 Kopia (3)<\/a><\/p>\n<p><a href=\"http:\/\/blogg.folkuniversitetet.nu\/bergli\/files\/2025\/12\/Anteckning-9-dec.-2025-2.pdf\">Anteckning 9 dec. 2025 (2)<\/a><\/p>\n<p><a href=\"http:\/\/blogg.folkuniversitetet.nu\/bergli\/files\/2025\/12\/Anteckning-9-dec.-2025.pdf\">Anteckning 9 dec. 2025<\/a><\/p>\n<p><a href=\"http:\/\/blogg.folkuniversitetet.nu\/bergli\/files\/2025\/12\/Anteckning-10-apr.-2025-Kopia-2.pdf\">Anteckning 10 apr. 2025 Kopia (2)<\/a><\/p>\n<p><a href=\"http:\/\/blogg.folkuniversitetet.nu\/bergli\/files\/2025\/12\/Vok.pdf\">Vokalerna<\/a><\/p>\n<p><a href=\"http:\/\/blogg.folkuniversitetet.nu\/bergli\/files\/2025\/12\/Plural-simmare-Kopia.pdf\">O.b.f och B.f singular<\/a><\/p>\n<h2>L\u00e4xa<\/h2>\n<p>\u00d6vningsboken s. 23 och 38 (11). Textboken s. 34-35. L\u00e4s Renates dag och kontrollera orden.<\/p>\n<h1 style=\"text-align: center\"><\/h1>\n<h1>Onsdag 10\/12<\/h1>\n<h2>Anteckningar<\/h2>\n<p><a href=\"http:\/\/blogg.folkuniversitetet.nu\/bergli\/files\/2025\/12\/Anteckning-10-dec-2025-.pdf\">Anteckning 10 dec 2025<\/a><\/p>\n<p><a href=\"http:\/\/blogg.folkuniversitetet.nu\/bergli\/files\/2025\/12\/Ordfoljd2.pdf\">Ordf\u00f6ljd<\/a><a href=\"http:\/\/blogg.folkuniversitetet.nu\/bergli\/files\/2025\/12\/Ordfoljd2.pdf\">2<\/a><\/p>\n<p><a href=\"http:\/\/blogg.folkuniversitetet.nu\/bergli\/files\/2025\/12\/Alfabetet1.pdf\">Alfa<\/a><a href=\"http:\/\/blogg.folkuniversitetet.nu\/bergli\/files\/2025\/12\/Alfabetet1.pdf\">betet1<\/a><\/p>\n<p><a href=\"http:\/\/blogg.folkuniversitetet.nu\/bergli\/files\/2025\/12\/Ordfoljd-2.pdf\">Ordf\u00f6ljd 2<\/a><\/p>\n<p><a href=\"http:\/\/blogg.folkuniversitetet.nu\/bergli\/files\/2025\/12\/A1_Kapitel-3-2.pdf\">A1_Kapitel 3 2<\/a><\/p>\n<p><a href=\"http:\/\/blogg.folkuniversitetet.nu\/bergli\/files\/2025\/12\/A1_Kapitel-3-1.pdf\">A1_Kapitel 3 1<\/a><\/p>\n<p><a href=\"http:\/\/blogg.folkuniversitetet.nu\/bergli\/files\/2025\/12\/Anteckning-10-dec.-2025-2.pdf\">Anteckning<\/a><\/p>\n<p><a href=\"http:\/\/blogg.folkuniversitetet.nu\/bergli\/files\/2025\/12\/Anteckning-10-dec.-2025-2.pdf\"> 10 dec. 2025 (2)<\/a><\/p>\n<h2>L\u00e4xa<\/h2>\n<p>\u00d6vningsboken s. 26 (1), 28, 35-36, 37 (10), (38-39 (12)). Kontrollera ordkorten f\u00f6r kapitel 3.<\/p>\n<h1>Torsdag 11\/12<\/h1>\n<h2><a href=\"https:\/\/blogg.folkuniversitetet.nu\/schepa\/\">(p\u00e5 Paulas blogg!)<\/a><\/h2>\n<p>&nbsp;<\/p>\n<h1>Fredag 12\/12<\/h1>\n<h2>Anteckningar<\/h2>\n<p><a href=\"http:\/\/blogg.folkuniversitetet.nu\/bergli\/files\/2025\/12\/Substantivets-former.pdf\">Substantivets former<\/a><\/p>\n<p><a href=\"http:\/\/blogg.folkuniversitetet.nu\/bergli\/files\/2025\/12\/Var-ar-det-langa-ljudet.pdf\">Var \u00e4r det l\u00e5nga ljudet<\/a><\/p>\n<p><a href=\"http:\/\/blogg.folkuniversitetet.nu\/bergli\/files\/2025\/12\/A1_Kapitel-5.pdf\">A1_Kapitel 5<\/a><\/p>\n<p><a href=\"http:\/\/blogg.folkuniversitetet.nu\/bergli\/files\/2025\/12\/Hjalpverb-i-satsschemat.pdf\">Hj\u00e4lpverb i satsschemat<\/a><\/p>\n<p><a href=\"http:\/\/blogg.folkuniversitetet.nu\/bergli\/files\/2025\/12\/Repetition-av-infinitiv-och-hjalpverb.pdf\">Repetition av infinitiv och hj\u00e4lpverb<\/a><\/p>\n<p><a href=\"http:\/\/blogg.folkuniversitetet.nu\/bergli\/files\/2025\/12\/Frekvens-i-satsschemat.pdf\">Frekvens i satsschemat<\/a><\/p>\n<p>&nbsp;<\/p>\n<h2>L\u00e4xa<\/h2>\n<p>\u00d6va p\u00e5 substantivets former och g\u00f6r framstegstestet om du har energi. Linnea mejlar.<\/p>\n<p>\u00d6vningsboken: s. 58 (B), 60, 64, 67.<\/p>\n<p>Repetera f\u00f6rsta veckan.<\/p>\n<h1 style=\"text-align: center\">Vecka 2<\/h1>\n<h1 style=\"text-align: center\"><\/h1>\n<h1>M\u00e5ndag 15\/12<\/h1>\n<h2><a href=\"https:\/\/blogg.folkuniversitetet.nu\/schepa\/\">(p\u00e5 Paulas blogg!)<\/a><\/h2>\n<p>&nbsp;<\/p>\n<p>&nbsp;<\/p>\n<h1>Tisdag 16\/12<\/h1>\n<h2><a href=\"https:\/\/blogg.folkuniversitetet.nu\/schepa\/\">(p\u00e5 Paulas blogg!)<\/a><\/h2>\n<p>&nbsp;<\/p>\n<h1 style=\"text-align: center\"><\/h1>\n<h1>Onsdag 17\/12<\/h1>\n<h2>Anteckningar<\/h2>\n<p><a href=\"http:\/\/blogg.folkuniversitetet.nu\/bergli\/files\/2025\/12\/B.f.-Plural-summering.pdf\">B.f. Plural summering<\/a><\/p>\n<p><a href=\"http:\/\/blogg.folkuniversitetet.nu\/bergli\/files\/2025\/12\/Anteckning-17-dec.-2025.pdf\">Anteckning 17 dec. 2025<\/a><\/p>\n<p><a href=\"http:\/\/blogg.folkuniversitetet.nu\/bergli\/files\/2025\/12\/Kap-8.1.pdf\">Kap 8.1<\/a><\/p>\n<p><a href=\"http:\/\/blogg.folkuniversitetet.nu\/bergli\/files\/2025\/12\/Kap.7.pdf\">Kap.7<\/a><\/p>\n<h2>L\u00e4xa<\/h2>\n<p><a href=\"http:\/\/blogg.folkuniversitetet.nu\/bergli\/files\/2025\/12\/Laxa-17-dec.-2025.pdf\">L\u00e4xa 17 dec. 2025<\/a><\/p>\n<h1>Torsdag 18\/12<\/h1>\n<h2>Anteckningar<\/h2>\n<p><a href=\"http:\/\/blogg.folkuniversitetet.nu\/bergli\/files\/2025\/12\/Kapitel-8-tb.pdf\">Kapitel 8 tb<\/a><\/p>\n<p><a href=\"http:\/\/blogg.folkuniversitetet.nu\/bergli\/files\/2025\/12\/Presens-perfekt-18-dec.pdf\">Presens perfekt 18 dec<\/a><\/p>\n<h2>L\u00e4xa<\/h2>\n<p>\u00d6vningsboken s, 102-103, 106-107 (5), 108-109). Om du hinner och orkar: 110-112.<\/p>\n<h1>Fredag 19\/12<\/h1>\n<h2>Anteckningar<\/h2>\n<p><a href=\"http:\/\/blogg.folkuniversitetet.nu\/bergli\/files\/2025\/12\/9.3.pdf\">9.3<\/a><\/p>\n<p><a href=\"http:\/\/blogg.folkuniversitetet.nu\/bergli\/files\/2025\/12\/Tb-9.1.pdf\">Tb 9.1<\/a><\/p>\n<p><a href=\"http:\/\/blogg.folkuniversitetet.nu\/bergli\/files\/2025\/12\/Tb-9.2.pdf\">Tb 9.2<\/a><\/p>\n<p><a href=\"http:\/\/blogg.folkuniversitetet.nu\/bergli\/files\/2025\/12\/Anteckning-19-dec.-2025.pdf\">Anteckning 19 dec. 2025<\/a><\/p>\n","protected":false},"excerpt":{"rendered":"<p>Vecka 1 M\u00e5ndag 8\/12 (p\u00e5 Paulas blogg!) Textboken sidan 129 Tisdag 9\/12 Anteckningar A1_Kapitel 2 Kopia (3) Anteckning 9 dec. 2025 (2) Anteckning 9 dec. 2025 Anteckning 10 apr. 2025 Kopia (2) Vokalerna O.b.f och B.f singular L\u00e4xa \u00d6vningsboken s. 23 och 38 (11). Textboken s. 34-35. L\u00e4s Renates dag och kontrollera orden. Onsdag 10\/12 [&hellip;]<\/p>\n","protected":false},"author":891,"featured_media":0,"parent":0,"menu_order":0,"comment_status":"closed","ping_status":"closed","template":"","meta":{"footnotes":""},"class_list":["post-518","page","type-page","status-publish","hentry","post-preview"],"_links":{"self":[{"href":"https:\/\/blogg.folkuniversitetet.nu\/bergli\/wp-json\/wp\/v2\/pages\/518","targetHints":{"allow":["GET"]}}],"collection":[{"href":"https:\/\/blogg.folkuniversitetet.nu\/bergli\/wp-json\/wp\/v2\/pages"}],"about":[{"href":"https:\/\/blogg.folkuniversitetet.nu\/bergli\/wp-json\/wp\/v2\/types\/page"}],"author":[{"embeddable":true,"href":"https:\/\/blogg.folkuniversitetet.nu\/bergli\/wp-json\/wp\/v2\/users\/891"}],"replies":[{"embeddable":true,"href":"https:\/\/blogg.folkuniversitetet.nu\/bergli\/wp-json\/wp\/v2\/comments?post=518"}],"version-history":[{"count":116,"href":"https:\/\/blogg.folkuniversitetet.nu\/bergli\/wp-json\/wp\/v2\/pages\/518\/revisions"}],"predecessor-version":[{"id":1876,"href":"https:\/\/blogg.folkuniversitetet.nu\/bergli\/wp-json\/wp\/v2\/pages\/518\/revisions\/1876"}],"wp:attachment":[{"href":"https:\/\/blogg.folkuniversitetet.nu\/bergli\/wp-json\/wp\/v2\/media?parent=518"}],"curies":[{"name":"wp","href":"https:\/\/api.w.org\/{rel}","templated":true}]}}