{"id":399,"date":"2023-04-20T15:12:08","date_gmt":"2023-04-20T13:12:08","guid":{"rendered":"https:\/\/blogg.folkuniversitetet.nu\/bergli\/?page_id=399"},"modified":"2023-04-20T15:12:08","modified_gmt":"2023-04-20T13:12:08","slug":"rivstart","status":"publish","type":"page","link":"https:\/\/blogg.folkuniversitetet.nu\/bergli\/rivstart\/","title":{"rendered":"Rivstart"},"content":{"rendered":"<p><a href=\"https:\/\/digital.nok.se\/web\/site-709522\/state-jurdcojshera\/front-page\">L\u00e4nk till Rivstarts facit, ljudklipp och extramaterial<\/a><\/p>\n<p>Du beh\u00f6ver skapa en anv\u00e4ndare men materialet \u00e4r gratis.<\/p>\n<p><em>You need to create an account to access the free material.\u00a0<\/em><\/p>\n","protected":false},"excerpt":{"rendered":"<p>L\u00e4nk till Rivstarts facit, ljudklipp och extramaterial Du beh\u00f6ver skapa en anv\u00e4ndare men materialet \u00e4r gratis. You need to create an account to access the free material.\u00a0<\/p>\n","protected":false},"author":891,"featured_media":0,"parent":0,"menu_order":0,"comment_status":"closed","ping_status":"closed","template":"","meta":{"footnotes":""},"class_list":["post-399","page","type-page","status-publish","hentry","post-preview"],"_links":{"self":[{"href":"https:\/\/blogg.folkuniversitetet.nu\/bergli\/wp-json\/wp\/v2\/pages\/399","targetHints":{"allow":["GET"]}}],"collection":[{"href":"https:\/\/blogg.folkuniversitetet.nu\/bergli\/wp-json\/wp\/v2\/pages"}],"about":[{"href":"https:\/\/blogg.folkuniversitetet.nu\/bergli\/wp-json\/wp\/v2\/types\/page"}],"author":[{"embeddable":true,"href":"https:\/\/blogg.folkuniversitetet.nu\/bergli\/wp-json\/wp\/v2\/users\/891"}],"replies":[{"embeddable":true,"href":"https:\/\/blogg.folkuniversitetet.nu\/bergli\/wp-json\/wp\/v2\/comments?post=399"}],"version-history":[{"count":1,"href":"https:\/\/blogg.folkuniversitetet.nu\/bergli\/wp-json\/wp\/v2\/pages\/399\/revisions"}],"predecessor-version":[{"id":401,"href":"https:\/\/blogg.folkuniversitetet.nu\/bergli\/wp-json\/wp\/v2\/pages\/399\/revisions\/401"}],"wp:attachment":[{"href":"https:\/\/blogg.folkuniversitetet.nu\/bergli\/wp-json\/wp\/v2\/media?parent=399"}],"curies":[{"name":"wp","href":"https:\/\/api.w.org\/{rel}","templated":true}]}}