{"id":386,"date":"2023-04-20T15:05:36","date_gmt":"2023-04-20T13:05:36","guid":{"rendered":"https:\/\/blogg.folkuniversitetet.nu\/bergli\/?page_id=386"},"modified":"2023-05-10T14:42:48","modified_gmt":"2023-05-10T12:42:48","slug":"kursvecka-4-a1-del-2","status":"publish","type":"page","link":"https:\/\/blogg.folkuniversitetet.nu\/bergli\/kursvecka-4-a1-del-2\/","title":{"rendered":"Kursvecka 4 (A1 Del 2)"},"content":{"rendered":"<h2>Hemma\/Hem<\/h2>\n<p class=\"p1\">Jag \u00e4r hemma (position).<\/p>\n<p class=\"p1\">Jag \u00e5ker hem (destination)<\/p>\n<p>&nbsp;<\/p>\n<h2>Mer hj\u00e4lpverb (+ infinitiv)<\/h2>\n<p class=\"p1\"><span style=\"text-decoration: underline\">Borde<\/span><\/p>\n<p>&#8221;Borde&#8221; betyder &#8221;should&#8221;<\/p>\n<p>&#8221;Borde inte&#8221; betyder &#8221;shouldn&#8217;t&#8221;<\/p>\n<ul>\n<li>Jag <em>borde<\/em> <strong>st\u00e4da<\/strong> l\u00e4genheten, men jag <em>orkar<\/em> inte <strong>st\u00e4da<\/strong>\u2026<\/li>\n<li>Jag <em>borde<\/em> inte prata engelska p\u00e5 jobbet. Jag borde \u00f6va (<em>praktisera<\/em>) svenska&#8230;<\/li>\n<\/ul>\n<p class=\"p1\"><span style=\"text-decoration: underline\">F\u00e5r<\/span><\/p>\n<p>&#8221;F\u00e5r&#8221; betyder &#8221;be allowed to&#8221;<\/p>\n<p>&#8221;F\u00e5r inte&#8221; betyder &#8221;not allowed&#8221;<\/p>\n<ul>\n<li>Jag <em>f\u00e5r<\/em> inte <strong>r\u00f6ka<\/strong> inomhus.<\/li>\n<li>Jag <em>f\u00e5r<\/em> <strong>parkera<\/strong> h\u00e4r.<\/li>\n<\/ul>\n<p class=\"p1\"><span style=\"text-decoration: underline\">M\u00e5ste<\/span><\/p>\n<ul>\n<li>Jag <em>m\u00e5ste<\/em> <strong>h\u00e4mta<\/strong> barnen nu.<\/li>\n<\/ul>\n<p><span style=\"text-decoration: underline\">Beh\u00f6ver<\/span><\/p>\n<ul>\n<li>Jag <em>beh\u00f6ver<\/em> inte <strong>jobba<\/strong> idag, men jag kan om jag vill<em> (&#8221;I don&#8217;t need to work today, but I can if I want to&#8221;).\u00a0<\/em><\/li>\n<\/ul>\n<p>! M\u00e5ste (&#8221;must&#8221;) och beh\u00f6ver (&#8221;need to&#8221;) can often be used interchangeably, but &#8221;m\u00e5ste&#8221; is more forceful than &#8221;beh\u00f6ver&#8221;. With &#8221;m\u00e5ste&#8221;, you have no other option but to do the thing you <em>must<\/em> do.<\/p>\n<p class=\"p1\"><span style=\"text-decoration: underline\">Hinner<\/span><\/p>\n<p>&#8221;Jag hinner&#8221; betyder &#8221;Jag har tid&#8221;<\/p>\n<p>&#8221;Jag hinner inte&#8221; betyder &#8221;Jag har inte tid&#8221;<\/p>\n<ul>\n<li>Jag <em>hinner<\/em> inte <strong>\u00e5ka<\/strong> hem efter jobbet. Jobbet slutar klockan 17.45 och min lektion b\u00f6rjar 18.00! Jag <em>m\u00e5ste<\/em> <strong>\u00e5ka<\/strong> direkt fr\u00e5n jobbet till Folkuniversitetet.<\/li>\n<\/ul>\n<p class=\"p1\"><span style=\"text-decoration: underline\">Orkar\u00a0<\/span><\/p>\n<p>&#8221;Jag orkar&#8221; betyder &#8221;Jag har energi&#8221;<\/p>\n<p>&#8221;Jag orkar inte&#8221; betyder &#8221;Jag har inte energi&#8221;<\/p>\n<ul>\n<li>Jag <em>orkar<\/em> inte <strong>studera<\/strong> svenska idag. Jag \u00e4r s\u00e5 tr\u00f6tt!<\/li>\n<\/ul>\n<p class=\"p1\">\n<p>&nbsp;<\/p>\n","protected":false},"excerpt":{"rendered":"<p>Hemma\/Hem Jag \u00e4r hemma (position). Jag \u00e5ker hem (destination) &nbsp; Mer hj\u00e4lpverb (+ infinitiv) Borde &#8221;Borde&#8221; betyder &#8221;should&#8221; &#8221;Borde inte&#8221; betyder &#8221;shouldn&#8217;t&#8221; Jag borde st\u00e4da l\u00e4genheten, men jag orkar inte st\u00e4da\u2026 Jag borde inte prata engelska p\u00e5 jobbet. Jag borde \u00f6va (praktisera) svenska&#8230; F\u00e5r &#8221;F\u00e5r&#8221; betyder &#8221;be allowed to&#8221; &#8221;F\u00e5r inte&#8221; betyder &#8221;not allowed&#8221; Jag [&hellip;]<\/p>\n","protected":false},"author":891,"featured_media":0,"parent":0,"menu_order":0,"comment_status":"closed","ping_status":"closed","template":"","meta":{"footnotes":""},"class_list":["post-386","page","type-page","status-publish","hentry","post-preview"],"_links":{"self":[{"href":"https:\/\/blogg.folkuniversitetet.nu\/bergli\/wp-json\/wp\/v2\/pages\/386","targetHints":{"allow":["GET"]}}],"collection":[{"href":"https:\/\/blogg.folkuniversitetet.nu\/bergli\/wp-json\/wp\/v2\/pages"}],"about":[{"href":"https:\/\/blogg.folkuniversitetet.nu\/bergli\/wp-json\/wp\/v2\/types\/page"}],"author":[{"embeddable":true,"href":"https:\/\/blogg.folkuniversitetet.nu\/bergli\/wp-json\/wp\/v2\/users\/891"}],"replies":[{"embeddable":true,"href":"https:\/\/blogg.folkuniversitetet.nu\/bergli\/wp-json\/wp\/v2\/comments?post=386"}],"version-history":[{"count":4,"href":"https:\/\/blogg.folkuniversitetet.nu\/bergli\/wp-json\/wp\/v2\/pages\/386\/revisions"}],"predecessor-version":[{"id":430,"href":"https:\/\/blogg.folkuniversitetet.nu\/bergli\/wp-json\/wp\/v2\/pages\/386\/revisions\/430"}],"wp:attachment":[{"href":"https:\/\/blogg.folkuniversitetet.nu\/bergli\/wp-json\/wp\/v2\/media?parent=386"}],"curies":[{"name":"wp","href":"https:\/\/api.w.org\/{rel}","templated":true}]}}